{"id":330,"date":"2015-05-19T08:05:16","date_gmt":"2015-05-19T12:05:16","guid":{"rendered":"\/clg-beausejour\/?page_id=330"},"modified":"2015-07-01T11:18:20","modified_gmt":"2015-07-01T15:18:20","slug":"mathematiques","status":"publish","type":"page","link":"https:\/\/site.ac-martinique.fr\/clg-beausejour\/?page_id=330","title":{"rendered":"Math\u00e9matiques"},"content":{"rendered":"<p>Cliquer sur les liens suivants pour acc\u00e9der aux diff\u00e9rents contenus de la section math\u00e9matiques<\/p>\n<p>\u25ca <span style=\"text-decoration: underline;\"><a href=\"\/clg-beausejour\/?page_id=664\">Liste du mat\u00e9riel scolaire en math\u00e9matiques<\/a><\/span><\/p>\n<p>\u25ca <span style=\"text-decoration: underline;\">Progressions<\/span> (ce que vous allez apprendre au cours de l&rsquo;ann\u00e9e) :<\/p>\n<p style=\"text-align: center;\"><a href=\"\/clg-beausejour\/wp-content\/uploads\/sites\/48\/2015\/07\/Progression-6e.pdf\" target=\"_blank\"><img loading=\"lazy\" decoding=\"async\" class=\"  wp-image-834 alignnone\" src=\"\/clg-beausejour\/wp-content\/uploads\/sites\/48\/2015\/07\/6e.jpg\" alt=\"6e\" width=\"45\" height=\"46\" srcset=\"https:\/\/site.ac-martinique.fr\/clg-beausejour\/wp-content\/uploads\/sites\/48\/2015\/07\/6e.jpg 212w, https:\/\/site.ac-martinique.fr\/clg-beausejour\/wp-content\/uploads\/sites\/48\/2015\/07\/6e-150x150.jpg 150w\" sizes=\"auto, (max-width: 45px) 100vw, 45px\" \/><\/a>\u00a0\u00a0\u00a0\u00a0\u00a0 <a href=\"\/clg-beausejour\/wp-content\/uploads\/sites\/48\/2015\/07\/Progression-5e.pdf\" target=\"_blank\"><img loading=\"lazy\" decoding=\"async\" class=\"  wp-image-833 alignnone\" src=\"\/clg-beausejour\/wp-content\/uploads\/sites\/48\/2015\/07\/5e.jpg\" alt=\"5e\" width=\"45\" height=\"46\" srcset=\"https:\/\/site.ac-martinique.fr\/clg-beausejour\/wp-content\/uploads\/sites\/48\/2015\/07\/5e.jpg 212w, https:\/\/site.ac-martinique.fr\/clg-beausejour\/wp-content\/uploads\/sites\/48\/2015\/07\/5e-150x150.jpg 150w\" sizes=\"auto, (max-width: 45px) 100vw, 45px\" \/><\/a> \u00a0 \u00a0\u00a0 <a href=\"\/clg-beausejour\/wp-content\/uploads\/sites\/48\/2015\/07\/Progression-4e.pdf\" target=\"_blank\"><img loading=\"lazy\" decoding=\"async\" class=\"  wp-image-832 alignnone\" src=\"\/clg-beausejour\/wp-content\/uploads\/sites\/48\/2015\/07\/4e.jpg\" alt=\"4e\" width=\"45\" height=\"45\" srcset=\"https:\/\/site.ac-martinique.fr\/clg-beausejour\/wp-content\/uploads\/sites\/48\/2015\/07\/4e.jpg 213w, https:\/\/site.ac-martinique.fr\/clg-beausejour\/wp-content\/uploads\/sites\/48\/2015\/07\/4e-150x150.jpg 150w\" sizes=\"auto, (max-width: 45px) 100vw, 45px\" \/><\/a> \u00a0 \u00a0\u00a0 <a href=\"\/clg-beausejour\/wp-content\/uploads\/sites\/48\/2015\/07\/Progression-3e.pdf\" target=\"_blank\"><img loading=\"lazy\" decoding=\"async\" class=\"  wp-image-831 alignnone\" src=\"\/clg-beausejour\/wp-content\/uploads\/sites\/48\/2015\/07\/3e.jpg\" alt=\"3e\" width=\"45\" height=\"45\" srcset=\"https:\/\/site.ac-martinique.fr\/clg-beausejour\/wp-content\/uploads\/sites\/48\/2015\/07\/3e.jpg 213w, https:\/\/site.ac-martinique.fr\/clg-beausejour\/wp-content\/uploads\/sites\/48\/2015\/07\/3e-150x150.jpg 150w\" sizes=\"auto, (max-width: 45px) 100vw, 45px\" \/><\/a><\/p>\n<p>\u25ca <span style=\"text-decoration: underline;\"><a href=\"\/clg-beausejour\/?page_id=858\">Formulaires \u00e0 t\u00e9l\u00e9charger et \u00e0 compl\u00e9ter tout au long de la scolarit\u00e9 au coll\u00e8ge<\/a><\/span><\/p>\n<p>\u25ca <span style=\"text-decoration: underline;\"><a href=\"\/clg-beausejour\/?page_id=698\">M\u00e9thodes de travail<\/a><\/span><\/p>\n<p>\u25ca <a href=\"\/clg-beausejour\/?page_id=861\" target=\"_blank\"><span style=\"text-decoration: underline;\">Sites internet p\u00e9dagogiques \u00e0 consulter<\/span><\/a><\/p>\n<p>\u25ca <a href=\"\/clg-beausejour\/?page_id=722\">Devoirs communs avec leurs corrig\u00e9s<\/a><\/p>\n<p>\u25ca <a href=\"\/clg-beausejour\/?page_id=748\">Jeux Math\u00e9matiques<\/a><\/p>\n<p>&nbsp;<\/p>\n<p><a href=\"\/clg-beausejour\"><img loading=\"lazy\" decoding=\"async\" class=\"aligncenter size-medium wp-image-401\" src=\"\/clg-beausejour\/wp-content\/uploads\/sites\/48\/2015\/05\/Accueil-300x198.jpg\" alt=\"Accueil\" width=\"100\" height=\"66\" \/><\/a><\/p>\n","protected":false},"excerpt":{"rendered":"<p>Cliquer sur les liens suivants pour acc\u00e9der aux diff\u00e9rents contenus de la section math\u00e9matiques \u25ca Liste du mat\u00e9riel scolaire en math\u00e9matiques \u25ca Progressions (ce que vous allez apprendre au cours de l&rsquo;ann\u00e9e) : \u00a0\u00a0\u00a0\u00a0\u00a0 \u00a0 \u00a0\u00a0 \u00a0 \u00a0\u00a0 \u25ca Formulaires \u00e0 t\u00e9l\u00e9charger et \u00e0 compl\u00e9ter tout au long de la scolarit\u00e9 au coll\u00e8ge \u25ca M\u00e9thodes &hellip; <\/p>\n<p class=\"link-more\"><a href=\"https:\/\/site.ac-martinique.fr\/clg-beausejour\/?page_id=330\" class=\"more-link\">Continuer la lecture<span class=\"screen-reader-text\"> de &laquo;&nbsp;Math\u00e9matiques&nbsp;&raquo;<\/span><\/a><\/p>\n","protected":false},"author":115,"featured_media":0,"parent":0,"menu_order":0,"comment_status":"closed","ping_status":"open","template":"","meta":{"footnotes":""},"class_list":["post-330","page","type-page","status-publish","hentry"],"_links":{"self":[{"href":"https:\/\/site.ac-martinique.fr\/clg-beausejour\/index.php?rest_route=\/wp\/v2\/pages\/330","targetHints":{"allow":["GET"]}}],"collection":[{"href":"https:\/\/site.ac-martinique.fr\/clg-beausejour\/index.php?rest_route=\/wp\/v2\/pages"}],"about":[{"href":"https:\/\/site.ac-martinique.fr\/clg-beausejour\/index.php?rest_route=\/wp\/v2\/types\/page"}],"author":[{"embeddable":true,"href":"https:\/\/site.ac-martinique.fr\/clg-beausejour\/index.php?rest_route=\/wp\/v2\/users\/115"}],"replies":[{"embeddable":true,"href":"https:\/\/site.ac-martinique.fr\/clg-beausejour\/index.php?rest_route=%2Fwp%2Fv2%2Fcomments&post=330"}],"version-history":[{"count":47,"href":"https:\/\/site.ac-martinique.fr\/clg-beausejour\/index.php?rest_route=\/wp\/v2\/pages\/330\/revisions"}],"predecessor-version":[{"id":865,"href":"https:\/\/site.ac-martinique.fr\/clg-beausejour\/index.php?rest_route=\/wp\/v2\/pages\/330\/revisions\/865"}],"wp:attachment":[{"href":"https:\/\/site.ac-martinique.fr\/clg-beausejour\/index.php?rest_route=%2Fwp%2Fv2%2Fmedia&parent=330"}],"curies":[{"name":"wp","href":"https:\/\/api.w.org\/{rel}","templated":true}]}}