{"id":332,"date":"2015-05-19T08:05:36","date_gmt":"2015-05-19T12:05:36","guid":{"rendered":"\/clg-beausejour\/?page_id=332"},"modified":"2015-06-22T09:13:12","modified_gmt":"2015-06-22T13:13:12","slug":"physique-chimie","status":"publish","type":"page","link":"https:\/\/site.ac-martinique.fr\/clg-beausejour\/?page_id=332","title":{"rendered":"Physique &#8211; Chimie"},"content":{"rendered":"<p>Les lois de la physique appliqu\u00e9es aux fus\u00e9es \u00e0 eau &#8230;<\/p>\n<div style=\"width: 427px;\" class=\"wp-video\"><video class=\"wp-video-shortcode\" id=\"video-332-1\" width=\"427\" height=\"240\" preload=\"metadata\" controls=\"controls\"><source type=\"video\/mp4\" src=\"\/clg-beausejour\/wp-content\/uploads\/sites\/48\/2015\/06\/Fus\u00e9es1.mp4?_=1\" \/><a href=\"\/clg-beausejour\/wp-content\/uploads\/sites\/48\/2015\/06\/Fus\u00e9es1.mp4\">\/clg-beausejour\/wp-content\/uploads\/sites\/48\/2015\/06\/Fus\u00e9es1.mp4<\/a><\/video><\/div>\n<p>&nbsp;<\/p>\n<p>Retrouvez sur cette pages tous les cours de physique chimie en t\u00e9l\u00e9chargement libre.<\/p>\n<p><strong><span style=\"text-decoration: underline;\">Cours de 6\u00e8me<\/span> :<\/strong><\/p>\n<p><strong><span style=\"text-decoration: underline;\">Cours de 5\u00e8me<\/span> :<\/strong><\/p>\n<ul>\n<li><a href=\"\/clg-beausejour\/wp-content\/uploads\/sites\/48\/2015\/06\/Phy5-Chap-1-sources-de-lumi\u00e8re.pdf\" target=\"_blank\">Chap-1-sources-de-lumi\u00e8re.pdf<\/a><\/li>\n<li><a href=\"\/clg-beausejour\/wp-content\/uploads\/sites\/48\/2015\/06\/Phy5-Chap-2-1-comment-la-lumi\u00e8re-se-propage-jour-nuit.pdf\" target=\"_blank\">Chap-2-1-comment-la-lumi\u00e8re-se-propage-jour-nuit.pdf<\/a><\/li>\n<li><a href=\"\/clg-beausejour\/wp-content\/uploads\/sites\/48\/2015\/06\/Phy5-Chap-2-2-comment-se-propage-la-lumi\u00e8re-PHASES-DE-LA-LUNE.pdf\" target=\"_blank\">Chap-2-2-comment-se-propage-la-lumi\u00e8re-PHASES-DE-LA-LUNE.pdf<\/a><\/li>\n<li><a href=\"\/clg-beausejour\/wp-content\/uploads\/sites\/48\/2015\/06\/Phy5-Chap-2-3-comment-la-lumi\u00e8re-se-propage-les-\u00e9clipses-.pdf\" target=\"_blank\">Chap-2-3-comment-la-lumi\u00e8re-se-propage-les-\u00e9clipses-.pdf<\/a><\/li>\n<li><a href=\"\/clg-beausejour\/wp-content\/uploads\/sites\/48\/2015\/06\/Phy5-Chap-4-Le-courant-\u00e9lectrique.pdf\" target=\"_blank\">Chap-4-Le-courant-\u00e9lectrique.pdf<\/a><\/li>\n<li><a href=\"\/clg-beausejour\/wp-content\/uploads\/sites\/48\/2015\/06\/Phy5-Chap-7-1-grandeurs.pdf\" target=\"_blank\">Chap-7-1-grandeurs.pdf<\/a><\/li>\n<li><a href=\"\/clg-beausejour\/wp-content\/uploads\/sites\/48\/2015\/06\/Phy5-Chap-7-2-\u00e9tude-vaporisation-de-leau-pure.pdf\" target=\"_blank\">Chap-7-2-\u00e9tude-vaporisation-de-leau-pure.pdf<\/a><\/li>\n<li><a href=\"\/clg-beausejour\/wp-content\/uploads\/sites\/48\/2015\/06\/Phy5-Chap-7-3-changement-d\u00e9tat-de-leau-pure.pdf\" target=\"_blank\">Chap-7-3-changement-d\u00e9tat-de-leau-pure.pdf<\/a><\/li>\n<li><a href=\"\/clg-beausejour\/wp-content\/uploads\/sites\/48\/2015\/06\/Phy5-Chap-8-leau-et-les-m\u00e9langes.pdf\" target=\"_blank\">Chap-8-leau-et-les-m\u00e9langes.pdf<\/a><\/li>\n<\/ul>\n<p><strong><span style=\"text-decoration: underline;\">Cours de 4\u00e8me<\/span> :<\/strong><\/p>\n<ul>\n<li><a href=\"\/clg-beausejour\/wp-content\/uploads\/sites\/48\/2015\/06\/Phy4-Chap-1-rappels-optique-5eme.pdf\" target=\"_blank\">Chap-1-rappels-optique-5eme.pdf<\/a><\/li>\n<li><a href=\"\/clg-beausejour\/wp-content\/uploads\/sites\/48\/2015\/06\/Phy4-Chap-2-la-lumi\u00e8re-color\u00e9e.pdf\" target=\"_blank\">Chap-2-la-lumi\u00e8re-color\u00e9e.pdf<\/a><\/li>\n<li><a href=\"\/clg-beausejour\/wp-content\/uploads\/sites\/48\/2015\/06\/Phy4-Chap-3-lentilles-et-mod\u00e8le-de-loeil.pdf\" target=\"_blank\">Chap-3-lentilles-et-mod\u00e8le-de-loeil.pdf<\/a><\/li>\n<li><a href=\"\/clg-beausejour\/wp-content\/uploads\/sites\/48\/2015\/06\/Phy4-Chap-5-mol\u00e9cules.pdf\" target=\"_blank\">Chap-5-mol\u00e9cules.pdf<\/a><\/li>\n<li><a href=\"\/clg-beausejour\/wp-content\/uploads\/sites\/48\/2015\/06\/Phy4-Chap-6-La-combustion.pdf\" target=\"_blank\">Chap-6-La-combustion.pdf<\/a><\/li>\n<li><a href=\"\/clg-beausejour\/wp-content\/uploads\/sites\/48\/2015\/06\/Phy4-Chap-6-DI-sur-la-combustion.pdf\" target=\"_blank\">Chap-6-DI-sur-la-combustion.pdf<\/a><\/li>\n<li><a href=\"\/clg-beausejour\/wp-content\/uploads\/sites\/48\/2015\/06\/Phy4-Chap-7-TP-\u00e9lectricit\u00e9-mesure-de-U-et-I.pdf\" target=\"_blank\">Chap-7-TP-\u00e9lectricit\u00e9-mesure-de-U-et-I.pdf<\/a><\/li>\n<li><a href=\"\/clg-beausejour\/wp-content\/uploads\/sites\/48\/2015\/06\/Phy4-Chap-8-1-LES-LOIS-DU-COURANT-CONTINU-TP-cours-mesure-de-I.pdf\" target=\"_blank\">Chap-8-1-LES-LOIS-DU-COURANT-CONTINU-TP-cours-mesure-de-I.pdf<\/a><\/li>\n<li><a href=\"\/clg-beausejour\/wp-content\/uploads\/sites\/48\/2015\/06\/Phy4-Chap-8-2-LES-LOIS-DU-COURANT-CONTINU-TP-cours-mesure-de-U.pdf\" target=\"_blank\">Chap-8-2-LES-LOIS-DU-COURANT-CONTINU-TP-cours-mesure-de-U.pdf<\/a><\/li>\n<li><a href=\"\/clg-beausejour\/wp-content\/uploads\/sites\/48\/2015\/06\/Phy4-Chap-8-3-Exercices-loi-Intensit\u00e9.pdf\" target=\"_blank\">Chap-8-3-Exercices-loi-Intensit\u00e9.pdf<\/a><\/li>\n<li><a href=\"\/clg-beausejour\/wp-content\/uploads\/sites\/48\/2015\/06\/Phy4-Chap-8-4-LES-LOIS-DU-COURANT-CONTINU-TP-COURS-LOI-dOHM.pdf\" target=\"_blank\">Chap-8-4-LES-LOIS-DU-COURANT-CONTINU-TP-COURS-LOI-dOHM.pdf<\/a><\/li>\n<\/ul>\n<p><strong><span style=\"text-decoration: underline;\">Cours de 3\u00e8me<\/span> :<\/strong><\/p>\n<ul>\n<li><a href=\"\/clg-beausejour\/wp-content\/uploads\/sites\/48\/2015\/06\/Phy3-Chap-1-Les-m\u00e9taux-de-la-vie-quotidienne.pdf\" target=\"_blank\">Chap-1-Les-m\u00e9taux-de-la-vie-quotidienne.pdf<\/a><\/li>\n<li><a href=\"\/clg-beausejour\/wp-content\/uploads\/sites\/48\/2015\/06\/Phy3-Chap-2-conduction-\u00e9lectrique-dans-les-solides-atomes.pdf\" target=\"_blank\">Chap-2-conduction-\u00e9lectrique-dans-les-solides-atomes.pdf<\/a><\/li>\n<li><a href=\"\/clg-beausejour\/wp-content\/uploads\/sites\/48\/2015\/06\/Phy3-Chap-3-Conduction-\u00e9lectrique-dans-des-solutions-aqueuses.pdf\" target=\"_blank\">Chap-3-Conduction-\u00e9lectrique-dans-des-solutions-aqueuses.pdf<\/a><\/li>\n<li><a href=\"\/clg-beausejour\/wp-content\/uploads\/sites\/48\/2015\/06\/Phy3-Chap-4-\u2013-Comment-d\u00e9tecter-la-pr\u00e9sence-de-certains-ions.pdf\" target=\"_blank\">Chap-4-Comment-d\u00e9tecter-la-pr\u00e9sence-de-certains-ions.pdf<\/a><\/li>\n<li><a href=\"\/clg-beausejour\/wp-content\/uploads\/sites\/48\/2015\/06\/Phy3-Chap-5-R\u00e9action-entre-l\u2019acide-chlorhydrique-et-certains-m\u00e9taux.pdf\" target=\"_blank\">Chap-5-R\u00e9action-entre-l\u2019acide-chlorhydrique-et-certains-m\u00e9taux.pdf<\/a><\/li>\n<li><a href=\"\/clg-beausejour\/wp-content\/uploads\/sites\/48\/2015\/06\/Phy3-Chap-6-la-pile-\u00e9lectrochimique.pdf\" target=\"_blank\">Chap-6-la-pile-\u00e9lectrochimique.pdf<\/a><\/li>\n<li><a href=\"\/clg-beausejour\/wp-content\/uploads\/sites\/48\/2015\/06\/Phy3-Chap-7-production-d\u00e9lectricit\u00e9.pdf\" target=\"_blank\">Chap-7-production-d\u00e9lectricit\u00e9.pdf<\/a><\/li>\n<li><a href=\"\/clg-beausejour\/wp-content\/uploads\/sites\/48\/2015\/06\/Phy3-Chap-8-la-tension-alternative-p\u00e9riodique.pdf\" target=\"_blank\">Chap-8-la-tension-alternative-p\u00e9riodique.pdf<\/a><\/li>\n<li><a href=\"\/clg-beausejour\/wp-content\/uploads\/sites\/48\/2015\/06\/Phy3-Chap-9-comment-mesurer-et-visualiser-une-tension-alternative.pdf\" target=\"_blank\">Chap-9-comment-mesurer-et-visualiser-une-tension-alternative.pdf<\/a><\/li>\n<li><a href=\"\/clg-beausejour\/wp-content\/uploads\/sites\/48\/2015\/06\/Phy3-Chap-10-partie-1-puissance-et-\u00e9nergie.pdf\" target=\"_blank\">Chap-10-partie-1-puissance-et-\u00e9nergie.pdf<\/a><\/li>\n<li><a href=\"\/clg-beausejour\/wp-content\/uploads\/sites\/48\/2015\/06\/Phy3-Chap-10-partie-2-puissance-et-\u00e9nergie.pdf\" target=\"_blank\">Chap-10-partie-2-puissance-et-\u00e9nergie.pdf<\/a><\/li>\n<li><a href=\"\/clg-beausejour\/wp-content\/uploads\/sites\/48\/2015\/06\/Phy3-Chap-11-notion-de-gravitation.pdf\" target=\"_blank\">Chap-11-notion-de-gravitation.pdf<\/a><\/li>\n<li><a href=\"\/clg-beausejour\/wp-content\/uploads\/sites\/48\/2015\/06\/Phy3-Chap-12-poids-masse.pdf\" target=\"_blank\">Chap-12-poids-masse.pdf<\/a><\/li>\n<\/ul>\n<p>&nbsp;<\/p>\n<p><a href=\"\/clg-beausejour\"><img loading=\"lazy\" decoding=\"async\" class=\"aligncenter size-medium wp-image-401\" src=\"\/clg-beausejour\/wp-content\/uploads\/sites\/48\/2015\/05\/Accueil-300x198.jpg\" alt=\"Accueil\" width=\"100\" height=\"66\" \/><\/a><\/p>\n","protected":false},"excerpt":{"rendered":"<p>Les lois de la physique appliqu\u00e9es aux fus\u00e9es \u00e0 eau &#8230; &nbsp; Retrouvez sur cette pages tous les cours de physique chimie en t\u00e9l\u00e9chargement libre. Cours de 6\u00e8me : Cours de 5\u00e8me : Chap-1-sources-de-lumi\u00e8re.pdf Chap-2-1-comment-la-lumi\u00e8re-se-propage-jour-nuit.pdf Chap-2-2-comment-se-propage-la-lumi\u00e8re-PHASES-DE-LA-LUNE.pdf Chap-2-3-comment-la-lumi\u00e8re-se-propage-les-\u00e9clipses-.pdf Chap-4-Le-courant-\u00e9lectrique.pdf Chap-7-1-grandeurs.pdf Chap-7-2-\u00e9tude-vaporisation-de-leau-pure.pdf Chap-7-3-changement-d\u00e9tat-de-leau-pure.pdf Chap-8-leau-et-les-m\u00e9langes.pdf Cours de 4\u00e8me : Chap-1-rappels-optique-5eme.pdf Chap-2-la-lumi\u00e8re-color\u00e9e.pdf Chap-3-lentilles-et-mod\u00e8le-de-loeil.pdf Chap-5-mol\u00e9cules.pdf Chap-6-La-combustion.pdf Chap-6-DI-sur-la-combustion.pdf Chap-7-TP-\u00e9lectricit\u00e9-mesure-de-U-et-I.pdf Chap-8-1-LES-LOIS-DU-COURANT-CONTINU-TP-cours-mesure-de-I.pdf Chap-8-2-LES-LOIS-DU-COURANT-CONTINU-TP-cours-mesure-de-U.pdf &hellip; <\/p>\n<p class=\"link-more\"><a href=\"https:\/\/site.ac-martinique.fr\/clg-beausejour\/?page_id=332\" class=\"more-link\">Continuer la lecture<span class=\"screen-reader-text\"> de &laquo;&nbsp;Physique &#8211; Chimie&nbsp;&raquo;<\/span><\/a><\/p>\n","protected":false},"author":115,"featured_media":0,"parent":0,"menu_order":0,"comment_status":"closed","ping_status":"closed","template":"","meta":{"footnotes":""},"class_list":["post-332","page","type-page","status-publish","hentry"],"_links":{"self":[{"href":"https:\/\/site.ac-martinique.fr\/clg-beausejour\/index.php?rest_route=\/wp\/v2\/pages\/332","targetHints":{"allow":["GET"]}}],"collection":[{"href":"https:\/\/site.ac-martinique.fr\/clg-beausejour\/index.php?rest_route=\/wp\/v2\/pages"}],"about":[{"href":"https:\/\/site.ac-martinique.fr\/clg-beausejour\/index.php?rest_route=\/wp\/v2\/types\/page"}],"author":[{"embeddable":true,"href":"https:\/\/site.ac-martinique.fr\/clg-beausejour\/index.php?rest_route=\/wp\/v2\/users\/115"}],"replies":[{"embeddable":true,"href":"https:\/\/site.ac-martinique.fr\/clg-beausejour\/index.php?rest_route=%2Fwp%2Fv2%2Fcomments&post=332"}],"version-history":[{"count":14,"href":"https:\/\/site.ac-martinique.fr\/clg-beausejour\/index.php?rest_route=\/wp\/v2\/pages\/332\/revisions"}],"predecessor-version":[{"id":798,"href":"https:\/\/site.ac-martinique.fr\/clg-beausejour\/index.php?rest_route=\/wp\/v2\/pages\/332\/revisions\/798"}],"wp:attachment":[{"href":"https:\/\/site.ac-martinique.fr\/clg-beausejour\/index.php?rest_route=%2Fwp%2Fv2%2Fmedia&parent=332"}],"curies":[{"name":"wp","href":"https:\/\/api.w.org\/{rel}","templated":true}]}}