{"id":3429,"date":"2023-03-31T18:51:32","date_gmt":"2023-03-31T22:51:32","guid":{"rendered":"https:\/\/site.ac-martinique.fr\/clg-beausejour\/?page_id=3429"},"modified":"2023-04-01T11:38:12","modified_gmt":"2023-04-01T15:38:12","slug":"le-journal-de-lassociation-sportive","status":"publish","type":"page","link":"https:\/\/site.ac-martinique.fr\/clg-beausejour\/?page_id=3429","title":{"rendered":"Le journal de l&rsquo;Association sportive"},"content":{"rendered":"\n<p><a href=\"http:\/\/site.ac-martinique.fr\/clg-beausejour\/?p=3424\" data-type=\"URL\" data-id=\"site.ac-martinique.fr\/clg-beausejour\/?p=3424\">Finales acad\u00e9miques de Badminton 2023<\/a><\/p>\n\n\n\n<figure class=\"wp-block-image size-thumbnail\"><a href=\"https:\/\/site.ac-martinique.fr\/clg-beausejour\/wp-content\/uploads\/sites\/48\/2023\/03\/PHOTO-2023-03-31-07-17-52.jpeg\"><img loading=\"lazy\" decoding=\"async\" width=\"150\" height=\"150\" src=\"https:\/\/site.ac-martinique.fr\/clg-beausejour\/wp-content\/uploads\/sites\/48\/2023\/03\/PHOTO-2023-03-31-07-17-52-150x150.jpeg\" alt=\"\" class=\"wp-image-3402\" srcset=\"https:\/\/site.ac-martinique.fr\/clg-beausejour\/wp-content\/uploads\/sites\/48\/2023\/03\/PHOTO-2023-03-31-07-17-52-150x150.jpeg 150w, https:\/\/site.ac-martinique.fr\/clg-beausejour\/wp-content\/uploads\/sites\/48\/2023\/03\/PHOTO-2023-03-31-07-17-52-300x300.jpeg 300w, https:\/\/site.ac-martinique.fr\/clg-beausejour\/wp-content\/uploads\/sites\/48\/2023\/03\/PHOTO-2023-03-31-07-17-52-1024x1024.jpeg 1024w, https:\/\/site.ac-martinique.fr\/clg-beausejour\/wp-content\/uploads\/sites\/48\/2023\/03\/PHOTO-2023-03-31-07-17-52-768x768.jpeg 768w, https:\/\/site.ac-martinique.fr\/clg-beausejour\/wp-content\/uploads\/sites\/48\/2023\/03\/PHOTO-2023-03-31-07-17-52-100x100.jpeg 100w, https:\/\/site.ac-martinique.fr\/clg-beausejour\/wp-content\/uploads\/sites\/48\/2023\/03\/PHOTO-2023-03-31-07-17-52.jpeg 1280w\" sizes=\"auto, (max-width: 150px) 100vw, 150px\" \/><\/a><\/figure>\n\n\n\n<p><a href=\"http:\/\/site.ac-martinique.fr\/clg-beausejour\/?p=3432\" data-type=\"URL\" data-id=\"http:\/\/site.ac-martinique.fr\/clg-beausejour\/?p=3432\">Finales Acad\u00e9mique Basket<\/a>2023<\/p>\n\n\n<div id=\"metaslider-id-3434\" style=\"max-width: 1000px; margin: 0 auto;\" class=\"ml-slider-3-107-0 metaslider metaslider-flex metaslider-3434 ml-slider has-dots-nav ms-theme-default\" role=\"region\" aria-label=\"Finales Acad\u00e9miques de Basket 2023\" data-height=\"800\" data-width=\"1000\">\n    <div id=\"metaslider_container_3434\">\n        <div id=\"metaslider_3434\" class=\"flexslider\">\n            <ul class='slides'>\n                <li style=\"display: block; width: 100%;\" class=\"slide-3435 ms-image \" aria-roledescription=\"slide\" data-date=\"2023-03-31 18:57:34\" data-filename=\"PHOTO-2023-03-31-06-23-30.jpeg\" data-slide-type=\"image\"><img loading=\"lazy\" decoding=\"async\" width=\"1600\" height=\"1200\" src=\"https:\/\/site.ac-martinique.fr\/clg-beausejour\/wp-content\/uploads\/sites\/48\/2023\/03\/PHOTO-2023-03-31-06-23-30.jpeg\" class=\"slider-3434 slide-3435 msDefaultImage\" alt=\"\" rel=\"\" title=\"PHOTO-2023-03-31-06-23-30\" style=\"margin-top: 2.5%\" srcset=\"https:\/\/site.ac-martinique.fr\/clg-beausejour\/wp-content\/uploads\/sites\/48\/2023\/03\/PHOTO-2023-03-31-06-23-30.jpeg 1600w, https:\/\/site.ac-martinique.fr\/clg-beausejour\/wp-content\/uploads\/sites\/48\/2023\/03\/PHOTO-2023-03-31-06-23-30-300x225.jpeg 300w, https:\/\/site.ac-martinique.fr\/clg-beausejour\/wp-content\/uploads\/sites\/48\/2023\/03\/PHOTO-2023-03-31-06-23-30-1024x768.jpeg 1024w, https:\/\/site.ac-martinique.fr\/clg-beausejour\/wp-content\/uploads\/sites\/48\/2023\/03\/PHOTO-2023-03-31-06-23-30-768x576.jpeg 768w, https:\/\/site.ac-martinique.fr\/clg-beausejour\/wp-content\/uploads\/sites\/48\/2023\/03\/PHOTO-2023-03-31-06-23-30-1536x1152.jpeg 1536w\" sizes=\"auto, 100vw\" \/><\/li>\n                <li style=\"display: none; width: 100%;\" class=\"slide-3436 ms-image \" aria-roledescription=\"slide\" data-date=\"2023-03-31 18:57:58\" data-filename=\"PHOTO-2023-03-31-06-23-32.jpeg\" data-slide-type=\"image\"><img loading=\"lazy\" decoding=\"async\" width=\"1600\" height=\"1200\" src=\"https:\/\/site.ac-martinique.fr\/clg-beausejour\/wp-content\/uploads\/sites\/48\/2023\/03\/PHOTO-2023-03-31-06-23-32.jpeg\" class=\"slider-3434 slide-3436 msDefaultImage\" alt=\"\" rel=\"\" title=\"PHOTO-2023-03-31-06-23-32\" style=\"margin-top: 2.5%\" srcset=\"https:\/\/site.ac-martinique.fr\/clg-beausejour\/wp-content\/uploads\/sites\/48\/2023\/03\/PHOTO-2023-03-31-06-23-32.jpeg 1600w, https:\/\/site.ac-martinique.fr\/clg-beausejour\/wp-content\/uploads\/sites\/48\/2023\/03\/PHOTO-2023-03-31-06-23-32-300x225.jpeg 300w, https:\/\/site.ac-martinique.fr\/clg-beausejour\/wp-content\/uploads\/sites\/48\/2023\/03\/PHOTO-2023-03-31-06-23-32-1024x768.jpeg 1024w, https:\/\/site.ac-martinique.fr\/clg-beausejour\/wp-content\/uploads\/sites\/48\/2023\/03\/PHOTO-2023-03-31-06-23-32-768x576.jpeg 768w, https:\/\/site.ac-martinique.fr\/clg-beausejour\/wp-content\/uploads\/sites\/48\/2023\/03\/PHOTO-2023-03-31-06-23-32-1536x1152.jpeg 1536w\" sizes=\"auto, 100vw\" \/><\/li>\n                <li style=\"display: none; width: 100%;\" class=\"slide-3437 ms-image \" aria-roledescription=\"slide\" data-date=\"2023-03-31 18:58:09\" data-filename=\"PHOTO-2023-03-31-06-23-29.jpeg\" data-slide-type=\"image\"><img loading=\"lazy\" decoding=\"async\" width=\"1600\" height=\"1200\" src=\"https:\/\/site.ac-martinique.fr\/clg-beausejour\/wp-content\/uploads\/sites\/48\/2023\/03\/PHOTO-2023-03-31-06-23-29.jpeg\" class=\"slider-3434 slide-3437 msDefaultImage\" alt=\"\" rel=\"\" title=\"PHOTO-2023-03-31-06-23-29\" style=\"margin-top: 2.5%\" srcset=\"https:\/\/site.ac-martinique.fr\/clg-beausejour\/wp-content\/uploads\/sites\/48\/2023\/03\/PHOTO-2023-03-31-06-23-29.jpeg 1600w, https:\/\/site.ac-martinique.fr\/clg-beausejour\/wp-content\/uploads\/sites\/48\/2023\/03\/PHOTO-2023-03-31-06-23-29-300x225.jpeg 300w, https:\/\/site.ac-martinique.fr\/clg-beausejour\/wp-content\/uploads\/sites\/48\/2023\/03\/PHOTO-2023-03-31-06-23-29-1024x768.jpeg 1024w, https:\/\/site.ac-martinique.fr\/clg-beausejour\/wp-content\/uploads\/sites\/48\/2023\/03\/PHOTO-2023-03-31-06-23-29-768x576.jpeg 768w, https:\/\/site.ac-martinique.fr\/clg-beausejour\/wp-content\/uploads\/sites\/48\/2023\/03\/PHOTO-2023-03-31-06-23-29-1536x1152.jpeg 1536w\" sizes=\"auto, 100vw\" \/><\/li>\n                <li style=\"display: none; width: 100%;\" class=\"slide-3438 ms-image \" aria-roledescription=\"slide\" data-date=\"2023-03-31 18:58:16\" data-filename=\"PHOTO-2023-03-31-06-23-26.jpeg\" data-slide-type=\"image\"><img loading=\"lazy\" decoding=\"async\" width=\"1600\" height=\"1200\" src=\"https:\/\/site.ac-martinique.fr\/clg-beausejour\/wp-content\/uploads\/sites\/48\/2023\/03\/PHOTO-2023-03-31-06-23-26.jpeg\" class=\"slider-3434 slide-3438 msDefaultImage\" alt=\"\" rel=\"\" title=\"PHOTO-2023-03-31-06-23-26\" style=\"margin-top: 2.5%\" srcset=\"https:\/\/site.ac-martinique.fr\/clg-beausejour\/wp-content\/uploads\/sites\/48\/2023\/03\/PHOTO-2023-03-31-06-23-26.jpeg 1600w, https:\/\/site.ac-martinique.fr\/clg-beausejour\/wp-content\/uploads\/sites\/48\/2023\/03\/PHOTO-2023-03-31-06-23-26-300x225.jpeg 300w, https:\/\/site.ac-martinique.fr\/clg-beausejour\/wp-content\/uploads\/sites\/48\/2023\/03\/PHOTO-2023-03-31-06-23-26-1024x768.jpeg 1024w, https:\/\/site.ac-martinique.fr\/clg-beausejour\/wp-content\/uploads\/sites\/48\/2023\/03\/PHOTO-2023-03-31-06-23-26-768x576.jpeg 768w, https:\/\/site.ac-martinique.fr\/clg-beausejour\/wp-content\/uploads\/sites\/48\/2023\/03\/PHOTO-2023-03-31-06-23-26-1536x1152.jpeg 1536w\" sizes=\"auto, 100vw\" \/><\/li>\n                <li style=\"display: none; width: 100%;\" class=\"slide-3439 ms-image \" aria-roledescription=\"slide\" data-date=\"2023-03-31 18:58:20\" data-filename=\"PHOTO-2023-03-31-06-23-23.jpeg\" data-slide-type=\"image\"><img loading=\"lazy\" decoding=\"async\" width=\"1600\" height=\"1200\" src=\"https:\/\/site.ac-martinique.fr\/clg-beausejour\/wp-content\/uploads\/sites\/48\/2023\/03\/PHOTO-2023-03-31-06-23-23.jpeg\" class=\"slider-3434 slide-3439 msDefaultImage\" alt=\"\" rel=\"\" title=\"PHOTO-2023-03-31-06-23-23\" style=\"margin-top: 2.5%\" srcset=\"https:\/\/site.ac-martinique.fr\/clg-beausejour\/wp-content\/uploads\/sites\/48\/2023\/03\/PHOTO-2023-03-31-06-23-23.jpeg 1600w, https:\/\/site.ac-martinique.fr\/clg-beausejour\/wp-content\/uploads\/sites\/48\/2023\/03\/PHOTO-2023-03-31-06-23-23-300x225.jpeg 300w, https:\/\/site.ac-martinique.fr\/clg-beausejour\/wp-content\/uploads\/sites\/48\/2023\/03\/PHOTO-2023-03-31-06-23-23-1024x768.jpeg 1024w, https:\/\/site.ac-martinique.fr\/clg-beausejour\/wp-content\/uploads\/sites\/48\/2023\/03\/PHOTO-2023-03-31-06-23-23-768x576.jpeg 768w, https:\/\/site.ac-martinique.fr\/clg-beausejour\/wp-content\/uploads\/sites\/48\/2023\/03\/PHOTO-2023-03-31-06-23-23-1536x1152.jpeg 1536w\" sizes=\"auto, 100vw\" \/><\/li>\n                <li style=\"display: none; width: 100%;\" class=\"slide-3440 ms-image \" aria-roledescription=\"slide\" data-date=\"2023-03-31 18:58:24\" data-filename=\"PHOTO-2023-03-31-06-23-18.jpeg\" data-slide-type=\"image\"><img loading=\"lazy\" decoding=\"async\" width=\"1600\" height=\"1200\" src=\"https:\/\/site.ac-martinique.fr\/clg-beausejour\/wp-content\/uploads\/sites\/48\/2023\/03\/PHOTO-2023-03-31-06-23-18.jpeg\" class=\"slider-3434 slide-3440 msDefaultImage\" alt=\"\" rel=\"\" title=\"PHOTO-2023-03-31-06-23-18\" style=\"margin-top: 2.5%\" srcset=\"https:\/\/site.ac-martinique.fr\/clg-beausejour\/wp-content\/uploads\/sites\/48\/2023\/03\/PHOTO-2023-03-31-06-23-18.jpeg 1600w, https:\/\/site.ac-martinique.fr\/clg-beausejour\/wp-content\/uploads\/sites\/48\/2023\/03\/PHOTO-2023-03-31-06-23-18-300x225.jpeg 300w, https:\/\/site.ac-martinique.fr\/clg-beausejour\/wp-content\/uploads\/sites\/48\/2023\/03\/PHOTO-2023-03-31-06-23-18-1024x768.jpeg 1024w, https:\/\/site.ac-martinique.fr\/clg-beausejour\/wp-content\/uploads\/sites\/48\/2023\/03\/PHOTO-2023-03-31-06-23-18-768x576.jpeg 768w, https:\/\/site.ac-martinique.fr\/clg-beausejour\/wp-content\/uploads\/sites\/48\/2023\/03\/PHOTO-2023-03-31-06-23-18-1536x1152.jpeg 1536w\" sizes=\"auto, 100vw\" \/><\/li>\n            <\/ul>\n        <\/div>\n        \n    <\/div>\n<\/div>\n\n\n\n<h2 class=\"wp-block-heading\"><a href=\"https:\/\/site.ac-martinique.fr\/clg-beausejour\/?p=3445\" data-type=\"URL\" data-id=\"https:\/\/site.ac-martinique.fr\/clg-beausejour\/?p=3445\">Finales Acad\u00e9miques Echecs 2023<\/a><\/h2>\n\n\n\n<figure class=\"wp-block-image size-thumbnail\"><a href=\"https:\/\/site.ac-martinique.fr\/clg-beausejour\/wp-content\/uploads\/sites\/48\/2023\/03\/PHOTO-2023-03-22-16-01-03.jpeg\"><img loading=\"lazy\" decoding=\"async\" width=\"150\" height=\"150\" src=\"https:\/\/site.ac-martinique.fr\/clg-beausejour\/wp-content\/uploads\/sites\/48\/2023\/03\/PHOTO-2023-03-22-16-01-03-150x150.jpeg\" alt=\"\" class=\"wp-image-3417\" srcset=\"https:\/\/site.ac-martinique.fr\/clg-beausejour\/wp-content\/uploads\/sites\/48\/2023\/03\/PHOTO-2023-03-22-16-01-03-150x150.jpeg 150w, https:\/\/site.ac-martinique.fr\/clg-beausejour\/wp-content\/uploads\/sites\/48\/2023\/03\/PHOTO-2023-03-22-16-01-03-100x100.jpeg 100w\" sizes=\"auto, (max-width: 150px) 100vw, 150px\" \/><\/a><\/figure>\n\n\n<div id=\"metaslider-id-3447\" style=\"max-width: 1000px; margin: 0 auto;\" class=\"ml-slider-3-107-0 metaslider metaslider-flex metaslider-3447 ml-slider has-dots-nav ms-theme-default\" role=\"region\" aria-label=\"Finales acad echecs 2023\" data-height=\"800\" data-width=\"1000\">\n    <div id=\"metaslider_container_3447\">\n        <div id=\"metaslider_3447\" class=\"flexslider\">\n            <ul class='slides'>\n                <li style=\"display: block; width: 100%;\" class=\"slide-3448 ms-image \" aria-roledescription=\"slide\" data-date=\"2023-04-01 11:03:07\" data-filename=\"PHOTO-2023-03-22-16-01-03.jpeg\" data-slide-type=\"image\"><img loading=\"lazy\" decoding=\"async\" width=\"1280\" height=\"960\" src=\"https:\/\/site.ac-martinique.fr\/clg-beausejour\/wp-content\/uploads\/sites\/48\/2023\/03\/PHOTO-2023-03-22-16-01-03.jpeg\" class=\"slider-3447 slide-3448 msDefaultImage\" alt=\"\" rel=\"\" title=\"PHOTO-2023-03-22-16-01-03\" style=\"margin-top: 2.5%\" srcset=\"https:\/\/site.ac-martinique.fr\/clg-beausejour\/wp-content\/uploads\/sites\/48\/2023\/03\/PHOTO-2023-03-22-16-01-03.jpeg 1280w, https:\/\/site.ac-martinique.fr\/clg-beausejour\/wp-content\/uploads\/sites\/48\/2023\/03\/PHOTO-2023-03-22-16-01-03-300x225.jpeg 300w, https:\/\/site.ac-martinique.fr\/clg-beausejour\/wp-content\/uploads\/sites\/48\/2023\/03\/PHOTO-2023-03-22-16-01-03-1024x768.jpeg 1024w, https:\/\/site.ac-martinique.fr\/clg-beausejour\/wp-content\/uploads\/sites\/48\/2023\/03\/PHOTO-2023-03-22-16-01-03-768x576.jpeg 768w\" sizes=\"auto, 100vw\" \/><div class=\"caption-wrap\"><div class=\"caption\">Le podium individuel<\/div><\/div><\/li>\n                <li style=\"display: none; width: 100%;\" class=\"slide-3449 ms-image \" aria-roledescription=\"slide\" data-date=\"2023-04-01 11:04:04\" data-filename=\"4f2d6e6c-565a-4e56-9629-908d5c0dcadd.jpeg\" data-slide-type=\"image\"><img loading=\"lazy\" decoding=\"async\" width=\"1280\" height=\"960\" src=\"https:\/\/site.ac-martinique.fr\/clg-beausejour\/wp-content\/uploads\/sites\/48\/2023\/03\/4f2d6e6c-565a-4e56-9629-908d5c0dcadd.jpeg\" class=\"slider-3447 slide-3449 msDefaultImage\" alt=\"\" rel=\"\" title=\"4f2d6e6c-565a-4e56-9629-908d5c0dcadd\" style=\"margin-top: 2.5%\" srcset=\"https:\/\/site.ac-martinique.fr\/clg-beausejour\/wp-content\/uploads\/sites\/48\/2023\/03\/4f2d6e6c-565a-4e56-9629-908d5c0dcadd.jpeg 1280w, https:\/\/site.ac-martinique.fr\/clg-beausejour\/wp-content\/uploads\/sites\/48\/2023\/03\/4f2d6e6c-565a-4e56-9629-908d5c0dcadd-300x225.jpeg 300w, https:\/\/site.ac-martinique.fr\/clg-beausejour\/wp-content\/uploads\/sites\/48\/2023\/03\/4f2d6e6c-565a-4e56-9629-908d5c0dcadd-1024x768.jpeg 1024w, https:\/\/site.ac-martinique.fr\/clg-beausejour\/wp-content\/uploads\/sites\/48\/2023\/03\/4f2d6e6c-565a-4e56-9629-908d5c0dcadd-768x576.jpeg 768w\" sizes=\"auto, 100vw\" \/><\/li>\n                <li style=\"display: none; width: 100%;\" class=\"slide-3450 ms-image \" aria-roledescription=\"slide\" data-date=\"2023-04-01 11:04:12\" data-filename=\"e91b6fae-07c0-412f-88cc-9d342ca97f33.jpeg\" data-slide-type=\"image\"><img loading=\"lazy\" decoding=\"async\" width=\"1600\" height=\"1200\" src=\"https:\/\/site.ac-martinique.fr\/clg-beausejour\/wp-content\/uploads\/sites\/48\/2023\/03\/e91b6fae-07c0-412f-88cc-9d342ca97f33.jpeg\" class=\"slider-3447 slide-3450 msDefaultImage\" alt=\"\" rel=\"\" title=\"e91b6fae-07c0-412f-88cc-9d342ca97f33\" style=\"margin-top: 2.5%\" srcset=\"https:\/\/site.ac-martinique.fr\/clg-beausejour\/wp-content\/uploads\/sites\/48\/2023\/03\/e91b6fae-07c0-412f-88cc-9d342ca97f33.jpeg 1600w, https:\/\/site.ac-martinique.fr\/clg-beausejour\/wp-content\/uploads\/sites\/48\/2023\/03\/e91b6fae-07c0-412f-88cc-9d342ca97f33-300x225.jpeg 300w, https:\/\/site.ac-martinique.fr\/clg-beausejour\/wp-content\/uploads\/sites\/48\/2023\/03\/e91b6fae-07c0-412f-88cc-9d342ca97f33-1024x768.jpeg 1024w, https:\/\/site.ac-martinique.fr\/clg-beausejour\/wp-content\/uploads\/sites\/48\/2023\/03\/e91b6fae-07c0-412f-88cc-9d342ca97f33-768x576.jpeg 768w, https:\/\/site.ac-martinique.fr\/clg-beausejour\/wp-content\/uploads\/sites\/48\/2023\/03\/e91b6fae-07c0-412f-88cc-9d342ca97f33-1536x1152.jpeg 1536w\" sizes=\"auto, 100vw\" \/><\/li>\n                <li style=\"display: none; width: 100%;\" class=\"slide-3451 ms-image \" aria-roledescription=\"slide\" data-date=\"2023-04-01 11:04:22\" data-filename=\"f4748899-708f-4ed9-9367-c8ef65831d8b.jpeg\" data-slide-type=\"image\"><img loading=\"lazy\" decoding=\"async\" width=\"1600\" height=\"1200\" src=\"https:\/\/site.ac-martinique.fr\/clg-beausejour\/wp-content\/uploads\/sites\/48\/2023\/03\/f4748899-708f-4ed9-9367-c8ef65831d8b.jpeg\" class=\"slider-3447 slide-3451 msDefaultImage\" alt=\"\" rel=\"\" title=\"f4748899-708f-4ed9-9367-c8ef65831d8b\" style=\"margin-top: 2.5%\" srcset=\"https:\/\/site.ac-martinique.fr\/clg-beausejour\/wp-content\/uploads\/sites\/48\/2023\/03\/f4748899-708f-4ed9-9367-c8ef65831d8b.jpeg 1600w, https:\/\/site.ac-martinique.fr\/clg-beausejour\/wp-content\/uploads\/sites\/48\/2023\/03\/f4748899-708f-4ed9-9367-c8ef65831d8b-300x225.jpeg 300w, https:\/\/site.ac-martinique.fr\/clg-beausejour\/wp-content\/uploads\/sites\/48\/2023\/03\/f4748899-708f-4ed9-9367-c8ef65831d8b-1024x768.jpeg 1024w, https:\/\/site.ac-martinique.fr\/clg-beausejour\/wp-content\/uploads\/sites\/48\/2023\/03\/f4748899-708f-4ed9-9367-c8ef65831d8b-768x576.jpeg 768w, https:\/\/site.ac-martinique.fr\/clg-beausejour\/wp-content\/uploads\/sites\/48\/2023\/03\/f4748899-708f-4ed9-9367-c8ef65831d8b-1536x1152.jpeg 1536w\" sizes=\"auto, 100vw\" \/><\/li>\n                <li style=\"display: none; width: 100%;\" class=\"slide-3452 ms-image \" aria-roledescription=\"slide\" data-date=\"2023-04-01 11:04:38\" data-filename=\"d123c393-31a6-4cf6-b77e-6d4e49239a2e.jpeg\" data-slide-type=\"image\"><img loading=\"lazy\" decoding=\"async\" width=\"1280\" height=\"960\" src=\"https:\/\/site.ac-martinique.fr\/clg-beausejour\/wp-content\/uploads\/sites\/48\/2023\/03\/d123c393-31a6-4cf6-b77e-6d4e49239a2e.jpeg\" class=\"slider-3447 slide-3452 msDefaultImage\" alt=\"\" rel=\"\" title=\"d123c393-31a6-4cf6-b77e-6d4e49239a2e\" style=\"margin-top: 2.5%\" srcset=\"https:\/\/site.ac-martinique.fr\/clg-beausejour\/wp-content\/uploads\/sites\/48\/2023\/03\/d123c393-31a6-4cf6-b77e-6d4e49239a2e.jpeg 1280w, https:\/\/site.ac-martinique.fr\/clg-beausejour\/wp-content\/uploads\/sites\/48\/2023\/03\/d123c393-31a6-4cf6-b77e-6d4e49239a2e-300x225.jpeg 300w, https:\/\/site.ac-martinique.fr\/clg-beausejour\/wp-content\/uploads\/sites\/48\/2023\/03\/d123c393-31a6-4cf6-b77e-6d4e49239a2e-1024x768.jpeg 1024w, https:\/\/site.ac-martinique.fr\/clg-beausejour\/wp-content\/uploads\/sites\/48\/2023\/03\/d123c393-31a6-4cf6-b77e-6d4e49239a2e-768x576.jpeg 768w\" sizes=\"auto, 100vw\" \/><\/li>\n                <li style=\"display: none; width: 100%;\" class=\"slide-3453 ms-image \" aria-roledescription=\"slide\" data-date=\"2023-04-01 11:04:53\" data-filename=\"72f5d6e8-75c4-4234-8089-3cd072447950.jpeg\" data-slide-type=\"image\"><img loading=\"lazy\" decoding=\"async\" width=\"1280\" height=\"960\" src=\"https:\/\/site.ac-martinique.fr\/clg-beausejour\/wp-content\/uploads\/sites\/48\/2023\/03\/72f5d6e8-75c4-4234-8089-3cd072447950.jpeg\" class=\"slider-3447 slide-3453 msDefaultImage\" alt=\"\" rel=\"\" title=\"72f5d6e8-75c4-4234-8089-3cd072447950\" style=\"margin-top: 2.5%\" srcset=\"https:\/\/site.ac-martinique.fr\/clg-beausejour\/wp-content\/uploads\/sites\/48\/2023\/03\/72f5d6e8-75c4-4234-8089-3cd072447950.jpeg 1280w, https:\/\/site.ac-martinique.fr\/clg-beausejour\/wp-content\/uploads\/sites\/48\/2023\/03\/72f5d6e8-75c4-4234-8089-3cd072447950-300x225.jpeg 300w, https:\/\/site.ac-martinique.fr\/clg-beausejour\/wp-content\/uploads\/sites\/48\/2023\/03\/72f5d6e8-75c4-4234-8089-3cd072447950-1024x768.jpeg 1024w, https:\/\/site.ac-martinique.fr\/clg-beausejour\/wp-content\/uploads\/sites\/48\/2023\/03\/72f5d6e8-75c4-4234-8089-3cd072447950-768x576.jpeg 768w\" sizes=\"auto, 100vw\" \/><\/li>\n            <\/ul>\n        <\/div>\n        \n    <\/div>\n<\/div>\n","protected":false},"excerpt":{"rendered":"<p>Finales acad\u00e9miques de Badminton 2023 Finales Acad\u00e9mique Basket2023 Finales Acad\u00e9miques Echecs 2023<\/p>\n","protected":false},"author":115,"featured_media":0,"parent":0,"menu_order":0,"comment_status":"closed","ping_status":"closed","template":"","meta":{"footnotes":""},"class_list":["post-3429","page","type-page","status-publish","hentry"],"_links":{"self":[{"href":"https:\/\/site.ac-martinique.fr\/clg-beausejour\/index.php?rest_route=\/wp\/v2\/pages\/3429","targetHints":{"allow":["GET"]}}],"collection":[{"href":"https:\/\/site.ac-martinique.fr\/clg-beausejour\/index.php?rest_route=\/wp\/v2\/pages"}],"about":[{"href":"https:\/\/site.ac-martinique.fr\/clg-beausejour\/index.php?rest_route=\/wp\/v2\/types\/page"}],"author":[{"embeddable":true,"href":"https:\/\/site.ac-martinique.fr\/clg-beausejour\/index.php?rest_route=\/wp\/v2\/users\/115"}],"replies":[{"embeddable":true,"href":"https:\/\/site.ac-martinique.fr\/clg-beausejour\/index.php?rest_route=%2Fwp%2Fv2%2Fcomments&post=3429"}],"version-history":[{"count":6,"href":"https:\/\/site.ac-martinique.fr\/clg-beausejour\/index.php?rest_route=\/wp\/v2\/pages\/3429\/revisions"}],"predecessor-version":[{"id":3460,"href":"https:\/\/site.ac-martinique.fr\/clg-beausejour\/index.php?rest_route=\/wp\/v2\/pages\/3429\/revisions\/3460"}],"wp:attachment":[{"href":"https:\/\/site.ac-martinique.fr\/clg-beausejour\/index.php?rest_route=%2Fwp%2Fv2%2Fmedia&parent=3429"}],"curies":[{"name":"wp","href":"https:\/\/api.w.org\/{rel}","templated":true}]}}