{"id":3631,"date":"2023-09-27T00:41:59","date_gmt":"2023-09-27T04:41:59","guid":{"rendered":"https:\/\/site.ac-martinique.fr\/clg-beausejour\/?page_id=3631"},"modified":"2023-10-15T20:45:29","modified_gmt":"2023-10-16T00:45:29","slug":"erasmus-au-college","status":"publish","type":"page","link":"https:\/\/site.ac-martinique.fr\/clg-beausejour\/?page_id=3631","title":{"rendered":"Erasmus au Coll\u00e8ge"},"content":{"rendered":"\n<p>Dans le cadre de nos projets Erasmus+, pour la seconde fois, nous avons re\u00e7u ce lundi 18 septembre une d\u00e9l\u00e9gation compos\u00e9e de professeurs et d&rsquo;un chef d&rsquo;\u00e9tablissement en provenance de la Lituanie.<br>Il s&rsquo;agit de \u00ab\u00a0Job Shadowing\u00a0\u00bb dans le cadre d&rsquo;un projet KA1 qui a pour principal objectif : Comment travailler en interdisciplinarit\u00e9 et favoriser l&rsquo;inclusion.<br>Les partenaires ont pu assister au cours de musique et ont \u00e9t\u00e9 chaleureusement accueillis, en chanson et en cr\u00e9ole par la classe de 3e de la SEGPA avant de recevoir leurs certificats remis par les membres de la direction de l&rsquo;\u00e9tablissement.<\/p>\n\n\n\n<div class=\"alignnormal\"><div id=\"metaslider-id-3633\" style=\"max-width: 1000px; margin: 0 auto;\" class=\"ml-slider-3-108-0 metaslider metaslider-flex metaslider-3633 ml-slider has-dots-nav ms-theme-default\" role=\"region\" aria-label=\"Erasmus Lituanie\" data-height=\"800\" data-width=\"1000\">\n    <div id=\"metaslider_container_3633\">\n        <div id=\"metaslider_3633\" class=\"flexslider\">\n            <ul class='slides'>\n                <li style=\"display: block; width: 100%;\" class=\"slide-3641 ms-image \" aria-roledescription=\"slide\" data-date=\"2023-09-27 00:39:29\" data-filename=\"WhatsApp-Image-2023-09-26-at-21.35.05-1.jpeg\" data-slide-type=\"image\"><img loading=\"lazy\" decoding=\"async\" width=\"1600\" height=\"720\" src=\"https:\/\/site.ac-martinique.fr\/clg-beausejour\/wp-content\/uploads\/sites\/48\/2023\/09\/WhatsApp-Image-2023-09-26-at-21.35.05-1.jpeg\" class=\"slider-3633 slide-3641 msDefaultImage\" alt=\"\" rel=\"\" title=\"WhatsApp Image 2023-09-26 at 21.35.05 (1)\" style=\"margin-top: 17.5%\" srcset=\"https:\/\/site.ac-martinique.fr\/clg-beausejour\/wp-content\/uploads\/sites\/48\/2023\/09\/WhatsApp-Image-2023-09-26-at-21.35.05-1.jpeg 1600w, https:\/\/site.ac-martinique.fr\/clg-beausejour\/wp-content\/uploads\/sites\/48\/2023\/09\/WhatsApp-Image-2023-09-26-at-21.35.05-1-300x135.jpeg 300w, https:\/\/site.ac-martinique.fr\/clg-beausejour\/wp-content\/uploads\/sites\/48\/2023\/09\/WhatsApp-Image-2023-09-26-at-21.35.05-1-1024x461.jpeg 1024w, https:\/\/site.ac-martinique.fr\/clg-beausejour\/wp-content\/uploads\/sites\/48\/2023\/09\/WhatsApp-Image-2023-09-26-at-21.35.05-1-768x346.jpeg 768w, https:\/\/site.ac-martinique.fr\/clg-beausejour\/wp-content\/uploads\/sites\/48\/2023\/09\/WhatsApp-Image-2023-09-26-at-21.35.05-1-1536x691.jpeg 1536w\" sizes=\"auto, 100vw\" \/><\/li>\n                <li style=\"display: none; width: 100%;\" class=\"slide-3642 ms-image \" aria-roledescription=\"slide\" data-date=\"2023-09-27 00:39:29\" data-filename=\"WhatsApp-Image-2023-09-26-at-21.35.05.jpeg\" data-slide-type=\"image\"><img loading=\"lazy\" decoding=\"async\" width=\"1600\" height=\"720\" src=\"https:\/\/site.ac-martinique.fr\/clg-beausejour\/wp-content\/uploads\/sites\/48\/2023\/09\/WhatsApp-Image-2023-09-26-at-21.35.05.jpeg\" class=\"slider-3633 slide-3642 msDefaultImage\" alt=\"\" rel=\"\" title=\"WhatsApp Image 2023-09-26 at 21.35.05\" style=\"margin-top: 17.5%\" srcset=\"https:\/\/site.ac-martinique.fr\/clg-beausejour\/wp-content\/uploads\/sites\/48\/2023\/09\/WhatsApp-Image-2023-09-26-at-21.35.05.jpeg 1600w, https:\/\/site.ac-martinique.fr\/clg-beausejour\/wp-content\/uploads\/sites\/48\/2023\/09\/WhatsApp-Image-2023-09-26-at-21.35.05-300x135.jpeg 300w, https:\/\/site.ac-martinique.fr\/clg-beausejour\/wp-content\/uploads\/sites\/48\/2023\/09\/WhatsApp-Image-2023-09-26-at-21.35.05-1024x461.jpeg 1024w, https:\/\/site.ac-martinique.fr\/clg-beausejour\/wp-content\/uploads\/sites\/48\/2023\/09\/WhatsApp-Image-2023-09-26-at-21.35.05-768x346.jpeg 768w, https:\/\/site.ac-martinique.fr\/clg-beausejour\/wp-content\/uploads\/sites\/48\/2023\/09\/WhatsApp-Image-2023-09-26-at-21.35.05-1536x691.jpeg 1536w\" sizes=\"auto, 100vw\" \/><\/li>\n                <li style=\"display: none; width: 100%;\" class=\"slide-3643 ms-image \" aria-roledescription=\"slide\" data-date=\"2023-09-27 00:39:29\" data-filename=\"WhatsApp-Image-2023-09-26-at-21.35.06-1.jpeg\" data-slide-type=\"image\"><img loading=\"lazy\" decoding=\"async\" width=\"1600\" height=\"720\" src=\"https:\/\/site.ac-martinique.fr\/clg-beausejour\/wp-content\/uploads\/sites\/48\/2023\/09\/WhatsApp-Image-2023-09-26-at-21.35.06-1.jpeg\" class=\"slider-3633 slide-3643 msDefaultImage\" alt=\"\" rel=\"\" title=\"WhatsApp Image 2023-09-26 at 21.35.06 (1)\" style=\"margin-top: 17.5%\" srcset=\"https:\/\/site.ac-martinique.fr\/clg-beausejour\/wp-content\/uploads\/sites\/48\/2023\/09\/WhatsApp-Image-2023-09-26-at-21.35.06-1.jpeg 1600w, https:\/\/site.ac-martinique.fr\/clg-beausejour\/wp-content\/uploads\/sites\/48\/2023\/09\/WhatsApp-Image-2023-09-26-at-21.35.06-1-300x135.jpeg 300w, https:\/\/site.ac-martinique.fr\/clg-beausejour\/wp-content\/uploads\/sites\/48\/2023\/09\/WhatsApp-Image-2023-09-26-at-21.35.06-1-1024x461.jpeg 1024w, https:\/\/site.ac-martinique.fr\/clg-beausejour\/wp-content\/uploads\/sites\/48\/2023\/09\/WhatsApp-Image-2023-09-26-at-21.35.06-1-768x346.jpeg 768w, https:\/\/site.ac-martinique.fr\/clg-beausejour\/wp-content\/uploads\/sites\/48\/2023\/09\/WhatsApp-Image-2023-09-26-at-21.35.06-1-1536x691.jpeg 1536w\" sizes=\"auto, 100vw\" \/><\/li>\n                <li style=\"display: none; width: 100%;\" class=\"slide-3644 ms-image \" aria-roledescription=\"slide\" data-date=\"2023-09-27 00:39:29\" data-filename=\"WhatsApp-Image-2023-09-26-at-21.35.06-2.jpeg\" data-slide-type=\"image\"><img loading=\"lazy\" decoding=\"async\" width=\"1600\" height=\"720\" src=\"https:\/\/site.ac-martinique.fr\/clg-beausejour\/wp-content\/uploads\/sites\/48\/2023\/09\/WhatsApp-Image-2023-09-26-at-21.35.06-2.jpeg\" class=\"slider-3633 slide-3644 msDefaultImage\" alt=\"\" rel=\"\" title=\"WhatsApp Image 2023-09-26 at 21.35.06 (2)\" style=\"margin-top: 17.5%\" srcset=\"https:\/\/site.ac-martinique.fr\/clg-beausejour\/wp-content\/uploads\/sites\/48\/2023\/09\/WhatsApp-Image-2023-09-26-at-21.35.06-2.jpeg 1600w, https:\/\/site.ac-martinique.fr\/clg-beausejour\/wp-content\/uploads\/sites\/48\/2023\/09\/WhatsApp-Image-2023-09-26-at-21.35.06-2-300x135.jpeg 300w, https:\/\/site.ac-martinique.fr\/clg-beausejour\/wp-content\/uploads\/sites\/48\/2023\/09\/WhatsApp-Image-2023-09-26-at-21.35.06-2-1024x461.jpeg 1024w, https:\/\/site.ac-martinique.fr\/clg-beausejour\/wp-content\/uploads\/sites\/48\/2023\/09\/WhatsApp-Image-2023-09-26-at-21.35.06-2-768x346.jpeg 768w, https:\/\/site.ac-martinique.fr\/clg-beausejour\/wp-content\/uploads\/sites\/48\/2023\/09\/WhatsApp-Image-2023-09-26-at-21.35.06-2-1536x691.jpeg 1536w\" sizes=\"auto, 100vw\" \/><\/li>\n                <li style=\"display: none; width: 100%;\" class=\"slide-3645 ms-image \" aria-roledescription=\"slide\" data-date=\"2023-09-27 00:39:30\" data-filename=\"WhatsApp-Image-2023-09-26-at-21.35.06-3.jpeg\" data-slide-type=\"image\"><img loading=\"lazy\" decoding=\"async\" width=\"1600\" height=\"720\" src=\"https:\/\/site.ac-martinique.fr\/clg-beausejour\/wp-content\/uploads\/sites\/48\/2023\/09\/WhatsApp-Image-2023-09-26-at-21.35.06-3.jpeg\" class=\"slider-3633 slide-3645 msDefaultImage\" alt=\"\" rel=\"\" title=\"WhatsApp Image 2023-09-26 at 21.35.06 (3)\" style=\"margin-top: 17.5%\" srcset=\"https:\/\/site.ac-martinique.fr\/clg-beausejour\/wp-content\/uploads\/sites\/48\/2023\/09\/WhatsApp-Image-2023-09-26-at-21.35.06-3.jpeg 1600w, https:\/\/site.ac-martinique.fr\/clg-beausejour\/wp-content\/uploads\/sites\/48\/2023\/09\/WhatsApp-Image-2023-09-26-at-21.35.06-3-300x135.jpeg 300w, https:\/\/site.ac-martinique.fr\/clg-beausejour\/wp-content\/uploads\/sites\/48\/2023\/09\/WhatsApp-Image-2023-09-26-at-21.35.06-3-1024x461.jpeg 1024w, https:\/\/site.ac-martinique.fr\/clg-beausejour\/wp-content\/uploads\/sites\/48\/2023\/09\/WhatsApp-Image-2023-09-26-at-21.35.06-3-768x346.jpeg 768w, https:\/\/site.ac-martinique.fr\/clg-beausejour\/wp-content\/uploads\/sites\/48\/2023\/09\/WhatsApp-Image-2023-09-26-at-21.35.06-3-1536x691.jpeg 1536w\" sizes=\"auto, 100vw\" \/><\/li>\n                <li style=\"display: none; width: 100%;\" class=\"slide-3646 ms-image \" aria-roledescription=\"slide\" data-date=\"2023-09-27 00:39:30\" data-filename=\"WhatsApp-Image-2023-09-26-at-21.35.06.jpeg\" data-slide-type=\"image\"><img loading=\"lazy\" decoding=\"async\" width=\"1600\" height=\"720\" src=\"https:\/\/site.ac-martinique.fr\/clg-beausejour\/wp-content\/uploads\/sites\/48\/2023\/09\/WhatsApp-Image-2023-09-26-at-21.35.06.jpeg\" class=\"slider-3633 slide-3646 msDefaultImage\" alt=\"\" rel=\"\" title=\"WhatsApp Image 2023-09-26 at 21.35.06\" style=\"margin-top: 17.5%\" srcset=\"https:\/\/site.ac-martinique.fr\/clg-beausejour\/wp-content\/uploads\/sites\/48\/2023\/09\/WhatsApp-Image-2023-09-26-at-21.35.06.jpeg 1600w, https:\/\/site.ac-martinique.fr\/clg-beausejour\/wp-content\/uploads\/sites\/48\/2023\/09\/WhatsApp-Image-2023-09-26-at-21.35.06-300x135.jpeg 300w, https:\/\/site.ac-martinique.fr\/clg-beausejour\/wp-content\/uploads\/sites\/48\/2023\/09\/WhatsApp-Image-2023-09-26-at-21.35.06-1024x461.jpeg 1024w, https:\/\/site.ac-martinique.fr\/clg-beausejour\/wp-content\/uploads\/sites\/48\/2023\/09\/WhatsApp-Image-2023-09-26-at-21.35.06-768x346.jpeg 768w, https:\/\/site.ac-martinique.fr\/clg-beausejour\/wp-content\/uploads\/sites\/48\/2023\/09\/WhatsApp-Image-2023-09-26-at-21.35.06-1536x691.jpeg 1536w\" sizes=\"auto, 100vw\" \/><\/li>\n                <li style=\"display: none; width: 100%;\" class=\"slide-3647 ms-image \" aria-roledescription=\"slide\" data-date=\"2023-09-27 00:39:30\" data-filename=\"WhatsApp-Image-2023-09-26-at-21.35.07.jpeg\" data-slide-type=\"image\"><img loading=\"lazy\" decoding=\"async\" width=\"1599\" height=\"899\" src=\"https:\/\/site.ac-martinique.fr\/clg-beausejour\/wp-content\/uploads\/sites\/48\/2023\/09\/WhatsApp-Image-2023-09-26-at-21.35.07.jpeg\" class=\"slider-3633 slide-3647 msDefaultImage\" alt=\"\" rel=\"\" title=\"WhatsApp Image 2023-09-26 at 21.35.07\" style=\"margin-top: 11.888680425266%\" srcset=\"https:\/\/site.ac-martinique.fr\/clg-beausejour\/wp-content\/uploads\/sites\/48\/2023\/09\/WhatsApp-Image-2023-09-26-at-21.35.07.jpeg 1599w, https:\/\/site.ac-martinique.fr\/clg-beausejour\/wp-content\/uploads\/sites\/48\/2023\/09\/WhatsApp-Image-2023-09-26-at-21.35.07-300x169.jpeg 300w, https:\/\/site.ac-martinique.fr\/clg-beausejour\/wp-content\/uploads\/sites\/48\/2023\/09\/WhatsApp-Image-2023-09-26-at-21.35.07-1024x576.jpeg 1024w, https:\/\/site.ac-martinique.fr\/clg-beausejour\/wp-content\/uploads\/sites\/48\/2023\/09\/WhatsApp-Image-2023-09-26-at-21.35.07-768x432.jpeg 768w, https:\/\/site.ac-martinique.fr\/clg-beausejour\/wp-content\/uploads\/sites\/48\/2023\/09\/WhatsApp-Image-2023-09-26-at-21.35.07-1536x864.jpeg 1536w\" sizes=\"auto, 100vw\" \/><\/li>\n            <\/ul>\n        <\/div>\n        \n    <\/div>\n<\/div><\/div>\n\n\n\n<figure class=\"wp-block-embed is-type-wp-embed is-provider-college-beausejour wp-block-embed-college-beausejour\"><div class=\"wp-block-embed__wrapper\">\n<blockquote class=\"wp-embedded-content\" data-secret=\"60QNsp3PDk\"><a href=\"https:\/\/site.ac-martinique.fr\/clg-beausejour\/?p=3658\">ERASMUS DAYS au coll\u00e8ge Beaus\u00e9jour La Trinit\u00e9 les 10 et 12 Octobre 2023.<\/a><\/blockquote><iframe loading=\"lazy\" class=\"wp-embedded-content\" sandbox=\"allow-scripts\" security=\"restricted\" style=\"position: absolute; clip: rect(1px, 1px, 1px, 1px);\" title=\"\u00ab\u00a0ERASMUS DAYS au coll\u00e8ge Beaus\u00e9jour La Trinit\u00e9 les 10 et 12 Octobre 2023.\u00a0\u00bb &#8212; Coll\u00e8ge Beaus\u00e9jour\" src=\"https:\/\/site.ac-martinique.fr\/clg-beausejour\/?p=3658&#038;embed=true#?secret=Gc0DzQQm3E#?secret=60QNsp3PDk\" data-secret=\"60QNsp3PDk\" width=\"525\" height=\"296\" frameborder=\"0\" marginwidth=\"0\" marginheight=\"0\" scrolling=\"no\"><\/iframe>\n<\/div><\/figure>\n","protected":false},"excerpt":{"rendered":"<p>Dans le cadre de nos projets Erasmus+, pour la seconde fois, nous avons re\u00e7u ce lundi 18 septembre une d\u00e9l\u00e9gation compos\u00e9e de professeurs et d&rsquo;un chef d&rsquo;\u00e9tablissement en provenance de la Lituanie.Il s&rsquo;agit de \u00ab\u00a0Job Shadowing\u00a0\u00bb dans le cadre d&rsquo;un projet KA1 qui a pour principal objectif : Comment travailler en interdisciplinarit\u00e9 et favoriser l&rsquo;inclusion.Les &hellip; <\/p>\n<p class=\"link-more\"><a href=\"https:\/\/site.ac-martinique.fr\/clg-beausejour\/?page_id=3631\" class=\"more-link\">Continuer la lecture<span class=\"screen-reader-text\"> de &laquo;&nbsp;Erasmus au Coll\u00e8ge&nbsp;&raquo;<\/span><\/a><\/p>\n","protected":false},"author":115,"featured_media":0,"parent":0,"menu_order":0,"comment_status":"closed","ping_status":"closed","template":"","meta":{"footnotes":""},"class_list":["post-3631","page","type-page","status-publish","hentry"],"_links":{"self":[{"href":"https:\/\/site.ac-martinique.fr\/clg-beausejour\/index.php?rest_route=\/wp\/v2\/pages\/3631","targetHints":{"allow":["GET"]}}],"collection":[{"href":"https:\/\/site.ac-martinique.fr\/clg-beausejour\/index.php?rest_route=\/wp\/v2\/pages"}],"about":[{"href":"https:\/\/site.ac-martinique.fr\/clg-beausejour\/index.php?rest_route=\/wp\/v2\/types\/page"}],"author":[{"embeddable":true,"href":"https:\/\/site.ac-martinique.fr\/clg-beausejour\/index.php?rest_route=\/wp\/v2\/users\/115"}],"replies":[{"embeddable":true,"href":"https:\/\/site.ac-martinique.fr\/clg-beausejour\/index.php?rest_route=%2Fwp%2Fv2%2Fcomments&post=3631"}],"version-history":[{"count":3,"href":"https:\/\/site.ac-martinique.fr\/clg-beausejour\/index.php?rest_route=\/wp\/v2\/pages\/3631\/revisions"}],"predecessor-version":[{"id":3683,"href":"https:\/\/site.ac-martinique.fr\/clg-beausejour\/index.php?rest_route=\/wp\/v2\/pages\/3631\/revisions\/3683"}],"wp:attachment":[{"href":"https:\/\/site.ac-martinique.fr\/clg-beausejour\/index.php?rest_route=%2Fwp%2Fv2%2Fmedia&parent=3631"}],"curies":[{"name":"wp","href":"https:\/\/api.w.org\/{rel}","templated":true}]}}