{"id":498,"date":"2015-05-21T15:43:44","date_gmt":"2015-05-21T19:43:44","guid":{"rendered":"\/clg-beausejour\/?page_id=498"},"modified":"2015-05-21T15:44:45","modified_gmt":"2015-05-21T19:44:45","slug":"lpc","status":"publish","type":"page","link":"https:\/\/site.ac-martinique.fr\/clg-beausejour\/?page_id=498","title":{"rendered":"LPC"},"content":{"rendered":"<p><a href=\"\/clg-beausejour\/wp-content\/uploads\/sites\/48\/2015\/05\/lpc.jpg\"><img loading=\"lazy\" decoding=\"async\" class=\"aligncenter size-full wp-image-499\" src=\"\/clg-beausejour\/wp-content\/uploads\/sites\/48\/2015\/05\/lpc.jpg\" alt=\"lpc\" width=\"150\" height=\"91\" \/><\/a><\/p>\n<p>Le livret personnel de comp\u00e9tences (LPC) atteste l&rsquo;acquisition des connaissances et comp\u00e9tences du socle commun, de l&rsquo;\u00e9cole primaire \u00e0 la fin de la scolarit\u00e9 obligatoire. Depuis la rentr\u00e9e 2009, il est g\u00e9n\u00e9ralis\u00e9 \u00e0 tous les coll\u00e8ges.<\/p>\n<h2>Utiliser le livret, de l&rsquo;\u00e9cole au coll\u00e8ge<\/h2>\n<p>L&rsquo;acquisition du socle commun est progressive. Elle se d\u00e9roule en trois \u00e9tapes : le palier 1, jusqu&rsquo;en CE1, le palier 2, jusqu&rsquo;en CM2 et le palier 3, au coll\u00e8ge. Le livret rassemble les attestations des connaissances et comp\u00e9tences du socle commun acquises aux trois paliers.<\/p>\n<p>A l&rsquo;\u00e9cole primaire, le livret personnel de comp\u00e9tences est une des composantes du livret scolaire. Il est renseign\u00e9 en CE1 et en CM2. Une attestation de ma\u00eetise des connaissances et comp\u00e9tences est alors communiqu\u00e9e \u00e0 la famille. \u00c0 la fin du CM2, le livret est transmis au coll\u00e8ge.<\/p>\n<p>Au coll\u00e8ge, le livret contribue \u00e0 l&rsquo;\u00e9valuation des \u00e9l\u00e8ves, comme le bulletin scolaire. Il inclut aussi les attestations d\u00e9livr\u00e9es au cours de la scolarit\u00e9 obligatoire (attestations de s\u00e9curit\u00e9 routi\u00e8re premier et second niveaux, certificat \u00ab Pr\u00e9vention et secours civiques de niveau 1 \u00bb, brevet informatique et internet (B2i). En fin de 3e ou de scolarit\u00e9 obligatoire, une attestation de ma\u00eetrise des connaissances et comp\u00e9tences du socle commun est remise \u00e0 la famille.<\/p>\n<h2>\u00c9valuer et valider les acquis des \u00e9l\u00e8ves avec le LPC<\/h2>\n<p>Au coll\u00e8ge, des grilles de r\u00e9f\u00e9rence pr\u00e9sentent les \u00e9l\u00e9ments du socle exigibles en fin de coll\u00e8ge. Elles donnent aussi des indications d&rsquo;\u00e9valuation pour chacune des sept comp\u00e9tences. L&rsquo;\u00e9valuation des acquis des \u00e9l\u00e8ves se r\u00e9alise progressivement, de la sixi\u00e8me \u00e0 la troisi\u00e8me, dans chaque discipline. Elle implique l&rsquo;ensemble de l&rsquo;\u00e9quipe p\u00e9dagogique (enseignants, professeur documentaliste, conseiller principal d&rsquo;\u00e9ducation). Les connaissances et comp\u00e9tences du socle commun non valid\u00e9es \u00e0 l&rsquo;issue du coll\u00e8ge sont \u00e0 nouveau \u00e9valu\u00e9es dans la voie de formation choisie, jusqu&rsquo;\u00e0 la fin de la scolarit\u00e9 obligatoire.<\/p>\n<p>La validation privil\u00e9gie une d\u00e9marche coll\u00e9giale. La validation de chacune des comp\u00e9tences du socle concerne l&rsquo;ensemble de l&rsquo;\u00e9quipe p\u00e9dagogique. Le professeur principal renseigne le livret lors d&rsquo;un conseil de classe ou \u00e0 tout autre moment appropri\u00e9 en cours d&rsquo;ann\u00e9e. En fin de troisi\u00e8me, le chef d&rsquo;\u00e9tablissement atteste ou non l&rsquo;acquisition du socle commun.<\/p>\n<p><a href=\"\/clg-beausejour\"><img loading=\"lazy\" decoding=\"async\" class=\"aligncenter size-medium wp-image-401\" src=\"\/clg-beausejour\/wp-content\/uploads\/sites\/48\/2015\/05\/Accueil-300x198.jpg\" alt=\"Accueil\" width=\"100\" height=\"66\" \/><\/a><\/p>\n","protected":false},"excerpt":{"rendered":"<p>Le livret personnel de comp\u00e9tences (LPC) atteste l&rsquo;acquisition des connaissances et comp\u00e9tences du socle commun, de l&rsquo;\u00e9cole primaire \u00e0 la fin de la scolarit\u00e9 obligatoire. Depuis la rentr\u00e9e 2009, il est g\u00e9n\u00e9ralis\u00e9 \u00e0 tous les coll\u00e8ges. Utiliser le livret, de l&rsquo;\u00e9cole au coll\u00e8ge L&rsquo;acquisition du socle commun est progressive. Elle se d\u00e9roule en trois \u00e9tapes &hellip; <\/p>\n<p class=\"link-more\"><a href=\"https:\/\/site.ac-martinique.fr\/clg-beausejour\/?page_id=498\" class=\"more-link\">Continuer la lecture<span class=\"screen-reader-text\"> de &laquo;&nbsp;LPC&nbsp;&raquo;<\/span><\/a><\/p>\n","protected":false},"author":115,"featured_media":0,"parent":0,"menu_order":0,"comment_status":"closed","ping_status":"open","template":"","meta":{"footnotes":""},"class_list":["post-498","page","type-page","status-publish","hentry"],"_links":{"self":[{"href":"https:\/\/site.ac-martinique.fr\/clg-beausejour\/index.php?rest_route=\/wp\/v2\/pages\/498","targetHints":{"allow":["GET"]}}],"collection":[{"href":"https:\/\/site.ac-martinique.fr\/clg-beausejour\/index.php?rest_route=\/wp\/v2\/pages"}],"about":[{"href":"https:\/\/site.ac-martinique.fr\/clg-beausejour\/index.php?rest_route=\/wp\/v2\/types\/page"}],"author":[{"embeddable":true,"href":"https:\/\/site.ac-martinique.fr\/clg-beausejour\/index.php?rest_route=\/wp\/v2\/users\/115"}],"replies":[{"embeddable":true,"href":"https:\/\/site.ac-martinique.fr\/clg-beausejour\/index.php?rest_route=%2Fwp%2Fv2%2Fcomments&post=498"}],"version-history":[{"count":3,"href":"https:\/\/site.ac-martinique.fr\/clg-beausejour\/index.php?rest_route=\/wp\/v2\/pages\/498\/revisions"}],"predecessor-version":[{"id":502,"href":"https:\/\/site.ac-martinique.fr\/clg-beausejour\/index.php?rest_route=\/wp\/v2\/pages\/498\/revisions\/502"}],"wp:attachment":[{"href":"https:\/\/site.ac-martinique.fr\/clg-beausejour\/index.php?rest_route=%2Fwp%2Fv2%2Fmedia&parent=498"}],"curies":[{"name":"wp","href":"https:\/\/api.w.org\/{rel}","templated":true}]}}