{"id":1139,"date":"2016-06-17T19:01:22","date_gmt":"2016-06-17T23:01:22","guid":{"rendered":"\/clg-belleetoile\/?page_id=1139"},"modified":"2016-06-17T19:01:22","modified_gmt":"2016-06-17T23:01:22","slug":"5-sortie-en-foret","status":"publish","type":"page","link":"https:\/\/site.ac-martinique.fr\/clg-belleetoile\/pedagogie\/les-couleurs-de-classe\/projet-developpement-durable\/la-5eme-developpement-durable\/5-sortie-en-foret\/","title":{"rendered":"5. Sortie en for\u00eat"},"content":{"rendered":"<h1 style=\"text-align: center;\"><u>Notre sortie en for\u00eat<\/u><\/h1>\n<p>&nbsp;<\/p>\n<p>Nous sommes all\u00e9es \u00e0 deux for\u00eats\u00a0: la Philippe \u00e0 Sainte-Marie et la Pointe Rouge \u00e0 Trinit\u00e9.<\/p>\n<p>Nous avons fait des groupes de 3 et de 4 et nous nous sommes r\u00e9partis dans la for\u00eat. Chaque groupe devait faire un rectangle de 2 sur 3 et on devait mesurer la hauteur, la circonf\u00e9rence et le diam\u00e8tre des arbres situ\u00e9s \u00e0 l\u2019int\u00e9rieur de ce rectangle.<\/p>\n<p>Il y avait de gros, de moyens, de petits et g\u00e9ants arbres. Une balade a \u00e9t\u00e9 effectu\u00e9e apr\u00e8s le travail.<\/p>\n<p>Nous avons vu diff\u00e9rents arbres\u00a0: le bois lait, le mapou, des figuiers maudits (ils se nomment ainsi car avant on s\u2019en servait\u00a0 pour pendre des personnes), des arbres m\u00e9t\u00e9orologiques\u00a0(ses feuilles se tournent quand il va pleuvoir), des\u00a0 pins cara\u00efbe\u2026<\/p>\n<p>&nbsp;<\/p>\n<p>C\u2019\u00e9tait une agr\u00e9able journ\u00e9e. J\u2019ai retenu que les arbres n\u2019atteignent\u00a0 pas la m\u00eame taille dans toutes les for\u00eats. Par exemple\u00a0: dans la for\u00eat s\u00e8che, les arbres ne deviennent pas tr\u00e8s hauts mais dans une for\u00eat humide, les arbres deviennent hauts.<\/p>\n<p>Le camping est interdit mais rester dormir une nuit est autoris\u00e9.<\/p>\n<p>Cette sortie m\u2019a appris plein de choses. Exemples\u00a0: elle ma permis de mieux d\u00e9couvrir l\u2019environnement, de prendre plus soin de la nature \u00a0et de montrer un exemple pour sauver notre monde.<\/p>\n<p><u>P\u00e9yi nou pa an d\u00e9ch\u00e8tri<\/u><\/p>\n<p>&nbsp;<\/p>\n","protected":false},"excerpt":{"rendered":"<p>Notre sortie en for\u00eat &nbsp; Nous sommes all\u00e9es \u00e0 deux for\u00eats\u00a0: la Philippe \u00e0 Sainte-Marie et la Pointe Rouge \u00e0 Trinit\u00e9. Nous avons fait des groupes de 3 et de 4 et nous nous sommes r\u00e9partis dans la for\u00eat. Chaque &hellip; <a href=\"https:\/\/site.ac-martinique.fr\/clg-belleetoile\/pedagogie\/les-couleurs-de-classe\/projet-developpement-durable\/la-5eme-developpement-durable\/5-sortie-en-foret\/\">Continuer la lecture <span class=\"meta-nav\">&rarr;<\/span><\/a><\/p>\n","protected":false},"author":118,"featured_media":0,"parent":1083,"menu_order":0,"comment_status":"closed","ping_status":"closed","template":"","meta":{"footnotes":""},"class_list":["post-1139","page","type-page","status-publish","hentry"],"_links":{"self":[{"href":"https:\/\/site.ac-martinique.fr\/clg-belleetoile\/wp-json\/wp\/v2\/pages\/1139","targetHints":{"allow":["GET"]}}],"collection":[{"href":"https:\/\/site.ac-martinique.fr\/clg-belleetoile\/wp-json\/wp\/v2\/pages"}],"about":[{"href":"https:\/\/site.ac-martinique.fr\/clg-belleetoile\/wp-json\/wp\/v2\/types\/page"}],"author":[{"embeddable":true,"href":"https:\/\/site.ac-martinique.fr\/clg-belleetoile\/wp-json\/wp\/v2\/users\/118"}],"replies":[{"embeddable":true,"href":"https:\/\/site.ac-martinique.fr\/clg-belleetoile\/wp-json\/wp\/v2\/comments?post=1139"}],"version-history":[{"count":1,"href":"https:\/\/site.ac-martinique.fr\/clg-belleetoile\/wp-json\/wp\/v2\/pages\/1139\/revisions"}],"predecessor-version":[{"id":1140,"href":"https:\/\/site.ac-martinique.fr\/clg-belleetoile\/wp-json\/wp\/v2\/pages\/1139\/revisions\/1140"}],"up":[{"embeddable":true,"href":"https:\/\/site.ac-martinique.fr\/clg-belleetoile\/wp-json\/wp\/v2\/pages\/1083"}],"wp:attachment":[{"href":"https:\/\/site.ac-martinique.fr\/clg-belleetoile\/wp-json\/wp\/v2\/media?parent=1139"}],"curies":[{"name":"wp","href":"https:\/\/api.w.org\/{rel}","templated":true}]}}