{"id":1698,"date":"2017-12-18T21:25:35","date_gmt":"2017-12-19T01:25:35","guid":{"rendered":"\/clg-belleetoile\/?page_id=1698"},"modified":"2017-12-18T21:32:23","modified_gmt":"2017-12-19T01:32:23","slug":"nos-collegiens-de-saint-joseph-font-leur-jazz-a-latrium","status":"publish","type":"page","link":"https:\/\/site.ac-martinique.fr\/clg-belleetoile\/photos\/nos-collegiens-de-saint-joseph-font-leur-jazz-a-latrium\/","title":{"rendered":"NOS COLL\u00c9GIENS DE SAINT-JOSEPH FONT LEUR \u00ab JAZZ  A L\u2019ATRIUM \u00bb"},"content":{"rendered":"<p>&nbsp;<\/p>\n<p><strong>NOS COLLEGIENS DE SAINT-JOSEPH FONT LEUR \u00ab\u00a0JAZZ\u00a0 A L\u2019ATRIUM\u00a0\u00bb<\/strong><\/p>\n<div id='gallery-1' class='gallery galleryid-1698 gallery-columns-3 gallery-size-thumbnail'><dl class='gallery-item'>\n\t\t\t<dt class='gallery-icon landscape'>\n\t\t\t\t<a href='https:\/\/site.ac-martinique.fr\/clg-belleetoile\/photos\/nos-collegiens-de-saint-joseph-font-leur-jazz-a-latrium\/img_20171130_110558\/'><img loading=\"lazy\" decoding=\"async\" width=\"150\" height=\"150\" src=\"https:\/\/site.ac-martinique.fr\/clg-belleetoile\/wp-content\/uploads\/sites\/49\/2017\/12\/IMG_20171130_110558-150x150.jpg\" class=\"attachment-thumbnail size-thumbnail\" alt=\"\" \/><\/a>\n\t\t\t<\/dt><\/dl><dl class='gallery-item'>\n\t\t\t<dt class='gallery-icon landscape'>\n\t\t\t\t<a href='https:\/\/site.ac-martinique.fr\/clg-belleetoile\/photos\/nos-collegiens-de-saint-joseph-font-leur-jazz-a-latrium\/img_20171130_110527\/'><img loading=\"lazy\" decoding=\"async\" width=\"150\" height=\"150\" src=\"https:\/\/site.ac-martinique.fr\/clg-belleetoile\/wp-content\/uploads\/sites\/49\/2017\/12\/IMG_20171130_110527-150x150.jpg\" class=\"attachment-thumbnail size-thumbnail\" alt=\"\" \/><\/a>\n\t\t\t<\/dt><\/dl><dl class='gallery-item'>\n\t\t\t<dt class='gallery-icon landscape'>\n\t\t\t\t<a href='https:\/\/site.ac-martinique.fr\/clg-belleetoile\/photos\/nos-collegiens-de-saint-joseph-font-leur-jazz-a-latrium\/img_20171130_110541\/'><img loading=\"lazy\" decoding=\"async\" width=\"150\" height=\"150\" src=\"https:\/\/site.ac-martinique.fr\/clg-belleetoile\/wp-content\/uploads\/sites\/49\/2017\/12\/IMG_20171130_110541-150x150.jpg\" class=\"attachment-thumbnail size-thumbnail\" alt=\"\" \/><\/a>\n\t\t\t<\/dt><\/dl><br style=\"clear: both\" \/>\n\t\t<\/div>\n\n<p>Lors de la <strong>sortie p\u00e9dagogique du 30 novembre 2017 \u00e0 l&rsquo;Atrium dans le cadre du Martinique Jazz Festival<\/strong>, 47 \u00e9l\u00e8ves et 5 accompagnateurs du coll\u00e8ge de Belle Etoile de Saint-Joseph \u00e9taient aux premi\u00e8res loges pour assister aux concerts de jazz \u00a0donn\u00e9s par des artistes de renom. Plusieurs classes 606, 504 et 401 se sont mobilis\u00e9es pour participer activement \u00e0 cette manifestation.<\/p>\n<p>Pour la tr\u00e8s grande majorit\u00e9 des \u00e9l\u00e8ves c&rsquo;\u00e9tait la premi\u00e8re fois qu&rsquo;ils se rendaient \u00e0 l&rsquo;Atrium. Nos \u00e9l\u00e8ves se sont bien comport\u00e9s et ont \u00e9t\u00e9 particuli\u00e8rement r\u00e9ceptifs aux concerts. Ils ont \u00e9t\u00e9 dynamiques et pertinents lors de l&rsquo;\u00e9change avec les artistes. Ils \u00e9taient nombreux \u00e0 vouloir communiquer avec les artistes, une majorit\u00e9 a pu le faire et d&rsquo;une fa\u00e7on tr\u00e8s intelligente.<\/p>\n<p>Ce fut une sortie fut b\u00e9n\u00e9fique aux \u00e9l\u00e8ves qui ont pu aborder un nouveau lieu de culture avec ses codes, ses exigences de savoir-\u00eatre, une nouvelle fa\u00e7on d&rsquo;aborder et d\u2019appr\u00e9hender les apprentissages. Gr\u00e2ce au travail fait en amont au sein du cours d\u2019\u00e9ducation musicale, les \u00e9l\u00e8ves ont pour la plupart fait le lien entre les notions abord\u00e9es au sein du cours d&rsquo;\u00e9ducation musicale et la sortie.<\/p>\n<p>F\u00e9licitations donc aux coll\u00e9giens de Saint-Joseph qui ont montr\u00e9 un vif int\u00e9r\u00eat \u00e0 une manifestation culturelle de qualit\u00e9, r\u00e9put\u00e9e d\u2019acc\u00e8s difficile.<\/p>\n<p>Que la direction, les professeurs principaux, la vie scolaire, les accompagnateurs soient remerci\u00e9s pour leur contribution \u00e0 la r\u00e9ussite de cette sortie qui aura marqu\u00e9 le parcours culturel de nos \u00e9l\u00e8ves.<\/p>\n<p><strong>Mme JANICKI Professeur d\u2019Education Musicale <\/strong><\/p>\n<p><strong>Coll\u00e8ge \u00a0Belle \u00a0Etoile de Saint Joseph <\/strong><\/p>\n<p>&nbsp;<\/p>\n","protected":false},"excerpt":{"rendered":"<p>&nbsp; NOS COLLEGIENS DE SAINT-JOSEPH FONT LEUR \u00ab\u00a0JAZZ\u00a0 A L\u2019ATRIUM\u00a0\u00bb Lors de la sortie p\u00e9dagogique du 30 novembre 2017 \u00e0 l&rsquo;Atrium dans le cadre du Martinique Jazz Festival, 47 \u00e9l\u00e8ves et 5 accompagnateurs du coll\u00e8ge de Belle Etoile de Saint-Joseph &hellip; <a href=\"https:\/\/site.ac-martinique.fr\/clg-belleetoile\/photos\/nos-collegiens-de-saint-joseph-font-leur-jazz-a-latrium\/\">Continuer la lecture <span class=\"meta-nav\">&rarr;<\/span><\/a><\/p>\n","protected":false},"author":118,"featured_media":0,"parent":462,"menu_order":3,"comment_status":"closed","ping_status":"closed","template":"","meta":{"footnotes":""},"class_list":["post-1698","page","type-page","status-publish","hentry"],"_links":{"self":[{"href":"https:\/\/site.ac-martinique.fr\/clg-belleetoile\/wp-json\/wp\/v2\/pages\/1698","targetHints":{"allow":["GET"]}}],"collection":[{"href":"https:\/\/site.ac-martinique.fr\/clg-belleetoile\/wp-json\/wp\/v2\/pages"}],"about":[{"href":"https:\/\/site.ac-martinique.fr\/clg-belleetoile\/wp-json\/wp\/v2\/types\/page"}],"author":[{"embeddable":true,"href":"https:\/\/site.ac-martinique.fr\/clg-belleetoile\/wp-json\/wp\/v2\/users\/118"}],"replies":[{"embeddable":true,"href":"https:\/\/site.ac-martinique.fr\/clg-belleetoile\/wp-json\/wp\/v2\/comments?post=1698"}],"version-history":[{"count":3,"href":"https:\/\/site.ac-martinique.fr\/clg-belleetoile\/wp-json\/wp\/v2\/pages\/1698\/revisions"}],"predecessor-version":[{"id":1704,"href":"https:\/\/site.ac-martinique.fr\/clg-belleetoile\/wp-json\/wp\/v2\/pages\/1698\/revisions\/1704"}],"up":[{"embeddable":true,"href":"https:\/\/site.ac-martinique.fr\/clg-belleetoile\/wp-json\/wp\/v2\/pages\/462"}],"wp:attachment":[{"href":"https:\/\/site.ac-martinique.fr\/clg-belleetoile\/wp-json\/wp\/v2\/media?parent=1698"}],"curies":[{"name":"wp","href":"https:\/\/api.w.org\/{rel}","templated":true}]}}