{"id":2016,"date":"2018-09-20T05:49:37","date_gmt":"2018-09-20T09:49:37","guid":{"rendered":"\/clg-belleetoile\/?page_id=2016"},"modified":"2018-09-20T05:49:37","modified_gmt":"2018-09-20T09:49:37","slug":"hommage-a-aime-cesaire-2008-2018-10-ans-deja","status":"publish","type":"page","link":"https:\/\/site.ac-martinique.fr\/clg-belleetoile\/photos\/hommage-a-aime-cesaire-2008-2018-10-ans-deja\/","title":{"rendered":"Hommage \u00e0 Aim\u00e9 C\u00e9saire 2008-2018 10 ans d\u00e9j\u00e0!!!"},"content":{"rendered":"<p style=\"text-align: center;\"><a href=\"\/clg-belleetoile\/wp-content\/uploads\/sites\/49\/2018\/04\/Affiche-2010.jpg\"><img loading=\"lazy\" decoding=\"async\" class=\"wp-image-1886 alignleft\" src=\"\/clg-belleetoile\/wp-content\/uploads\/sites\/49\/2018\/04\/Affiche-2010-212x300.jpg\" alt=\"\" width=\"291\" height=\"412\" srcset=\"https:\/\/site.ac-martinique.fr\/clg-belleetoile\/wp-content\/uploads\/sites\/49\/2018\/04\/Affiche-2010-212x300.jpg 212w, https:\/\/site.ac-martinique.fr\/clg-belleetoile\/wp-content\/uploads\/sites\/49\/2018\/04\/Affiche-2010-768x1086.jpg 768w, https:\/\/site.ac-martinique.fr\/clg-belleetoile\/wp-content\/uploads\/sites\/49\/2018\/04\/Affiche-2010-724x1024.jpg 724w, https:\/\/site.ac-martinique.fr\/clg-belleetoile\/wp-content\/uploads\/sites\/49\/2018\/04\/Affiche-2010.jpg 1240w\" sizes=\"auto, (max-width: 291px) 100vw, 291px\" \/><\/a><\/p>\n<p style=\"text-align: center;\"><a href=\"\/clg-belleetoile\/wp-content\/uploads\/sites\/49\/2018\/04\/ccer.png\"><img loading=\"lazy\" decoding=\"async\" class=\"alignnone wp-image-1890\" src=\"\/clg-belleetoile\/wp-content\/uploads\/sites\/49\/2018\/04\/ccer-300x54.png\" alt=\"\" width=\"317\" height=\"57\" srcset=\"https:\/\/site.ac-martinique.fr\/clg-belleetoile\/wp-content\/uploads\/sites\/49\/2018\/04\/ccer-300x54.png 300w, https:\/\/site.ac-martinique.fr\/clg-belleetoile\/wp-content\/uploads\/sites\/49\/2018\/04\/ccer.png 443w\" sizes=\"auto, (max-width: 317px) 100vw, 317px\" \/><\/a><\/p>\n<p style=\"text-align: center;\">Le Coll\u00e8ge Belle \u00e9toile en collaboration avec le Centre C\u00e9sairien d&rsquo;Etudes et de Recherches (C.C.E.R.) rendent hommage \u00e0 Aim\u00e9 C\u00e9saire le mardi 17 avril 2018 dans le cadre du dizaine anniversaire de sa mort.<\/p>\n","protected":false},"excerpt":{"rendered":"<p>Le Coll\u00e8ge Belle \u00e9toile en collaboration avec le Centre C\u00e9sairien d&rsquo;Etudes et de Recherches (C.C.E.R.) rendent hommage \u00e0 Aim\u00e9 C\u00e9saire le mardi 17 avril 2018 dans le cadre du dizaine anniversaire de sa mort.<\/p>\n","protected":false},"author":118,"featured_media":0,"parent":462,"menu_order":5,"comment_status":"closed","ping_status":"closed","template":"","meta":{"footnotes":""},"class_list":["post-2016","page","type-page","status-publish","hentry"],"_links":{"self":[{"href":"https:\/\/site.ac-martinique.fr\/clg-belleetoile\/wp-json\/wp\/v2\/pages\/2016","targetHints":{"allow":["GET"]}}],"collection":[{"href":"https:\/\/site.ac-martinique.fr\/clg-belleetoile\/wp-json\/wp\/v2\/pages"}],"about":[{"href":"https:\/\/site.ac-martinique.fr\/clg-belleetoile\/wp-json\/wp\/v2\/types\/page"}],"author":[{"embeddable":true,"href":"https:\/\/site.ac-martinique.fr\/clg-belleetoile\/wp-json\/wp\/v2\/users\/118"}],"replies":[{"embeddable":true,"href":"https:\/\/site.ac-martinique.fr\/clg-belleetoile\/wp-json\/wp\/v2\/comments?post=2016"}],"version-history":[{"count":1,"href":"https:\/\/site.ac-martinique.fr\/clg-belleetoile\/wp-json\/wp\/v2\/pages\/2016\/revisions"}],"predecessor-version":[{"id":2018,"href":"https:\/\/site.ac-martinique.fr\/clg-belleetoile\/wp-json\/wp\/v2\/pages\/2016\/revisions\/2018"}],"up":[{"embeddable":true,"href":"https:\/\/site.ac-martinique.fr\/clg-belleetoile\/wp-json\/wp\/v2\/pages\/462"}],"wp:attachment":[{"href":"https:\/\/site.ac-martinique.fr\/clg-belleetoile\/wp-json\/wp\/v2\/media?parent=2016"}],"curies":[{"name":"wp","href":"https:\/\/api.w.org\/{rel}","templated":true}]}}