{"id":2023,"date":"2018-09-20T05:55:59","date_gmt":"2018-09-20T09:55:59","guid":{"rendered":"\/clg-belleetoile\/?page_id=2023"},"modified":"2018-09-20T05:55:59","modified_gmt":"2018-09-20T09:55:59","slug":"le-cross-2017-2018-en-images","status":"publish","type":"page","link":"https:\/\/site.ac-martinique.fr\/clg-belleetoile\/photos\/le-cross-2017-2018-en-images\/","title":{"rendered":"Le CROSS 2017-2018 en images"},"content":{"rendered":"<p style=\"text-align: center;\"><strong>777CROSS DU 1<sup>er<\/sup> D\u00c9CEMBRE 2017<\/strong><\/p>\n<p style=\"text-align: center;\"><a href=\"\/clg-belleetoile\/wp-content\/uploads\/sites\/49\/2018\/01\/cross-1er-degre.png\">\u00a0<img loading=\"lazy\" decoding=\"async\" class=\"alignnone size-medium wp-image-1715\" src=\"\/clg-belleetoile\/wp-content\/uploads\/sites\/49\/2018\/01\/cross-1er-degre-300x201.png\" alt=\"\" width=\"300\" height=\"201\" srcset=\"https:\/\/site.ac-martinique.fr\/clg-belleetoile\/wp-content\/uploads\/sites\/49\/2018\/01\/cross-1er-degre-300x201.png 300w, https:\/\/site.ac-martinique.fr\/clg-belleetoile\/wp-content\/uploads\/sites\/49\/2018\/01\/cross-1er-degre-768x515.png 768w, https:\/\/site.ac-martinique.fr\/clg-belleetoile\/wp-content\/uploads\/sites\/49\/2018\/01\/cross-1er-degre-1024x687.png 1024w, https:\/\/site.ac-martinique.fr\/clg-belleetoile\/wp-content\/uploads\/sites\/49\/2018\/01\/cross-1er-degre.png 1079w\" sizes=\"auto, (max-width: 300px) 100vw, 300px\" \/>\u00a0\u00a0\u00a0\u00a0 <\/a><a href=\"\/clg-belleetoile\/wp-content\/uploads\/sites\/49\/2018\/01\/cross-1er-degre-2.png\"><img loading=\"lazy\" decoding=\"async\" class=\"alignnone wp-image-1713\" src=\"\/clg-belleetoile\/wp-content\/uploads\/sites\/49\/2018\/01\/cross-1er-degre-2-300x156.png\" alt=\"\" width=\"315\" height=\"164\" srcset=\"https:\/\/site.ac-martinique.fr\/clg-belleetoile\/wp-content\/uploads\/sites\/49\/2018\/01\/cross-1er-degre-2-300x156.png 300w, https:\/\/site.ac-martinique.fr\/clg-belleetoile\/wp-content\/uploads\/sites\/49\/2018\/01\/cross-1er-degre-2-768x400.png 768w, https:\/\/site.ac-martinique.fr\/clg-belleetoile\/wp-content\/uploads\/sites\/49\/2018\/01\/cross-1er-degre-2-1024x533.png 1024w, https:\/\/site.ac-martinique.fr\/clg-belleetoile\/wp-content\/uploads\/sites\/49\/2018\/01\/cross-1er-degre-2.png 1028w\" sizes=\"auto, (max-width: 315px) 100vw, 315px\" \/><\/a><\/p>\n<p style=\"text-align: center;\"><a href=\"\/clg-belleetoile\/wp-content\/uploads\/sites\/49\/2018\/01\/cross-stade.png\"><img loading=\"lazy\" decoding=\"async\" class=\"alignnone wp-image-1811\" src=\"\/clg-belleetoile\/wp-content\/uploads\/sites\/49\/2018\/01\/cross-stade-300x93.png\" alt=\"\" width=\"381\" height=\"118\" srcset=\"https:\/\/site.ac-martinique.fr\/clg-belleetoile\/wp-content\/uploads\/sites\/49\/2018\/01\/cross-stade-300x93.png 300w, https:\/\/site.ac-martinique.fr\/clg-belleetoile\/wp-content\/uploads\/sites\/49\/2018\/01\/cross-stade-768x239.png 768w, https:\/\/site.ac-martinique.fr\/clg-belleetoile\/wp-content\/uploads\/sites\/49\/2018\/01\/cross-stade-1024x318.png 1024w, https:\/\/site.ac-martinique.fr\/clg-belleetoile\/wp-content\/uploads\/sites\/49\/2018\/01\/cross-stade.png 1193w\" sizes=\"auto, (max-width: 381px) 100vw, 381px\" \/><\/a><\/p>\n<p style=\"text-align: center;\">Classes de 5<sup>e<\/sup><\/p>\n<p style=\"text-align: center;\">Echauffement<\/p>\n<p style=\"text-align: center;\"><a href=\"\/clg-belleetoile\/wp-content\/uploads\/sites\/49\/2018\/01\/echauffement.jpg\"><img loading=\"lazy\" decoding=\"async\" class=\"alignnone size-medium wp-image-1718\" src=\"\/clg-belleetoile\/wp-content\/uploads\/sites\/49\/2018\/01\/echauffement-300x225.jpg\" alt=\"\" width=\"300\" height=\"225\" srcset=\"https:\/\/site.ac-martinique.fr\/clg-belleetoile\/wp-content\/uploads\/sites\/49\/2018\/01\/echauffement-300x225.jpg 300w, https:\/\/site.ac-martinique.fr\/clg-belleetoile\/wp-content\/uploads\/sites\/49\/2018\/01\/echauffement.jpg 589w\" sizes=\"auto, (max-width: 300px) 100vw, 300px\" \/><\/a><\/p>\n<p style=\"text-align: center;\">D\u00e9part<\/p>\n<p style=\"text-align: left;\"><a href=\"\/clg-belleetoile\/wp-content\/uploads\/sites\/49\/2018\/01\/depart-1.jpg\"><img loading=\"lazy\" decoding=\"async\" class=\"alignnone size-medium wp-image-1729\" src=\"\/clg-belleetoile\/wp-content\/uploads\/sites\/49\/2018\/01\/depart-1-300x225.jpg\" alt=\"\" width=\"300\" height=\"225\" srcset=\"https:\/\/site.ac-martinique.fr\/clg-belleetoile\/wp-content\/uploads\/sites\/49\/2018\/01\/depart-1-300x225.jpg 300w, https:\/\/site.ac-martinique.fr\/clg-belleetoile\/wp-content\/uploads\/sites\/49\/2018\/01\/depart-1.jpg 650w\" sizes=\"auto, (max-width: 300px) 100vw, 300px\" \/>\u00a0\u00a0\u00a0 <\/a><a href=\"\/clg-belleetoile\/wp-content\/uploads\/sites\/49\/2018\/01\/depart-2.jpg\"><img loading=\"lazy\" decoding=\"async\" class=\"alignnone size-medium wp-image-1730\" src=\"\/clg-belleetoile\/wp-content\/uploads\/sites\/49\/2018\/01\/depart-2-300x225.jpg\" alt=\"\" width=\"300\" height=\"225\" srcset=\"https:\/\/site.ac-martinique.fr\/clg-belleetoile\/wp-content\/uploads\/sites\/49\/2018\/01\/depart-2-300x225.jpg 300w, https:\/\/site.ac-martinique.fr\/clg-belleetoile\/wp-content\/uploads\/sites\/49\/2018\/01\/depart-2.jpg 630w\" sizes=\"auto, (max-width: 300px) 100vw, 300px\" \/><\/a><\/p>\n<p style=\"text-align: center;\">Arriv\u00e9e<\/p>\n<p style=\"text-align: left;\"><a href=\"\/clg-belleetoile\/wp-content\/uploads\/sites\/49\/2018\/01\/arriv\u00e9e1.jpg\"><img loading=\"lazy\" decoding=\"async\" class=\"alignnone size-medium wp-image-1733\" src=\"\/clg-belleetoile\/wp-content\/uploads\/sites\/49\/2018\/01\/arriv\u00e9e1-300x225.jpg\" alt=\"\" width=\"300\" height=\"225\" srcset=\"https:\/\/site.ac-martinique.fr\/clg-belleetoile\/wp-content\/uploads\/sites\/49\/2018\/01\/arriv\u00e9e1-300x225.jpg 300w, https:\/\/site.ac-martinique.fr\/clg-belleetoile\/wp-content\/uploads\/sites\/49\/2018\/01\/arriv\u00e9e1.jpg 535w\" sizes=\"auto, (max-width: 300px) 100vw, 300px\" \/><\/a>\u00a0\u00a0\u00a0 <a href=\"\/clg-belleetoile\/wp-content\/uploads\/sites\/49\/2018\/01\/arriv\u00e9e2.jpg\"><img loading=\"lazy\" decoding=\"async\" class=\"alignnone size-medium wp-image-1734\" src=\"\/clg-belleetoile\/wp-content\/uploads\/sites\/49\/2018\/01\/arriv\u00e9e2-300x225.jpg\" alt=\"\" width=\"300\" height=\"225\" srcset=\"https:\/\/site.ac-martinique.fr\/clg-belleetoile\/wp-content\/uploads\/sites\/49\/2018\/01\/arriv\u00e9e2-300x225.jpg 300w, https:\/\/site.ac-martinique.fr\/clg-belleetoile\/wp-content\/uploads\/sites\/49\/2018\/01\/arriv\u00e9e2.jpg 539w\" sizes=\"auto, (max-width: 300px) 100vw, 300px\" \/><\/a><\/p>\n<p style=\"text-align: center;\">Classe de 4<sup>e<\/sup><\/p>\n<p style=\"text-align: left;\"><a href=\"\/clg-belleetoile\/wp-content\/uploads\/sites\/49\/2018\/01\/classe-de-4eme-1-cross.jpg\"><img loading=\"lazy\" decoding=\"async\" class=\"alignnone size-medium wp-image-1754\" src=\"\/clg-belleetoile\/wp-content\/uploads\/sites\/49\/2018\/01\/classe-de-4eme-1-cross-300x225.jpg\" alt=\"\" width=\"300\" height=\"225\" srcset=\"https:\/\/site.ac-martinique.fr\/clg-belleetoile\/wp-content\/uploads\/sites\/49\/2018\/01\/classe-de-4eme-1-cross-300x225.jpg 300w, https:\/\/site.ac-martinique.fr\/clg-belleetoile\/wp-content\/uploads\/sites\/49\/2018\/01\/classe-de-4eme-1-cross.jpg 704w\" sizes=\"auto, (max-width: 300px) 100vw, 300px\" \/>\u00a0\u00a0\u00a0\u00a0 <\/a><a href=\"\/clg-belleetoile\/wp-content\/uploads\/sites\/49\/2018\/01\/classe-de-4eme-2.jpg\"><img loading=\"lazy\" decoding=\"async\" class=\"alignnone size-medium wp-image-1755\" src=\"\/clg-belleetoile\/wp-content\/uploads\/sites\/49\/2018\/01\/classe-de-4eme-2-300x225.jpg\" alt=\"\" width=\"300\" height=\"225\" srcset=\"https:\/\/site.ac-martinique.fr\/clg-belleetoile\/wp-content\/uploads\/sites\/49\/2018\/01\/classe-de-4eme-2-300x225.jpg 300w, https:\/\/site.ac-martinique.fr\/clg-belleetoile\/wp-content\/uploads\/sites\/49\/2018\/01\/classe-de-4eme-2.jpg 703w\" sizes=\"auto, (max-width: 300px) 100vw, 300px\" \/><\/a><\/p>\n<p style=\"text-align: center;\">Arriv\u00e9e<\/p>\n<p style=\"text-align: left;\"><a href=\"\/clg-belleetoile\/wp-content\/uploads\/sites\/49\/2018\/01\/classe-de-4eme-arriv\u00e9e-cross1.png\"><img loading=\"lazy\" decoding=\"async\" class=\"alignnone size-medium wp-image-1756\" src=\"\/clg-belleetoile\/wp-content\/uploads\/sites\/49\/2018\/01\/classe-de-4eme-arriv\u00e9e-cross1-300x205.png\" alt=\"\" width=\"300\" height=\"205\" srcset=\"https:\/\/site.ac-martinique.fr\/clg-belleetoile\/wp-content\/uploads\/sites\/49\/2018\/01\/classe-de-4eme-arriv\u00e9e-cross1-300x205.png 300w, https:\/\/site.ac-martinique.fr\/clg-belleetoile\/wp-content\/uploads\/sites\/49\/2018\/01\/classe-de-4eme-arriv\u00e9e-cross1-768x524.png 768w, https:\/\/site.ac-martinique.fr\/clg-belleetoile\/wp-content\/uploads\/sites\/49\/2018\/01\/classe-de-4eme-arriv\u00e9e-cross1-1024x699.png 1024w, https:\/\/site.ac-martinique.fr\/clg-belleetoile\/wp-content\/uploads\/sites\/49\/2018\/01\/classe-de-4eme-arriv\u00e9e-cross1.png 1112w\" sizes=\"auto, (max-width: 300px) 100vw, 300px\" \/><\/a>\u00a0\u00a0 <a href=\"\/clg-belleetoile\/wp-content\/uploads\/sites\/49\/2018\/01\/classe-de-4eme-arriv\u00e9e-cross2.png\"><img loading=\"lazy\" decoding=\"async\" class=\"alignnone size-medium wp-image-1757\" src=\"\/clg-belleetoile\/wp-content\/uploads\/sites\/49\/2018\/01\/classe-de-4eme-arriv\u00e9e-cross2-300x178.png\" alt=\"\" width=\"300\" height=\"178\" srcset=\"https:\/\/site.ac-martinique.fr\/clg-belleetoile\/wp-content\/uploads\/sites\/49\/2018\/01\/classe-de-4eme-arriv\u00e9e-cross2-300x178.png 300w, https:\/\/site.ac-martinique.fr\/clg-belleetoile\/wp-content\/uploads\/sites\/49\/2018\/01\/classe-de-4eme-arriv\u00e9e-cross2.png 756w\" sizes=\"auto, (max-width: 300px) 100vw, 300px\" \/><\/a><\/p>\n<p style=\"text-align: center;\">D\u00e9part de la course des \u00e9l\u00e8ves de CM2 et de 6<sup>e<\/sup><\/p>\n<p style=\"text-align: center;\"><a href=\"\/clg-belleetoile\/wp-content\/uploads\/sites\/49\/2018\/01\/depart-course-cm2-6.png\"><img loading=\"lazy\" decoding=\"async\" class=\"alignnone size-medium wp-image-1777\" src=\"\/clg-belleetoile\/wp-content\/uploads\/sites\/49\/2018\/01\/depart-course-cm2-6-300x144.png\" alt=\"\" width=\"300\" height=\"144\" srcset=\"https:\/\/site.ac-martinique.fr\/clg-belleetoile\/wp-content\/uploads\/sites\/49\/2018\/01\/depart-course-cm2-6-300x144.png 300w, https:\/\/site.ac-martinique.fr\/clg-belleetoile\/wp-content\/uploads\/sites\/49\/2018\/01\/depart-course-cm2-6-768x369.png 768w, https:\/\/site.ac-martinique.fr\/clg-belleetoile\/wp-content\/uploads\/sites\/49\/2018\/01\/depart-course-cm2-6-1024x492.png 1024w, https:\/\/site.ac-martinique.fr\/clg-belleetoile\/wp-content\/uploads\/sites\/49\/2018\/01\/depart-course-cm2-6.png 1151w\" sizes=\"auto, (max-width: 300px) 100vw, 300px\" \/><\/a><\/p>\n<p style=\"text-align: center;\">\u00a0<a href=\"\/clg-belleetoile\/wp-content\/uploads\/sites\/49\/2018\/01\/depart-course-cm2-6-2.png\"><img loading=\"lazy\" decoding=\"async\" class=\"alignnone size-medium wp-image-1779\" src=\"\/clg-belleetoile\/wp-content\/uploads\/sites\/49\/2018\/01\/depart-course-cm2-6-2-300x158.png\" alt=\"\" width=\"300\" height=\"158\" srcset=\"https:\/\/site.ac-martinique.fr\/clg-belleetoile\/wp-content\/uploads\/sites\/49\/2018\/01\/depart-course-cm2-6-2-300x158.png 300w, https:\/\/site.ac-martinique.fr\/clg-belleetoile\/wp-content\/uploads\/sites\/49\/2018\/01\/depart-course-cm2-6-2-768x405.png 768w, https:\/\/site.ac-martinique.fr\/clg-belleetoile\/wp-content\/uploads\/sites\/49\/2018\/01\/depart-course-cm2-6-2-1024x540.png 1024w, https:\/\/site.ac-martinique.fr\/clg-belleetoile\/wp-content\/uploads\/sites\/49\/2018\/01\/depart-course-cm2-6-2.png 1143w\" sizes=\"auto, (max-width: 300px) 100vw, 300px\" \/><\/a><\/p>\n<p style=\"text-align: center;\"><a href=\"\/clg-belleetoile\/wp-content\/uploads\/sites\/49\/2018\/01\/depart-course-cm2-6-3.png\"><img loading=\"lazy\" decoding=\"async\" class=\"alignnone size-medium wp-image-1780\" src=\"\/clg-belleetoile\/wp-content\/uploads\/sites\/49\/2018\/01\/depart-course-cm2-6-3-300x132.png\" alt=\"\" width=\"300\" height=\"132\" srcset=\"https:\/\/site.ac-martinique.fr\/clg-belleetoile\/wp-content\/uploads\/sites\/49\/2018\/01\/depart-course-cm2-6-3-300x132.png 300w, https:\/\/site.ac-martinique.fr\/clg-belleetoile\/wp-content\/uploads\/sites\/49\/2018\/01\/depart-course-cm2-6-3-768x339.png 768w, https:\/\/site.ac-martinique.fr\/clg-belleetoile\/wp-content\/uploads\/sites\/49\/2018\/01\/depart-course-cm2-6-3-1024x451.png 1024w, https:\/\/site.ac-martinique.fr\/clg-belleetoile\/wp-content\/uploads\/sites\/49\/2018\/01\/depart-course-cm2-6-3.png 1107w\" sizes=\"auto, (max-width: 300px) 100vw, 300px\" \/><\/a><\/p>\n<p style=\"text-align: center;\">\u00a0<a href=\"\/clg-belleetoile\/wp-content\/uploads\/sites\/49\/2018\/01\/depart-course-cm2-6-6.png\"><img loading=\"lazy\" decoding=\"async\" class=\"alignnone size-medium wp-image-1785\" src=\"\/clg-belleetoile\/wp-content\/uploads\/sites\/49\/2018\/01\/depart-course-cm2-6-6-300x204.png\" alt=\"\" width=\"300\" height=\"204\" srcset=\"https:\/\/site.ac-martinique.fr\/clg-belleetoile\/wp-content\/uploads\/sites\/49\/2018\/01\/depart-course-cm2-6-6-300x204.png 300w, https:\/\/site.ac-martinique.fr\/clg-belleetoile\/wp-content\/uploads\/sites\/49\/2018\/01\/depart-course-cm2-6-6-768x523.png 768w, https:\/\/site.ac-martinique.fr\/clg-belleetoile\/wp-content\/uploads\/sites\/49\/2018\/01\/depart-course-cm2-6-6.png 897w\" sizes=\"auto, (max-width: 300px) 100vw, 300px\" \/><\/a><\/p>\n<p style=\"text-align: center;\"><a href=\"\/clg-belleetoile\/wp-content\/uploads\/sites\/49\/2018\/01\/depart-course-cm2-6-5-1.png\"><img loading=\"lazy\" decoding=\"async\" class=\"alignnone size-medium wp-image-1784\" src=\"\/clg-belleetoile\/wp-content\/uploads\/sites\/49\/2018\/01\/depart-course-cm2-6-5-1-300x195.png\" alt=\"\" width=\"300\" height=\"195\" srcset=\"https:\/\/site.ac-martinique.fr\/clg-belleetoile\/wp-content\/uploads\/sites\/49\/2018\/01\/depart-course-cm2-6-5-1-300x195.png 300w, https:\/\/site.ac-martinique.fr\/clg-belleetoile\/wp-content\/uploads\/sites\/49\/2018\/01\/depart-course-cm2-6-5-1-768x499.png 768w, https:\/\/site.ac-martinique.fr\/clg-belleetoile\/wp-content\/uploads\/sites\/49\/2018\/01\/depart-course-cm2-6-5-1.png 965w\" sizes=\"auto, (max-width: 300px) 100vw, 300px\" \/><\/a><\/p>\n<p style=\"text-align: center;\">Danses<\/p>\n<p style=\"text-align: left;\">\u00a0\u00a0 <a href=\"\/clg-belleetoile\/wp-content\/uploads\/sites\/49\/2018\/01\/danses-2.jpg\"><img loading=\"lazy\" decoding=\"async\" class=\"alignnone size-medium wp-image-1789\" src=\"\/clg-belleetoile\/wp-content\/uploads\/sites\/49\/2018\/01\/danses-2-300x225.jpg\" alt=\"\" width=\"300\" height=\"225\" srcset=\"https:\/\/site.ac-martinique.fr\/clg-belleetoile\/wp-content\/uploads\/sites\/49\/2018\/01\/danses-2-300x225.jpg 300w, https:\/\/site.ac-martinique.fr\/clg-belleetoile\/wp-content\/uploads\/sites\/49\/2018\/01\/danses-2.jpg 632w\" sizes=\"auto, (max-width: 300px) 100vw, 300px\" \/><\/a><a href=\"\/clg-belleetoile\/wp-content\/uploads\/sites\/49\/2018\/01\/danses-3.png\">\u00a0\u00a0\u00a0 <\/a><a href=\"\/clg-belleetoile\/wp-content\/uploads\/sites\/49\/2018\/01\/danses-3.png\"><img loading=\"lazy\" decoding=\"async\" class=\"alignnone size-medium wp-image-1790\" src=\"\/clg-belleetoile\/wp-content\/uploads\/sites\/49\/2018\/01\/danses-3-300x211.png\" alt=\"\" width=\"300\" height=\"211\" srcset=\"https:\/\/site.ac-martinique.fr\/clg-belleetoile\/wp-content\/uploads\/sites\/49\/2018\/01\/danses-3-300x211.png 300w, https:\/\/site.ac-martinique.fr\/clg-belleetoile\/wp-content\/uploads\/sites\/49\/2018\/01\/danses-3.png 734w\" sizes=\"auto, (max-width: 300px) 100vw, 300px\" \/><\/a><\/p>\n<p style=\"text-align: center;\"><a href=\"\/clg-belleetoile\/wp-content\/uploads\/sites\/49\/2018\/01\/danses-1.png\"><img loading=\"lazy\" decoding=\"async\" class=\"alignnone size-medium wp-image-1788\" src=\"\/clg-belleetoile\/wp-content\/uploads\/sites\/49\/2018\/01\/danses-1-300x144.png\" alt=\"\" width=\"300\" height=\"144\" srcset=\"https:\/\/site.ac-martinique.fr\/clg-belleetoile\/wp-content\/uploads\/sites\/49\/2018\/01\/danses-1-300x144.png 300w, https:\/\/site.ac-martinique.fr\/clg-belleetoile\/wp-content\/uploads\/sites\/49\/2018\/01\/danses-1-768x369.png 768w, https:\/\/site.ac-martinique.fr\/clg-belleetoile\/wp-content\/uploads\/sites\/49\/2018\/01\/danses-1-1024x492.png 1024w, https:\/\/site.ac-martinique.fr\/clg-belleetoile\/wp-content\/uploads\/sites\/49\/2018\/01\/danses-1.png 1157w\" sizes=\"auto, (max-width: 300px) 100vw, 300px\" \/><\/a><\/p>\n<p style=\"text-align: center;\">D\u00e9part des \u00e9l\u00e8ves de 3<sup>e<\/sup><\/p>\n<p style=\"text-align: center;\">\u00a0<a href=\"\/clg-belleetoile\/wp-content\/uploads\/sites\/49\/2018\/01\/depart-3eme.png\"><img loading=\"lazy\" decoding=\"async\" class=\"alignnone size-medium wp-image-1794\" src=\"\/clg-belleetoile\/wp-content\/uploads\/sites\/49\/2018\/01\/depart-3eme-300x158.png\" alt=\"\" width=\"300\" height=\"158\" srcset=\"https:\/\/site.ac-martinique.fr\/clg-belleetoile\/wp-content\/uploads\/sites\/49\/2018\/01\/depart-3eme-300x158.png 300w, https:\/\/site.ac-martinique.fr\/clg-belleetoile\/wp-content\/uploads\/sites\/49\/2018\/01\/depart-3eme-768x403.png 768w, https:\/\/site.ac-martinique.fr\/clg-belleetoile\/wp-content\/uploads\/sites\/49\/2018\/01\/depart-3eme-1024x538.png 1024w, https:\/\/site.ac-martinique.fr\/clg-belleetoile\/wp-content\/uploads\/sites\/49\/2018\/01\/depart-3eme.png 1087w\" sizes=\"auto, (max-width: 300px) 100vw, 300px\" \/><\/a><\/p>\n<p style=\"text-align: center;\"><strong>Les podiums<\/strong><\/p>\n<p style=\"text-align: center;\">Les \u00e9l\u00e8ves des CM2<\/p>\n<p style=\"text-align: left;\"><a href=\"\/clg-belleetoile\/wp-content\/uploads\/sites\/49\/2018\/01\/podium-1.png\"><img loading=\"lazy\" decoding=\"async\" class=\"alignnone size-medium wp-image-1795\" src=\"\/clg-belleetoile\/wp-content\/uploads\/sites\/49\/2018\/01\/podium-1-300x214.png\" alt=\"\" width=\"300\" height=\"214\" srcset=\"https:\/\/site.ac-martinique.fr\/clg-belleetoile\/wp-content\/uploads\/sites\/49\/2018\/01\/podium-1-300x214.png 300w, https:\/\/site.ac-martinique.fr\/clg-belleetoile\/wp-content\/uploads\/sites\/49\/2018\/01\/podium-1-768x547.png 768w, https:\/\/site.ac-martinique.fr\/clg-belleetoile\/wp-content\/uploads\/sites\/49\/2018\/01\/podium-1.png 962w\" sizes=\"auto, (max-width: 300px) 100vw, 300px\" \/><\/a>\u00a0\u00a0 <a href=\"\/clg-belleetoile\/wp-content\/uploads\/sites\/49\/2018\/01\/podium-2.png\"><img loading=\"lazy\" decoding=\"async\" class=\"alignnone size-medium wp-image-1796\" src=\"\/clg-belleetoile\/wp-content\/uploads\/sites\/49\/2018\/01\/podium-2-300x254.png\" alt=\"\" width=\"300\" height=\"254\" srcset=\"https:\/\/site.ac-martinique.fr\/clg-belleetoile\/wp-content\/uploads\/sites\/49\/2018\/01\/podium-2-300x254.png 300w, https:\/\/site.ac-martinique.fr\/clg-belleetoile\/wp-content\/uploads\/sites\/49\/2018\/01\/podium-2.png 747w\" sizes=\"auto, (max-width: 300px) 100vw, 300px\" \/><\/a><\/p>\n<p style=\"text-align: center;\">Les 6<sup>e<\/sup><\/p>\n<p style=\"text-align: left;\"><a href=\"\/clg-belleetoile\/wp-content\/uploads\/sites\/49\/2018\/01\/podium-6e-1.png\"><img loading=\"lazy\" decoding=\"async\" class=\"alignnone size-medium wp-image-1799\" src=\"\/clg-belleetoile\/wp-content\/uploads\/sites\/49\/2018\/01\/podium-6e-1-300x208.png\" alt=\"\" width=\"300\" height=\"208\" srcset=\"https:\/\/site.ac-martinique.fr\/clg-belleetoile\/wp-content\/uploads\/sites\/49\/2018\/01\/podium-6e-1-300x208.png 300w, https:\/\/site.ac-martinique.fr\/clg-belleetoile\/wp-content\/uploads\/sites\/49\/2018\/01\/podium-6e-1.png 758w\" sizes=\"auto, (max-width: 300px) 100vw, 300px\" \/><\/a>\u00a0\u00a0\u00a0 <a href=\"\/clg-belleetoile\/wp-content\/uploads\/sites\/49\/2018\/01\/podium-6e-2.png\"><img loading=\"lazy\" decoding=\"async\" class=\"alignnone size-medium wp-image-1800\" src=\"\/clg-belleetoile\/wp-content\/uploads\/sites\/49\/2018\/01\/podium-6e-2-300x267.png\" alt=\"\" width=\"300\" height=\"267\" srcset=\"https:\/\/site.ac-martinique.fr\/clg-belleetoile\/wp-content\/uploads\/sites\/49\/2018\/01\/podium-6e-2-300x267.png 300w, https:\/\/site.ac-martinique.fr\/clg-belleetoile\/wp-content\/uploads\/sites\/49\/2018\/01\/podium-6e-2-768x684.png 768w, https:\/\/site.ac-martinique.fr\/clg-belleetoile\/wp-content\/uploads\/sites\/49\/2018\/01\/podium-6e-2.png 909w\" sizes=\"auto, (max-width: 300px) 100vw, 300px\" \/><\/a><\/p>\n<p style=\"text-align: center;\">Les 5<sup>e<\/sup><\/p>\n<p style=\"text-align: left;\"><a href=\"\/clg-belleetoile\/wp-content\/uploads\/sites\/49\/2018\/01\/podium-5e-1.png\"><img loading=\"lazy\" decoding=\"async\" class=\"alignnone size-medium wp-image-1801\" src=\"\/clg-belleetoile\/wp-content\/uploads\/sites\/49\/2018\/01\/podium-5e-1-300x235.png\" alt=\"\" width=\"300\" height=\"235\" srcset=\"https:\/\/site.ac-martinique.fr\/clg-belleetoile\/wp-content\/uploads\/sites\/49\/2018\/01\/podium-5e-1-300x235.png 300w, https:\/\/site.ac-martinique.fr\/clg-belleetoile\/wp-content\/uploads\/sites\/49\/2018\/01\/podium-5e-1-768x602.png 768w, https:\/\/site.ac-martinique.fr\/clg-belleetoile\/wp-content\/uploads\/sites\/49\/2018\/01\/podium-5e-1.png 933w\" sizes=\"auto, (max-width: 300px) 100vw, 300px\" \/><\/a>\u00a0\u00a0 <a href=\"\/clg-belleetoile\/wp-content\/uploads\/sites\/49\/2018\/01\/podium-5e-2.png\"><img loading=\"lazy\" decoding=\"async\" class=\"alignnone size-medium wp-image-1802\" src=\"\/clg-belleetoile\/wp-content\/uploads\/sites\/49\/2018\/01\/podium-5e-2-300x241.png\" alt=\"\" width=\"300\" height=\"241\" srcset=\"https:\/\/site.ac-martinique.fr\/clg-belleetoile\/wp-content\/uploads\/sites\/49\/2018\/01\/podium-5e-2-300x241.png 300w, https:\/\/site.ac-martinique.fr\/clg-belleetoile\/wp-content\/uploads\/sites\/49\/2018\/01\/podium-5e-2-768x616.png 768w, https:\/\/site.ac-martinique.fr\/clg-belleetoile\/wp-content\/uploads\/sites\/49\/2018\/01\/podium-5e-2.png 921w\" sizes=\"auto, (max-width: 300px) 100vw, 300px\" \/><\/a><\/p>\n<p style=\"text-align: center;\">\u00a0Les 4<sup>e<\/sup><\/p>\n<p style=\"text-align: left;\"><a href=\"\/clg-belleetoile\/wp-content\/uploads\/sites\/49\/2018\/01\/podium-4e-1.png\"><img loading=\"lazy\" decoding=\"async\" class=\"alignnone size-medium wp-image-1803\" src=\"\/clg-belleetoile\/wp-content\/uploads\/sites\/49\/2018\/01\/podium-4e-1-300x182.png\" alt=\"\" width=\"300\" height=\"182\" srcset=\"https:\/\/site.ac-martinique.fr\/clg-belleetoile\/wp-content\/uploads\/sites\/49\/2018\/01\/podium-4e-1-300x182.png 300w, https:\/\/site.ac-martinique.fr\/clg-belleetoile\/wp-content\/uploads\/sites\/49\/2018\/01\/podium-4e-1-768x467.png 768w, https:\/\/site.ac-martinique.fr\/clg-belleetoile\/wp-content\/uploads\/sites\/49\/2018\/01\/podium-4e-1-1024x622.png 1024w, https:\/\/site.ac-martinique.fr\/clg-belleetoile\/wp-content\/uploads\/sites\/49\/2018\/01\/podium-4e-1.png 1119w\" sizes=\"auto, (max-width: 300px) 100vw, 300px\" \/><\/a><sup>\u00a0\u00a0\u00a0 <a href=\"\/clg-belleetoile\/wp-content\/uploads\/sites\/49\/2018\/01\/podium-4e-2.png\"><img loading=\"lazy\" decoding=\"async\" class=\"alignnone size-medium wp-image-1804\" src=\"\/clg-belleetoile\/wp-content\/uploads\/sites\/49\/2018\/01\/podium-4e-2-300x217.png\" alt=\"\" width=\"300\" height=\"217\" srcset=\"https:\/\/site.ac-martinique.fr\/clg-belleetoile\/wp-content\/uploads\/sites\/49\/2018\/01\/podium-4e-2-300x217.png 300w, https:\/\/site.ac-martinique.fr\/clg-belleetoile\/wp-content\/uploads\/sites\/49\/2018\/01\/podium-4e-2-768x555.png 768w, https:\/\/site.ac-martinique.fr\/clg-belleetoile\/wp-content\/uploads\/sites\/49\/2018\/01\/podium-4e-2.png 977w\" sizes=\"auto, (max-width: 300px) 100vw, 300px\" \/><\/a><\/sup><\/p>\n<p style=\"text-align: center;\">Les 3<sup>e<\/sup><\/p>\n<p style=\"text-align: left;\"><a href=\"\/clg-belleetoile\/wp-content\/uploads\/sites\/49\/2018\/01\/podium-3e-1.png\"><img loading=\"lazy\" decoding=\"async\" class=\"alignnone size-medium wp-image-1805\" src=\"\/clg-belleetoile\/wp-content\/uploads\/sites\/49\/2018\/01\/podium-3e-1-300x209.png\" alt=\"\" width=\"300\" height=\"209\" srcset=\"https:\/\/site.ac-martinique.fr\/clg-belleetoile\/wp-content\/uploads\/sites\/49\/2018\/01\/podium-3e-1-300x209.png 300w, https:\/\/site.ac-martinique.fr\/clg-belleetoile\/wp-content\/uploads\/sites\/49\/2018\/01\/podium-3e-1-768x535.png 768w, https:\/\/site.ac-martinique.fr\/clg-belleetoile\/wp-content\/uploads\/sites\/49\/2018\/01\/podium-3e-1-1024x714.png 1024w, https:\/\/site.ac-martinique.fr\/clg-belleetoile\/wp-content\/uploads\/sites\/49\/2018\/01\/podium-3e-1.png 1138w\" sizes=\"auto, (max-width: 300px) 100vw, 300px\" \/><\/a>\u00a0 <a href=\"\/clg-belleetoile\/wp-content\/uploads\/sites\/49\/2018\/01\/podium-3e-2.png\"><img loading=\"lazy\" decoding=\"async\" class=\"alignnone size-medium wp-image-1806\" src=\"\/clg-belleetoile\/wp-content\/uploads\/sites\/49\/2018\/01\/podium-3e-2-300x207.png\" alt=\"\" width=\"300\" height=\"207\" srcset=\"https:\/\/site.ac-martinique.fr\/clg-belleetoile\/wp-content\/uploads\/sites\/49\/2018\/01\/podium-3e-2-300x207.png 300w, https:\/\/site.ac-martinique.fr\/clg-belleetoile\/wp-content\/uploads\/sites\/49\/2018\/01\/podium-3e-2-768x530.png 768w, https:\/\/site.ac-martinique.fr\/clg-belleetoile\/wp-content\/uploads\/sites\/49\/2018\/01\/podium-3e-2.png 991w\" sizes=\"auto, (max-width: 300px) 100vw, 300px\" \/><\/a><\/p>\n","protected":false},"excerpt":{"rendered":"<p>777CROSS DU 1er D\u00c9CEMBRE 2017 \u00a0\u00a0\u00a0\u00a0\u00a0 Classes de 5e Echauffement D\u00e9part \u00a0\u00a0\u00a0 Arriv\u00e9e \u00a0\u00a0\u00a0 Classe de 4e \u00a0\u00a0\u00a0\u00a0 Arriv\u00e9e \u00a0\u00a0 D\u00e9part de la course des \u00e9l\u00e8ves de CM2 et de 6e \u00a0 \u00a0 Danses \u00a0\u00a0 \u00a0\u00a0\u00a0 D\u00e9part des \u00e9l\u00e8ves de &hellip; <a href=\"https:\/\/site.ac-martinique.fr\/clg-belleetoile\/photos\/le-cross-2017-2018-en-images\/\">Continuer la lecture <span class=\"meta-nav\">&rarr;<\/span><\/a><\/p>\n","protected":false},"author":118,"featured_media":0,"parent":462,"menu_order":8,"comment_status":"closed","ping_status":"closed","template":"","meta":{"footnotes":""},"class_list":["post-2023","page","type-page","status-publish","hentry"],"_links":{"self":[{"href":"https:\/\/site.ac-martinique.fr\/clg-belleetoile\/wp-json\/wp\/v2\/pages\/2023","targetHints":{"allow":["GET"]}}],"collection":[{"href":"https:\/\/site.ac-martinique.fr\/clg-belleetoile\/wp-json\/wp\/v2\/pages"}],"about":[{"href":"https:\/\/site.ac-martinique.fr\/clg-belleetoile\/wp-json\/wp\/v2\/types\/page"}],"author":[{"embeddable":true,"href":"https:\/\/site.ac-martinique.fr\/clg-belleetoile\/wp-json\/wp\/v2\/users\/118"}],"replies":[{"embeddable":true,"href":"https:\/\/site.ac-martinique.fr\/clg-belleetoile\/wp-json\/wp\/v2\/comments?post=2023"}],"version-history":[{"count":1,"href":"https:\/\/site.ac-martinique.fr\/clg-belleetoile\/wp-json\/wp\/v2\/pages\/2023\/revisions"}],"predecessor-version":[{"id":2024,"href":"https:\/\/site.ac-martinique.fr\/clg-belleetoile\/wp-json\/wp\/v2\/pages\/2023\/revisions\/2024"}],"up":[{"embeddable":true,"href":"https:\/\/site.ac-martinique.fr\/clg-belleetoile\/wp-json\/wp\/v2\/pages\/462"}],"wp:attachment":[{"href":"https:\/\/site.ac-martinique.fr\/clg-belleetoile\/wp-json\/wp\/v2\/media?parent=2023"}],"curies":[{"name":"wp","href":"https:\/\/api.w.org\/{rel}","templated":true}]}}