{"id":250,"date":"2014-08-10T13:44:52","date_gmt":"2014-08-10T17:44:52","guid":{"rendered":"\/clg-belleetoile\/?page_id=250"},"modified":"2014-08-10T15:32:23","modified_gmt":"2014-08-10T19:32:23","slug":"la-4eme-defense","status":"publish","type":"page","link":"https:\/\/site.ac-martinique.fr\/clg-belleetoile\/pedagogie\/les-couleurs-de-classe\/la-4eme-defense\/","title":{"rendered":"La 4\u00e8me D\u00e9fense"},"content":{"rendered":"<p><a href=\"\/clg-belleetoile\/wp-content\/uploads\/sites\/49\/2014\/08\/4eme-defense.ppsx\">La pr\u00e9sentation de la 4\u00e8me D\u00e9fense<\/a><\/p>\n<p><a href=\"\/clg-belleetoile\/?page_id=323\">Les travaux de la 4\u00e8me D 2013\/2014<\/a><\/p>\n","protected":false},"excerpt":{"rendered":"<p>La pr\u00e9sentation de la 4\u00e8me D\u00e9fense Les travaux de la 4\u00e8me D 2013\/2014<\/p>\n","protected":false},"author":118,"featured_media":0,"parent":178,"menu_order":0,"comment_status":"closed","ping_status":"open","template":"","meta":{"footnotes":""},"class_list":["post-250","page","type-page","status-publish","hentry"],"_links":{"self":[{"href":"https:\/\/site.ac-martinique.fr\/clg-belleetoile\/wp-json\/wp\/v2\/pages\/250","targetHints":{"allow":["GET"]}}],"collection":[{"href":"https:\/\/site.ac-martinique.fr\/clg-belleetoile\/wp-json\/wp\/v2\/pages"}],"about":[{"href":"https:\/\/site.ac-martinique.fr\/clg-belleetoile\/wp-json\/wp\/v2\/types\/page"}],"author":[{"embeddable":true,"href":"https:\/\/site.ac-martinique.fr\/clg-belleetoile\/wp-json\/wp\/v2\/users\/118"}],"replies":[{"embeddable":true,"href":"https:\/\/site.ac-martinique.fr\/clg-belleetoile\/wp-json\/wp\/v2\/comments?post=250"}],"version-history":[{"count":5,"href":"https:\/\/site.ac-martinique.fr\/clg-belleetoile\/wp-json\/wp\/v2\/pages\/250\/revisions"}],"predecessor-version":[{"id":330,"href":"https:\/\/site.ac-martinique.fr\/clg-belleetoile\/wp-json\/wp\/v2\/pages\/250\/revisions\/330"}],"up":[{"embeddable":true,"href":"https:\/\/site.ac-martinique.fr\/clg-belleetoile\/wp-json\/wp\/v2\/pages\/178"}],"wp:attachment":[{"href":"https:\/\/site.ac-martinique.fr\/clg-belleetoile\/wp-json\/wp\/v2\/media?parent=250"}],"curies":[{"name":"wp","href":"https:\/\/api.w.org\/{rel}","templated":true}]}}