{"id":2602,"date":"2020-02-10T21:37:18","date_gmt":"2020-02-11T01:37:18","guid":{"rendered":"\/clg-belleetoile\/?page_id=2602"},"modified":"2020-02-26T10:09:25","modified_gmt":"2020-02-26T14:09:25","slug":"notre-projet-erasmus-2020-2022","status":"publish","type":"page","link":"https:\/\/site.ac-martinique.fr\/clg-belleetoile\/ouverture-a-linternational\/notre-projet-erasmus-2020-2022\/","title":{"rendered":"Notre projet Erasmus +  2020 &#8211; 2022"},"content":{"rendered":"<h2><a href=\"\/clg-belleetoile\/wp-content\/uploads\/sites\/49\/2019\/12\/erasmus-.jpg\"><img loading=\"lazy\" decoding=\"async\" class=\"alignnone size-medium wp-image-2617\" src=\"\/clg-belleetoile\/wp-content\/uploads\/sites\/49\/2019\/12\/erasmus--300x121.jpg\" alt=\"\" width=\"300\" height=\"121\" srcset=\"https:\/\/site.ac-martinique.fr\/clg-belleetoile\/wp-content\/uploads\/sites\/49\/2019\/12\/erasmus--300x121.jpg 300w, https:\/\/site.ac-martinique.fr\/clg-belleetoile\/wp-content\/uploads\/sites\/49\/2019\/12\/erasmus--768x309.jpg 768w, https:\/\/site.ac-martinique.fr\/clg-belleetoile\/wp-content\/uploads\/sites\/49\/2019\/12\/erasmus-.jpg 958w\" sizes=\"auto, (max-width: 300px) 100vw, 300px\" \/><\/a><\/h2>\n<h2>Des nouvelles du projet.<\/h2>\n<h3>Il y a 20 candidats \u00e0 la mobilit\u00e9 vers quatre destinations europ\u00e9ennes.<\/h3>\n<h3>(\u00e0 savoir: vous avez d\u00fb choisir 3 formations, mais chacun ne partira qu&rsquo;une seule fois. Comme je vous l&rsquo;ai d\u00e9j\u00e0 dit, je d\u00e9couvre les choses en m\u00eame temps que vous !)<\/h3>\n<h3>La formation linguistique se fait en ligne \u00e0 partir de maintenant jusqu&rsquo;\u00e0 votre d\u00e9part.<\/h3>\n<h3>Vous devez d&rsquo;abord \u00e9valuer votre niveau d&rsquo;anglais sur ce site:<\/h3>\n<h3 style=\"text-align: center;\"><a href=\"https:\/\/altissia.org\/fr\/test-niveau-anglais-gratuit\/\" target=\"_blank\">Tests de niveau<\/a><\/h3>\n<h3>Ensuite, vous avez plusieurs sites pour travailler votre anglais.<\/h3>\n<ul>\n<li style=\"text-align: center;\">\n<h3>\u00a0 \u00a0\u00a0<a href=\"https:\/\/fr.duolingo.com\/course\/en\/fr\/apprends-anglais\" target=\"_blank\">duolingo<\/a><\/h3>\n<\/li>\n<li style=\"text-align: center;\">\n<h3>\u00a0 \u00a0 \u00a0\u00a0<a href=\"https:\/\/begin.babbel.com\/fr\/multilanguage_selection\/?bsc=aw6b-fraall-desktop-control&amp;btp=default&amp;gclid=Cj0KCQiAm4TyBRDgARIsAOU75soo_ApnBHmJ6n8rfyvF3oPf9N9ptXx8vJt_ftcKijJeM77y-yfwtu8aAoRREALw_wcB&amp;utm_content=282871204_21199470604_aud-595829110551%3Akwd-96813789_285741441340\" target=\"_blank\">Babel<\/a><\/h3>\n<\/li>\n<\/ul>\n<h3>Il vous faudra\u00a0enfin obtenir sur ces sites un certificat de niveau B1 ou B2.<\/h3>\n<h3>Si vous avez d&rsquo;autres questions, rendez-vous sur le groupe.<\/h3>\n<h3><\/h3>\n","protected":false},"excerpt":{"rendered":"<p>Des nouvelles du projet. Il y a 20 candidats \u00e0 la mobilit\u00e9 vers quatre destinations europ\u00e9ennes. (\u00e0 savoir: vous avez d\u00fb choisir 3 formations, mais chacun ne partira qu&rsquo;une seule fois. Comme je vous l&rsquo;ai d\u00e9j\u00e0 dit, je d\u00e9couvre les &hellip; <a href=\"https:\/\/site.ac-martinique.fr\/clg-belleetoile\/ouverture-a-linternational\/notre-projet-erasmus-2020-2022\/\">Continuer la lecture <span class=\"meta-nav\">&rarr;<\/span><\/a><\/p>\n","protected":false},"author":117,"featured_media":0,"parent":2223,"menu_order":0,"comment_status":"closed","ping_status":"closed","template":"","meta":{"footnotes":""},"class_list":["post-2602","page","type-page","status-publish","hentry"],"_links":{"self":[{"href":"https:\/\/site.ac-martinique.fr\/clg-belleetoile\/wp-json\/wp\/v2\/pages\/2602","targetHints":{"allow":["GET"]}}],"collection":[{"href":"https:\/\/site.ac-martinique.fr\/clg-belleetoile\/wp-json\/wp\/v2\/pages"}],"about":[{"href":"https:\/\/site.ac-martinique.fr\/clg-belleetoile\/wp-json\/wp\/v2\/types\/page"}],"author":[{"embeddable":true,"href":"https:\/\/site.ac-martinique.fr\/clg-belleetoile\/wp-json\/wp\/v2\/users\/117"}],"replies":[{"embeddable":true,"href":"https:\/\/site.ac-martinique.fr\/clg-belleetoile\/wp-json\/wp\/v2\/comments?post=2602"}],"version-history":[{"count":7,"href":"https:\/\/site.ac-martinique.fr\/clg-belleetoile\/wp-json\/wp\/v2\/pages\/2602\/revisions"}],"predecessor-version":[{"id":2621,"href":"https:\/\/site.ac-martinique.fr\/clg-belleetoile\/wp-json\/wp\/v2\/pages\/2602\/revisions\/2621"}],"up":[{"embeddable":true,"href":"https:\/\/site.ac-martinique.fr\/clg-belleetoile\/wp-json\/wp\/v2\/pages\/2223"}],"wp:attachment":[{"href":"https:\/\/site.ac-martinique.fr\/clg-belleetoile\/wp-json\/wp\/v2\/media?parent=2602"}],"curies":[{"name":"wp","href":"https:\/\/api.w.org\/{rel}","templated":true}]}}