{"id":458,"date":"2014-08-11T14:44:48","date_gmt":"2014-08-11T18:44:48","guid":{"rendered":"\/clg-belleetoile\/?page_id=458"},"modified":"2014-08-11T14:44:48","modified_gmt":"2014-08-11T18:44:48","slug":"ouverture-europeenne-et-internationale","status":"publish","type":"page","link":"https:\/\/site.ac-martinique.fr\/clg-belleetoile\/pedagogie\/projets-europeens\/ouverture-europeenne-et-internationale\/","title":{"rendered":"Ouverture europ\u00e9enne et internationale"},"content":{"rendered":"<p>Karine L\u2019HOSTIS\u00a0\u00a0ERAEI (\u00a0Enseignant R\u00e9f\u00e9rent \u00e0 l&rsquo;Action Europ\u00e9enne et\u00a0Internationale\u00a0)\u00a0\u00a0Belle\u00a0Etoile<\/p>\n<p><em><a href=\"mailto:alhost95@gmail.com\">alhost95@gmail.com<\/a><\/em><\/p>\n<p><em><a href=\"mailto:dareic@ac-martinique.fr\">dareic@ac-martinique.fr<\/a><\/em><\/p>\n<p>&nbsp;<\/p>\n<p><strong><span style=\"text-decoration: underline;\">h<a href=\"http:\/\/www.2e2f.fr\/\" target=\"_blank\">ttp:\/\/www.2e2f.fr\/<\/a><\/span><\/strong><\/p>\n<p><strong><\/strong>\u00a0<strong><span style=\"text-decoration: underline;\"><span style=\"color: #0066cc;\"><a href=\"http:\/\/erasmusplus.fr\/penelope\/index.php\" target=\"_blank\">http:\/\/www.etwinning.net\/fr\/pub\/index.htm<\/a><\/span><\/span><\/strong><\/p>\n<p><strong><\/strong>\u00a0<strong><a href=\"http:\/\/www.jeunesseenaction.fr\/\" target=\"_blank\">http:\/\/www.jeunesseenaction.fr\/<\/a><\/strong><\/p>\n<p><a href=\"http:\/\/erasmusplus.fr\/penelope\/index.php\" target=\"_blank\"><strong>http:\/\/erasmusplus.fr\/penelope\/index.php<\/strong><\/a><\/p>\n","protected":false},"excerpt":{"rendered":"<p>Karine L\u2019HOSTIS\u00a0\u00a0ERAEI (\u00a0Enseignant R\u00e9f\u00e9rent \u00e0 l&rsquo;Action Europ\u00e9enne et\u00a0Internationale\u00a0)\u00a0\u00a0Belle\u00a0Etoile alhost95@gmail.com dareic@ac-martinique.fr &nbsp; http:\/\/www.2e2f.fr\/ \u00a0http:\/\/www.etwinning.net\/fr\/pub\/index.htm \u00a0http:\/\/www.jeunesseenaction.fr\/ http:\/\/erasmusplus.fr\/penelope\/index.php<\/p>\n","protected":false},"author":118,"featured_media":0,"parent":278,"menu_order":0,"comment_status":"closed","ping_status":"open","template":"","meta":{"footnotes":""},"class_list":["post-458","page","type-page","status-publish","hentry"],"_links":{"self":[{"href":"https:\/\/site.ac-martinique.fr\/clg-belleetoile\/wp-json\/wp\/v2\/pages\/458","targetHints":{"allow":["GET"]}}],"collection":[{"href":"https:\/\/site.ac-martinique.fr\/clg-belleetoile\/wp-json\/wp\/v2\/pages"}],"about":[{"href":"https:\/\/site.ac-martinique.fr\/clg-belleetoile\/wp-json\/wp\/v2\/types\/page"}],"author":[{"embeddable":true,"href":"https:\/\/site.ac-martinique.fr\/clg-belleetoile\/wp-json\/wp\/v2\/users\/118"}],"replies":[{"embeddable":true,"href":"https:\/\/site.ac-martinique.fr\/clg-belleetoile\/wp-json\/wp\/v2\/comments?post=458"}],"version-history":[{"count":1,"href":"https:\/\/site.ac-martinique.fr\/clg-belleetoile\/wp-json\/wp\/v2\/pages\/458\/revisions"}],"predecessor-version":[{"id":459,"href":"https:\/\/site.ac-martinique.fr\/clg-belleetoile\/wp-json\/wp\/v2\/pages\/458\/revisions\/459"}],"up":[{"embeddable":true,"href":"https:\/\/site.ac-martinique.fr\/clg-belleetoile\/wp-json\/wp\/v2\/pages\/278"}],"wp:attachment":[{"href":"https:\/\/site.ac-martinique.fr\/clg-belleetoile\/wp-json\/wp\/v2\/media?parent=458"}],"curies":[{"name":"wp","href":"https:\/\/api.w.org\/{rel}","templated":true}]}}