{"id":722,"date":"2014-11-26T18:59:44","date_gmt":"2014-11-26T22:59:44","guid":{"rendered":"\/clg-belleetoile\/?page_id=722"},"modified":"2018-09-19T05:23:28","modified_gmt":"2018-09-19T09:23:28","slug":"previsions-meteorologiques-de-la-4eme-c","status":"publish","type":"page","link":"https:\/\/site.ac-martinique.fr\/clg-belleetoile\/pedagogie\/les-couleurs-de-classe\/les-scientifiques\/previsions-meteorologiques-de-la-4eme-c\/","title":{"rendered":"Pr\u00e9visions m\u00e9t\u00e9orologiques de la 4\u00e8me C semaine du 03\/12\/2014"},"content":{"rendered":"<p><a href=\"\/clg-belleetoile\/wp-content\/uploads\/sites\/49\/2014\/12\/previsionbelleetoile-semaine-2-2014-groupe-1.jpg\"><img loading=\"lazy\" decoding=\"async\" class=\"aligncenter size-full wp-image-743\" src=\"\/clg-belleetoile\/wp-content\/uploads\/sites\/49\/2014\/12\/previsionbelleetoile-semaine-2-2014-groupe-1.jpg\" alt=\"previsionbelleetoile semaine 2  2014 groupe 1\" width=\"963\" height=\"678\" srcset=\"https:\/\/site.ac-martinique.fr\/clg-belleetoile\/wp-content\/uploads\/sites\/49\/2014\/12\/previsionbelleetoile-semaine-2-2014-groupe-1.jpg 963w, https:\/\/site.ac-martinique.fr\/clg-belleetoile\/wp-content\/uploads\/sites\/49\/2014\/12\/previsionbelleetoile-semaine-2-2014-groupe-1-300x211.jpg 300w\" sizes=\"auto, (max-width: 963px) 100vw, 963px\" \/><\/a> <a href=\"\/clg-belleetoile\/wp-content\/uploads\/sites\/49\/2014\/12\/previsionbelleetoile-semaine-2-2014.jpg\"><img loading=\"lazy\" decoding=\"async\" class=\"aligncenter size-large wp-image-744\" src=\"\/clg-belleetoile\/wp-content\/uploads\/sites\/49\/2014\/12\/previsionbelleetoile-semaine-2-2014.jpg\" alt=\"previsionbelleetoile semaine 2  2014\" width=\"640\" height=\"454\" srcset=\"https:\/\/site.ac-martinique.fr\/clg-belleetoile\/wp-content\/uploads\/sites\/49\/2014\/12\/previsionbelleetoile-semaine-2-2014.jpg 962w, https:\/\/site.ac-martinique.fr\/clg-belleetoile\/wp-content\/uploads\/sites\/49\/2014\/12\/previsionbelleetoile-semaine-2-2014-300x212.jpg 300w\" sizes=\"auto, (max-width: 640px) 100vw, 640px\" \/><\/a><\/p>\n","protected":false},"excerpt":{"rendered":"","protected":false},"author":118,"featured_media":0,"parent":252,"menu_order":5,"comment_status":"closed","ping_status":"open","template":"","meta":{"footnotes":""},"class_list":["post-722","page","type-page","status-publish","hentry"],"_links":{"self":[{"href":"https:\/\/site.ac-martinique.fr\/clg-belleetoile\/wp-json\/wp\/v2\/pages\/722","targetHints":{"allow":["GET"]}}],"collection":[{"href":"https:\/\/site.ac-martinique.fr\/clg-belleetoile\/wp-json\/wp\/v2\/pages"}],"about":[{"href":"https:\/\/site.ac-martinique.fr\/clg-belleetoile\/wp-json\/wp\/v2\/types\/page"}],"author":[{"embeddable":true,"href":"https:\/\/site.ac-martinique.fr\/clg-belleetoile\/wp-json\/wp\/v2\/users\/118"}],"replies":[{"embeddable":true,"href":"https:\/\/site.ac-martinique.fr\/clg-belleetoile\/wp-json\/wp\/v2\/comments?post=722"}],"version-history":[{"count":4,"href":"https:\/\/site.ac-martinique.fr\/clg-belleetoile\/wp-json\/wp\/v2\/pages\/722\/revisions"}],"predecessor-version":[{"id":2001,"href":"https:\/\/site.ac-martinique.fr\/clg-belleetoile\/wp-json\/wp\/v2\/pages\/722\/revisions\/2001"}],"up":[{"embeddable":true,"href":"https:\/\/site.ac-martinique.fr\/clg-belleetoile\/wp-json\/wp\/v2\/pages\/252"}],"wp:attachment":[{"href":"https:\/\/site.ac-martinique.fr\/clg-belleetoile\/wp-json\/wp\/v2\/media?parent=722"}],"curies":[{"name":"wp","href":"https:\/\/api.w.org\/{rel}","templated":true}]}}