{"id":144,"date":"2015-09-15T12:29:46","date_gmt":"2015-09-15T11:29:46","guid":{"rendered":"\/clg-carbet\/?page_id=144"},"modified":"2017-10-04T18:41:07","modified_gmt":"2017-10-04T17:41:07","slug":"presentation","status":"publish","type":"page","link":"https:\/\/site.ac-martinique.fr\/clg-carbet\/?page_id=144","title":{"rendered":"Pr\u00e9sentation"},"content":{"rendered":"<p style=\"text-align: left;\"><a href=\"\/clg-carbet\/wp-content\/uploads\/sites\/68\/2015\/09\/Erasmus-Plus.jpg\"><img loading=\"lazy\" decoding=\"async\" class=\"wp-image-515 alignleft\" src=\"\/clg-carbet\/wp-content\/uploads\/sites\/68\/2015\/09\/Erasmus-Plus-300x86.jpg\" alt=\"Erasmus-Plus\" width=\"237\" height=\"68\" srcset=\"https:\/\/site.ac-martinique.fr\/clg-carbet\/wp-content\/uploads\/sites\/68\/2015\/09\/Erasmus-Plus-300x86.jpg 300w, https:\/\/site.ac-martinique.fr\/clg-carbet\/wp-content\/uploads\/sites\/68\/2015\/09\/Erasmus-Plus-1024x292.jpg 1024w, https:\/\/site.ac-martinique.fr\/clg-carbet\/wp-content\/uploads\/sites\/68\/2015\/09\/Erasmus-Plus.jpg 1964w\" sizes=\"auto, (max-width: 237px) 100vw, 237px\" \/><\/a><\/p>\n<p style=\"text-align: left;\">Les informations au sujet de ce projet de partenariat scolaire europ\u00e9en 2016\/2018 intitul\u00e9 &#8220;Green Jobs for our Planet Earth&#8221; sont disponibles en cliquant sur la rubrique &#8220;Erasmus+&#8221; et sur le site du projet:<a href=\"https:\/\/greenjobsforplanetearth.jimdo.com\/\"> https:\/\/greenjobsforplanetearth.jimdo.com\/<\/a>.<\/p>\n<p style=\"text-align: left;\"><strong>Voyage p\u00e9dagogique vers l&#8217;\u00e9cole partenaire norv\u00e9gienne<\/strong> Ungdomsskule \u00e0 Bremnes, pr\u00e8s de Bergen, <strong>du samedi 30 septembre au dimanche 8 octobre 2017<\/strong>.<\/p>\n<p style=\"text-align: left;\">Huit \u00e9l\u00e8ves ont la chance de participer \u00e0 cette exp\u00e9reince internationale: Joan JOYAU de 3\u00e8me 1, Ana\u00efs SERBIN, Hermancia WOMBA et Am\u00e9lie LAURENT de 3\u00e8me 2, C\u00e9lia ZELINE, Kathleen MEDACO, Lou-Cassandre DUMANS, Nathan CELESTE de 4\u00e8me 2 et Edwin MAURICRACE de 4\u00e8me 4. Mmes Angeon et Tondellier, professeurs d&#8217;anglais et d&#8217;espagnol, accompagneront nos \u00e9l\u00e8ves lors de ce s\u00e9jour o\u00f9 ils d\u00e9couvriront le syst\u00e8me \u00e9ducatif norv\u00e9gien, les m\u00e9tiers verts permettant la production d&#8217;\u00e9lectricit\u00e9 \u00e0 partir des courants marins et l&#8217;\u00e9levage de saunons biologiques. Ils profiteront de leur d\u00e9placement pour pr\u00e9senter notre coll\u00e8ge et la Martinique et pour visiter Bergen, Bremnes et la presqu&#8217;\u00eele de Bomlo.<\/p>\n<p style=\"text-align: left;\"><img loading=\"lazy\" decoding=\"async\" class=\"wp-image-2762 aligncenter\" src=\"\/clg-carbet\/wp-content\/uploads\/sites\/68\/El\u00e8ves-s\u00e9lectionn\u00e9s-Norv\u00e8ge-2017-300x169.jpg\" alt=\"\" width=\"351\" height=\"198\" srcset=\"https:\/\/site.ac-martinique.fr\/clg-carbet\/wp-content\/uploads\/sites\/68\/El\u00e8ves-s\u00e9lectionn\u00e9s-Norv\u00e8ge-2017-300x169.jpg 300w, https:\/\/site.ac-martinique.fr\/clg-carbet\/wp-content\/uploads\/sites\/68\/El\u00e8ves-s\u00e9lectionn\u00e9s-Norv\u00e8ge-2017-768x432.jpg 768w, https:\/\/site.ac-martinique.fr\/clg-carbet\/wp-content\/uploads\/sites\/68\/El\u00e8ves-s\u00e9lectionn\u00e9s-Norv\u00e8ge-2017-1024x576.jpg 1024w, https:\/\/site.ac-martinique.fr\/clg-carbet\/wp-content\/uploads\/sites\/68\/El\u00e8ves-s\u00e9lectionn\u00e9s-Norv\u00e8ge-2017-730x411.jpg 730w, https:\/\/site.ac-martinique.fr\/clg-carbet\/wp-content\/uploads\/sites\/68\/El\u00e8ves-s\u00e9lectionn\u00e9s-Norv\u00e8ge-2017.jpg 1032w\" sizes=\"auto, (max-width: 351px) 100vw, 351px\" \/><\/p>\n<p style=\"text-align: left;\">\n<p style=\"text-align: left;\"><strong>Voyage p\u00e9dagogique vers l&#8217;\u00e9cole partenaire espagnole<\/strong> Instituto de Educacion Secundaria Pedro Cerrada \u00e0 Utebo, pr\u00e8s de Saragosse, <strong>du samedi 18 au samedi 25 mars 2017<\/strong>.<\/p>\n<p style=\"text-align: left;\">Huit \u00e9l\u00e8ves s\u00e9lectionn\u00e9s participent \u00e0 cette exp\u00e9rience: Madleen JEAN et Charlotte ROHOU de 3\u00e8me1, Cassandra BOTTE, Pauline PALMONT et Ga\u00ebl ROCHART de 4\u00e8me2 et Emma DUSSIEL, Alex MAIZEROI et Anthony MAIZEROI de 4\u00e8me3. Mmes Angeon et Tondellier, professeurs d&#8217;anglais et d&#8217;espagnol, les encadreront au cours de ce voyage.<\/p>\n<p style=\"text-align: left;\"><img loading=\"lazy\" decoding=\"async\" class=\"size-medium wp-image-2306 aligncenter\" src=\"\/clg-carbet\/wp-content\/uploads\/sites\/68\/DSC_1386-300x205.jpg\" alt=\"\" width=\"300\" height=\"205\" srcset=\"https:\/\/site.ac-martinique.fr\/clg-carbet\/wp-content\/uploads\/sites\/68\/DSC_1386-300x205.jpg 300w, https:\/\/site.ac-martinique.fr\/clg-carbet\/wp-content\/uploads\/sites\/68\/DSC_1386.jpg 575w\" sizes=\"auto, (max-width: 300px) 100vw, 300px\" \/><\/p>\n<p>Ces \u00e9l\u00e8ves repr\u00e9senteront le coll\u00e8ge du Carbet et la Martinique avec enthousiasme et fiert\u00e9 aux c\u00f4t\u00e9s des autres d\u00e9l\u00e9gations europ\u00e9ennes partenaires en visite en Espagne. Souhaitons-leur un excellent voyage!<\/p>\n<p><strong>Sortie du mardi 27 f\u00e9vrier 2017 \u00e0 Fonds-Saint-Denis chez M. L\u00e9on Tisgra<\/strong>, agriculteur biologique et h\u00f4telier \u00e9cotouristique renomm\u00e9 en Martinique et \u00e0 l&#8217;\u00e9tranger. En coh\u00e9rence avec le projet &#8220;Green Jobs for our Planet Earth&#8221;, les 8 \u00e9l\u00e8ves s\u00e9lectionn\u00e9s du coll\u00e8ge et leurs professeurs qui se rendront en mars prochain vers l&#8217;\u00e9cole partenaire espagnole Pedro Cerrada \u00e0 Utebo pr\u00e9senteront l&#8217;\u00e9cotourisme et l&#8217;agriculture biologique en anglais et en espagnol \u00e0 travers un diaporama Powerpoint qu&#8217;ils illustreront par l&#8217;exemple de la structure \u00e9cotouristique de M. Tisgra.<\/p>\n<p><img loading=\"lazy\" decoding=\"async\" class=\"size-medium wp-image-2308 aligncenter\" src=\"\/clg-carbet\/wp-content\/uploads\/sites\/68\/DSC_1392-300x199.jpg\" alt=\"\" width=\"300\" height=\"199\" srcset=\"https:\/\/site.ac-martinique.fr\/clg-carbet\/wp-content\/uploads\/sites\/68\/DSC_1392-300x199.jpg 300w, https:\/\/site.ac-martinique.fr\/clg-carbet\/wp-content\/uploads\/sites\/68\/DSC_1392.jpg 602w\" sizes=\"auto, (max-width: 300px) 100vw, 300px\" \/><\/p>\n<p><img loading=\"lazy\" decoding=\"async\" class=\"size-medium wp-image-2309 alignright\" src=\"\/clg-carbet\/wp-content\/uploads\/sites\/68\/DSC_1396-2-300x252.jpg\" alt=\"\" width=\"300\" height=\"252\" srcset=\"https:\/\/site.ac-martinique.fr\/clg-carbet\/wp-content\/uploads\/sites\/68\/DSC_1396-2-300x252.jpg 300w, https:\/\/site.ac-martinique.fr\/clg-carbet\/wp-content\/uploads\/sites\/68\/DSC_1396-2.jpg 449w\" sizes=\"auto, (max-width: 300px) 100vw, 300px\" \/><\/p>\n<p><img loading=\"lazy\" decoding=\"async\" class=\"alignnone size-medium wp-image-2315\" src=\"\/clg-carbet\/wp-content\/uploads\/sites\/68\/DSC_1402-300x199.jpg\" alt=\"\" width=\"300\" height=\"199\" srcset=\"https:\/\/site.ac-martinique.fr\/clg-carbet\/wp-content\/uploads\/sites\/68\/DSC_1402-300x199.jpg 300w, https:\/\/site.ac-martinique.fr\/clg-carbet\/wp-content\/uploads\/sites\/68\/DSC_1402.jpg 602w\" sizes=\"auto, (max-width: 300px) 100vw, 300px\" \/><\/p>\n<p><img loading=\"lazy\" decoding=\"async\" class=\"size-medium wp-image-2310 alignleft\" src=\"\/clg-carbet\/wp-content\/uploads\/sites\/68\/DSC_1399-300x199.jpg\" alt=\"\" width=\"300\" height=\"199\" srcset=\"https:\/\/site.ac-martinique.fr\/clg-carbet\/wp-content\/uploads\/sites\/68\/DSC_1399-300x199.jpg 300w, https:\/\/site.ac-martinique.fr\/clg-carbet\/wp-content\/uploads\/sites\/68\/DSC_1399.jpg 602w\" sizes=\"auto, (max-width: 300px) 100vw, 300px\" \/><\/p>\n<p><img loading=\"lazy\" decoding=\"async\" class=\"size-medium wp-image-2311 alignright\" src=\"\/clg-carbet\/wp-content\/uploads\/sites\/68\/DSC_1401-300x199.jpg\" alt=\"\" width=\"300\" height=\"199\" srcset=\"https:\/\/site.ac-martinique.fr\/clg-carbet\/wp-content\/uploads\/sites\/68\/DSC_1401-300x199.jpg 300w, https:\/\/site.ac-martinique.fr\/clg-carbet\/wp-content\/uploads\/sites\/68\/DSC_1401.jpg 602w\" sizes=\"auto, (max-width: 300px) 100vw, 300px\" \/><\/p>\n<p><img loading=\"lazy\" decoding=\"async\" class=\"alignnone size-medium wp-image-2312\" src=\"\/clg-carbet\/wp-content\/uploads\/sites\/68\/DSC_1404-2-300x255.jpg\" alt=\"\" width=\"300\" height=\"255\" srcset=\"https:\/\/site.ac-martinique.fr\/clg-carbet\/wp-content\/uploads\/sites\/68\/DSC_1404-2-300x255.jpg 300w, https:\/\/site.ac-martinique.fr\/clg-carbet\/wp-content\/uploads\/sites\/68\/DSC_1404-2.jpg 470w\" sizes=\"auto, (max-width: 300px) 100vw, 300px\" \/><\/p>\n<p><img loading=\"lazy\" decoding=\"async\" class=\"size-medium wp-image-2313 alignright\" src=\"\/clg-carbet\/wp-content\/uploads\/sites\/68\/DSC_1406-300x199.jpg\" alt=\"\" width=\"300\" height=\"199\" srcset=\"https:\/\/site.ac-martinique.fr\/clg-carbet\/wp-content\/uploads\/sites\/68\/DSC_1406-300x199.jpg 300w, https:\/\/site.ac-martinique.fr\/clg-carbet\/wp-content\/uploads\/sites\/68\/DSC_1406.jpg 602w\" sizes=\"auto, (max-width: 300px) 100vw, 300px\" \/><\/p>\n<p><img loading=\"lazy\" decoding=\"async\" class=\"size-medium wp-image-2314 alignleft\" src=\"\/clg-carbet\/wp-content\/uploads\/sites\/68\/DSC_1412-300x199.jpg\" alt=\"\" width=\"300\" height=\"199\" srcset=\"https:\/\/site.ac-martinique.fr\/clg-carbet\/wp-content\/uploads\/sites\/68\/DSC_1412-300x199.jpg 300w, https:\/\/site.ac-martinique.fr\/clg-carbet\/wp-content\/uploads\/sites\/68\/DSC_1412.jpg 602w\" sizes=\"auto, (max-width: 300px) 100vw, 300px\" \/><\/p>\n","protected":false},"excerpt":{"rendered":"<p>Les informations au sujet de ce projet de partenariat scolaire europ\u00e9en 2016\/2018 intitul\u00e9 &#8220;Green Jobs for our Planet Earth&#8221; sont disponibles en cliquant sur la rubrique &#8220;Erasmus+&#8221; et sur le site du projet: https:\/\/greenjobsforplanetearth.jimdo.com\/. Voyage p\u00e9dagogique vers l&#8217;\u00e9cole partenaire norv\u00e9gienne Ungdomsskule \u00e0 Bremnes, pr\u00e8s de Bergen, du samedi 30 septembre au dimanche 8 octobre 2017. Huit \u00e9l\u00e8ves ont la chance de participer \u00e0 cette exp\u00e9reince internationale: Joan JOYAU de 3\u00e8me 1, Ana\u00efs SERBIN, Hermancia WOMBA et Am\u00e9lie LAURENT de 3\u00e8me 2, C\u00e9lia ZELINE, Kathleen MEDACO, Lou-Cassandre DUMANS, Nathan CELESTE de 4\u00e8me 2 et Edwin MAURICRACE de 4\u00e8me 4. Mmes Angeon et Tondellier, professeurs d&#8217;anglais et d&#8217;espagnol, accompagneront nos \u00e9l\u00e8ves lors de ce s\u00e9jour o\u00f9 ils d\u00e9couvriront le syst\u00e8me \u00e9ducatif norv\u00e9gien, les m\u00e9tiers verts permettant la production d&#8217;\u00e9lectricit\u00e9 \u00e0 partir des courants marins et l&#8217;\u00e9levage de saunons biologiques. Ils profiteront de leur d\u00e9placement pour pr\u00e9senter notre coll\u00e8ge et la Martinique et pour visiter Bergen, Bremnes et la presqu&#8217;\u00eele de Bomlo. Voyage p\u00e9dagogique vers l&#8217;\u00e9cole partenaire espagnole Instituto de Educacion Secundaria Pedro Cerrada \u00e0 Utebo, pr\u00e8s de Saragosse, du samedi 18 au samedi 25 mars 2017. Huit \u00e9l\u00e8ves s\u00e9lectionn\u00e9s participent \u00e0 cette exp\u00e9rience: Madleen JEAN et Charlotte ROHOU de 3\u00e8me1, Cassandra BOTTE, Pauline PALMONT et Ga\u00ebl ROCHART de 4\u00e8me2 et Emma DUSSIEL, Alex MAIZEROI et Anthony MAIZEROI de 4\u00e8me3. Mmes Angeon et Tondellier, professeurs d&#8217;anglais et d&#8217;espagnol, les encadreront au cours de ce voyage. Ces \u00e9l\u00e8ves repr\u00e9senteront le coll\u00e8ge du Carbet et la Martinique avec enthousiasme et fiert\u00e9 aux c\u00f4t\u00e9s des autres d\u00e9l\u00e9gations europ\u00e9ennes partenaires en visite en Espagne. Souhaitons-leur un excellent voyage! Sortie du mardi 27 f\u00e9vrier 2017 \u00e0 Fonds-Saint-Denis chez M. L\u00e9on Tisgra, agriculteur biologique et h\u00f4telier \u00e9cotouristique renomm\u00e9 en Martinique et \u00e0 l&#8217;\u00e9tranger. En coh\u00e9rence avec le projet &#8220;Green Jobs for our Planet Earth&#8221;, les 8 \u00e9l\u00e8ves s\u00e9lectionn\u00e9s du coll\u00e8ge et leurs professeurs qui se rendront en mars prochain vers l&#8217;\u00e9cole partenaire espagnole Pedro Cerrada \u00e0 Utebo pr\u00e9senteront l&#8217;\u00e9cotourisme et l&#8217;agriculture biologique en anglais et en espagnol \u00e0 travers un diaporama Powerpoint qu&#8217;ils illustreront par l&#8217;exemple de la structure \u00e9cotouristique de M. Tisgra.<\/p>\n","protected":false},"author":170,"featured_media":0,"parent":80,"menu_order":1,"comment_status":"closed","ping_status":"closed","template":"","meta":{"footnotes":""},"class_list":["post-144","page","type-page","status-publish","hentry"],"_links":{"self":[{"href":"https:\/\/site.ac-martinique.fr\/clg-carbet\/index.php?rest_route=\/wp\/v2\/pages\/144","targetHints":{"allow":["GET"]}}],"collection":[{"href":"https:\/\/site.ac-martinique.fr\/clg-carbet\/index.php?rest_route=\/wp\/v2\/pages"}],"about":[{"href":"https:\/\/site.ac-martinique.fr\/clg-carbet\/index.php?rest_route=\/wp\/v2\/types\/page"}],"author":[{"embeddable":true,"href":"https:\/\/site.ac-martinique.fr\/clg-carbet\/index.php?rest_route=\/wp\/v2\/users\/170"}],"replies":[{"embeddable":true,"href":"https:\/\/site.ac-martinique.fr\/clg-carbet\/index.php?rest_route=%2Fwp%2Fv2%2Fcomments&post=144"}],"version-history":[{"count":28,"href":"https:\/\/site.ac-martinique.fr\/clg-carbet\/index.php?rest_route=\/wp\/v2\/pages\/144\/revisions"}],"predecessor-version":[{"id":2763,"href":"https:\/\/site.ac-martinique.fr\/clg-carbet\/index.php?rest_route=\/wp\/v2\/pages\/144\/revisions\/2763"}],"up":[{"embeddable":true,"href":"https:\/\/site.ac-martinique.fr\/clg-carbet\/index.php?rest_route=\/wp\/v2\/pages\/80"}],"wp:attachment":[{"href":"https:\/\/site.ac-martinique.fr\/clg-carbet\/index.php?rest_route=%2Fwp%2Fv2%2Fmedia&parent=144"}],"curies":[{"name":"wp","href":"https:\/\/api.w.org\/{rel}","templated":true}]}}