{"id":1482,"date":"2016-06-10T13:42:25","date_gmt":"2016-06-10T12:42:25","guid":{"rendered":"\/clg-carbet\/?page_id=1482"},"modified":"2017-02-07T14:21:18","modified_gmt":"2017-02-07T13:21:18","slug":"ceremonie-de-remise-des-prix","status":"publish","type":"page","link":"https:\/\/site.ac-martinique.fr\/clg-carbet\/?page_id=1482","title":{"rendered":"C\u00e9r\u00e9monie de remise des prix 2016"},"content":{"rendered":"<p>Chers parents,<\/p>\n<p>Vous trouverez ci-joint l&#8217;invitation \u00e0 la c\u00e9r\u00e9monie de remise des prix aux \u00e9l\u00e8ves ainsi que les <strong>modalit\u00e9s d&#8217;organisation<\/strong> :<br \/>\n<div class=\"ead-preview\"><div class=\"ead-document\" style=\"position: relative;\"><div class=\"ead-iframe-wrapper\"><iframe src=\"\/\/docs.google.com\/viewer?url=https%3A%2F%2Fsite.ac-martinique.fr%2Fclg-carbet%2Fwp-content%2Fuploads%2Fsites%2F68%2FInvitation-parents-f%C3%AAte-de-fin-dann%C3%A9e.doc&amp;embedded=true&amp;hl=en\" title=\"Document embarqu\u00e9\" class=\"ead-iframe\" style=\"width: 480;height: 360;border: none;visibility: hidden;\"><\/iframe><\/div>\t\t\t<div class=\"ead-document-loading\" style=\"width:100%;height:100%;position:absolute;left:0;top:0;z-index:10;\">\n\t\t\t\t<div class=\"ead-loading-wrap\">\n\t\t\t\t\t<div class=\"ead-loading-main\">\n\t\t\t\t\t\t<div class=\"ead-loading\">\n\t\t\t\t\t\t\t<img loading=\"lazy\" decoding=\"async\" src=\"https:\/\/site.ac-martinique.fr\/clg-carbet\/wp-content\/plugins\/embed-any-document\/images\/loading.svg\" width=\"55\" height=\"55\" alt=\"Chargeur\">\n\t\t\t\t\t\t\t<span>En cours de chargement&hellip;<\/span>\n\t\t\t\t\t\t<\/div>\n\t\t\t\t\t<\/div>\n\t\t\t\t\t<div class=\"ead-loading-foot\">\n\t\t\t\t\t\t<div class=\"ead-loading-foot-title\">\n\t\t\t\t\t\t\t<img loading=\"lazy\" decoding=\"async\" src=\"https:\/\/site.ac-martinique.fr\/clg-carbet\/wp-content\/plugins\/embed-any-document\/images\/EAD-logo.svg\" alt=\"Logo EAD\" width=\"36\" height=\"23\"\/>\n\t\t\t\t\t\t\t<span>Cela prend trop de temps\u00a0?<\/span>\n\t\t\t\t\t\t<\/div>\n\t\t\t\t\t\t<p>\n\t\t\t\t\t\t\t<div class=\"ead-document-btn ead-reload-btn\" role=\"button\">\n\t\t\t\t\t\t\t\t<img loading=\"lazy\" decoding=\"async\" src=\"https:\/\/site.ac-martinique.fr\/clg-carbet\/wp-content\/plugins\/embed-any-document\/images\/reload.svg\" alt=\"Recharger\" width=\"12\" height=\"12\"\/> Recharger le document\t\t\t\t\t\t\t<\/div>\n\t\t\t\t\t\t\t<span>|<\/span>\n\t\t\t\t\t\t\t<a href=\"https:\/\/docs.google.com\/viewer?url=https%3A%2F%2Fsite.ac-martinique.fr%2Fclg-carbet%2Fwp-content%2Fuploads%2Fsites%2F68%2FInvitation-parents-f%C3%AAte-de-fin-dann%C3%A9e.doc&#038;hl=en\" class=\"ead-document-btn\" target=\"_blank\">\n\t\t\t\t\t\t\t\t<img loading=\"lazy\" decoding=\"async\" src=\"https:\/\/site.ac-martinique.fr\/clg-carbet\/wp-content\/plugins\/embed-any-document\/images\/open.svg\" alt=\"Ouvert\" width=\"12\" height=\"12\"\/> Ouvrir dans un nouvel onglet\t\t\t\t\t\t\t<\/a>\n\t\t\t\t\t<\/div>\n\t\t\t\t<\/div>\n\t\t\t<\/div>\n\t\t<\/div><p class=\"embed_download\"><a href=\"https:\/\/site.ac-martinique.fr\/clg-carbet\/wp-content\/uploads\/sites\/68\/Invitation-parents-f\u00eate-de-fin-dann\u00e9e.doc\" download>T\u00e9l\u00e9charger [25.26 KB] <\/a><\/p><\/div>\n<p>Parents, si vous n&#8217;avez pas la possibilit\u00e9 d&#8217;acheminer ou d&#8217;accompagner votre enfant au Morne-Rouge, vous \u00eates invit\u00e9s \u00e0 en informer le service &#8220;Vie Scolaire&#8221;.\u00a0Il\/elle sera pris(e) en charge pour le transport au d\u00e9part du Coll\u00e8ge \/ retour au Coll\u00e8ge.<\/p>\n<p>Le transport scolaire est assur\u00e9 normalement.<\/p>\n<p>Cordialement.<\/p>\n","protected":false},"excerpt":{"rendered":"<p>Chers parents, Vous trouverez ci-joint l&#8217;invitation \u00e0 la c\u00e9r\u00e9monie de remise des prix aux \u00e9l\u00e8ves ainsi que les modalit\u00e9s d&#8217;organisation : Parents, si vous n&#8217;avez pas la possibilit\u00e9 d&#8217;acheminer ou d&#8217;accompagner votre enfant au Morne-Rouge, vous \u00eates invit\u00e9s \u00e0 en informer le service &#8220;Vie Scolaire&#8221;.\u00a0Il\/elle sera pris(e) en charge pour le transport au d\u00e9part du Coll\u00e8ge \/ retour au Coll\u00e8ge. Le transport scolaire est assur\u00e9 normalement. Cordialement.<\/p>\n","protected":false},"author":170,"featured_media":0,"parent":600,"menu_order":7,"comment_status":"closed","ping_status":"closed","template":"","meta":{"footnotes":""},"class_list":["post-1482","page","type-page","status-publish","hentry"],"_links":{"self":[{"href":"https:\/\/site.ac-martinique.fr\/clg-carbet\/index.php?rest_route=\/wp\/v2\/pages\/1482","targetHints":{"allow":["GET"]}}],"collection":[{"href":"https:\/\/site.ac-martinique.fr\/clg-carbet\/index.php?rest_route=\/wp\/v2\/pages"}],"about":[{"href":"https:\/\/site.ac-martinique.fr\/clg-carbet\/index.php?rest_route=\/wp\/v2\/types\/page"}],"author":[{"embeddable":true,"href":"https:\/\/site.ac-martinique.fr\/clg-carbet\/index.php?rest_route=\/wp\/v2\/users\/170"}],"replies":[{"embeddable":true,"href":"https:\/\/site.ac-martinique.fr\/clg-carbet\/index.php?rest_route=%2Fwp%2Fv2%2Fcomments&post=1482"}],"version-history":[{"count":5,"href":"https:\/\/site.ac-martinique.fr\/clg-carbet\/index.php?rest_route=\/wp\/v2\/pages\/1482\/revisions"}],"predecessor-version":[{"id":2085,"href":"https:\/\/site.ac-martinique.fr\/clg-carbet\/index.php?rest_route=\/wp\/v2\/pages\/1482\/revisions\/2085"}],"up":[{"embeddable":true,"href":"https:\/\/site.ac-martinique.fr\/clg-carbet\/index.php?rest_route=\/wp\/v2\/pages\/600"}],"wp:attachment":[{"href":"https:\/\/site.ac-martinique.fr\/clg-carbet\/index.php?rest_route=%2Fwp%2Fv2%2Fmedia&parent=1482"}],"curies":[{"name":"wp","href":"https:\/\/api.w.org\/{rel}","templated":true}]}}