{"id":1837,"date":"2016-11-03T16:04:08","date_gmt":"2016-11-03T15:04:08","guid":{"rendered":"\/clg-carbet\/?page_id=1837"},"modified":"2016-11-03T16:24:17","modified_gmt":"2016-11-03T15:24:17","slug":"orientation-nouvelles-ressources-onisepm","status":"publish","type":"page","link":"https:\/\/site.ac-martinique.fr\/clg-carbet\/?page_id=1837","title":{"rendered":"Orientation : nouvelles ressources ONISEPM"},"content":{"rendered":"<p>&nbsp;<\/p>\n<p>Mesdames, Messieurs,<\/p>\n<p>J&#8217;ai le plaisir de vous faire part des nouvelles ressources de l&#8217;Onisep d\u00e9di\u00e9es aux parents.<\/p>\n<p>Objectifs : Donner des cl\u00e9s aux familles pour qu&#8217;elles appr\u00e9hendent mieux l&#8217;organisation du syst\u00e8me \u00e9ducatif, l&#8217;architecture des formations, les dispositifs de suivi et d&#8217;accompagnement des \u00e9l\u00e8ves, les proc\u00e9dures d&#8217;orientation et d&#8217;inscription, tel est l&#8217;objectif du programme de l&#8217;Onisep : L&#8217;\u00c9cole expliqu\u00e9e aux parents.<\/p>\n<p>]&lt;<a href=\"http:\/\/www.onisep.fr\/Parents\/L-Ecole-expliquee-aux-parents-en-video\/L-orientation-au-college-et-au-lycee\" target=\"_blank\" rel=\"noreferrer\" data-saferedirecturl=\"https:\/\/www.google.com\/url?hl=fr&amp;q=http:\/\/www.onisep.fr\/Parents\/L-Ecole-expliquee-aux-parents-en-video\/L-orientation-au-college-et-au-lycee&amp;source=gmail&amp;ust=1478270077250000&amp;usg=AFQjCNG4b2AHAe6AaeosOqSa8MSBeUMa6g\">http:\/\/www.onisep.<wbr \/>fr\/Parents\/L-Ecole-expliquee-<wbr \/>aux-parents-en-video\/L-<wbr \/>orientation-au-college-et-au-<wbr \/>lycee<\/a>&gt;La 5e vid\u00e9o &#8220;L&#8217;orientation au coll\u00e8ge et au lyc\u00e9e&#8221; de la s\u00e9rie L&#8217;\u00c9cole expliqu\u00e9e aux parents vient d&#8217;\u00eatre mise en ligne sur l&#8217;espace Parents du site Onisep.<br \/>\n<a href=\"http:\/\/www.onisep.fr\/Parents\/L-Ecole-expliquee-aux-parents-en-video\/L-orientation-au-college-et-au-lycee\" target=\"_blank\" rel=\"noreferrer\" data-saferedirecturl=\"https:\/\/www.google.com\/url?hl=fr&amp;q=http:\/\/www.onisep.fr\/Parents\/L-Ecole-expliquee-aux-parents-en-video\/L-orientation-au-college-et-au-lycee&amp;source=gmail&amp;ust=1478270077250000&amp;usg=AFQjCNG4b2AHAe6AaeosOqSa8MSBeUMa6g\">http:\/\/www.onisep.fr\/Parents\/<wbr \/>L-Ecole-expliquee-aux-parents-<wbr \/>en-video\/L-orientation-au-<wbr \/>college-et-au-lycee<\/a><\/p>\n<p>Nous vous rappelons que sont \u00e9galement en ligne :<br \/>\n-&gt; Vid\u00e9o 1 : La mission de l&#8217;\u00c9cole&lt;<a href=\"http:\/\/www.onisep.fr\/Parents\/L-Ecole-expliquee-aux-parents-en-video\/La-mission-de-l-Ecole\" target=\"_blank\" rel=\"noreferrer\" data-saferedirecturl=\"https:\/\/www.google.com\/url?hl=fr&amp;q=http:\/\/www.onisep.fr\/Parents\/L-Ecole-expliquee-aux-parents-en-video\/La-mission-de-l-Ecole&amp;source=gmail&amp;ust=1478270077250000&amp;usg=AFQjCNHghi4Kn0mOHCdXpHZe82_HHc0U8A\">http:\/\/www.onisep.fr\/<wbr \/>Parents\/L-Ecole-expliquee-aux-<wbr \/>parents-en-video\/La-mission-<wbr \/>de-l-Ecole<\/a>&gt; (septembre 2015)<br \/>\n-&gt; Vid\u00e9o 2 : L&#8217;entr\u00e9e \u00e0 l&#8217;\u00e9cole, l&#8217;organisation de l&#8217;\u00e9cole primaire&lt;<a href=\"http:\/\/www.onisep.fr\/Parents\/L-Ecole-expliquee-aux-parents-en-video\/L-entree-a-l-ecole-l-organisation-de-l-ecole-primaire\" target=\"_blank\" rel=\"noreferrer\" data-saferedirecturl=\"https:\/\/www.google.com\/url?hl=fr&amp;q=http:\/\/www.onisep.fr\/Parents\/L-Ecole-expliquee-aux-parents-en-video\/L-entree-a-l-ecole-l-organisation-de-l-ecole-primaire&amp;source=gmail&amp;ust=1478270077250000&amp;usg=AFQjCNGWpDdBc0-YFvqz2ChD4NX3CJNtDQ\">http:\/\/www.onisep.fr\/<wbr \/>Parents\/L-Ecole-expliquee-aux-<wbr \/>parents-en-video\/L-entree-a-l-<wbr \/>ecole-l-organisation-de-l-<wbr \/>ecole-primaire<\/a>&gt; (f\u00e9vrier 2016)<br \/>\n-&gt; Vid\u00e9o 3 : Le coll\u00e8ge, le lyc\u00e9e et apr\u00e8s&lt;<a href=\"http:\/\/www.onisep.fr\/Parents\/L-Ecole-expliquee-aux-parents-en-video\/Le-college-le-lycee-et-apres\" target=\"_blank\" rel=\"noreferrer\" data-saferedirecturl=\"https:\/\/www.google.com\/url?hl=fr&amp;q=http:\/\/www.onisep.fr\/Parents\/L-Ecole-expliquee-aux-parents-en-video\/Le-college-le-lycee-et-apres&amp;source=gmail&amp;ust=1478270077251000&amp;usg=AFQjCNFTi0myz9yiz-qdzU8GYLS8Yo6_GA\">http:\/\/www.onisep.fr\/<wbr \/>Parents\/L-Ecole-expliquee-aux-<wbr \/>parents-en-video\/Le-college-<wbr \/>le-lycee-et-apres<\/a>&gt; (f\u00e9vrier 2016)<br \/>\n-&gt; Vid\u00e9o 4 : L&#8217;organisation de la vie \u00e0 l&#8217;\u00e9cole&lt;<a href=\"http:\/\/www.onisep.fr\/Parents\/L-Ecole-expliquee-aux-parents-en-video\/L-organisation-de-la-vie-a-l-ecole\" target=\"_blank\" rel=\"noreferrer\" data-saferedirecturl=\"https:\/\/www.google.com\/url?hl=fr&amp;q=http:\/\/www.onisep.fr\/Parents\/L-Ecole-expliquee-aux-parents-en-video\/L-organisation-de-la-vie-a-l-ecole&amp;source=gmail&amp;ust=1478270077251000&amp;usg=AFQjCNHvulZWsxKXiFVeY74cLMhXsSpeDw\">http:\/\/www.onisep.fr\/<wbr \/>Parents\/L-Ecole-expliquee-aux-<wbr \/>parents-en-video\/L-<wbr \/>organisation-de-la-vie-a-l-<wbr \/>ecole<\/a>&gt; (mars 2016)<\/p>\n<p>Destin\u00e9e \u00e0 tous les parents, cette s\u00e9rie pr\u00e9sente de fa\u00e7on claire et synth\u00e9tique, L&#8217;\u00c9cole en France, son organisation, ses missions et les diff\u00e9rentes \u00e9tapes de la scolarit\u00e9 des enfants de la maternelle jusqu&#8217;\u00e0 l&#8217;enseignement sup\u00e9rieur.<\/p>\n<p>&lt;<a href=\"http:\/\/www.onisep.fr\/Parents\/Comprendre-l-Ecole\/Kit-Parents-Aider-mon-enfant-pour-son-projet-d-orientation\" target=\"_blank\" rel=\"noreferrer\" data-saferedirecturl=\"https:\/\/www.google.com\/url?hl=fr&amp;q=http:\/\/www.onisep.fr\/Parents\/Comprendre-l-Ecole\/Kit-Parents-Aider-mon-enfant-pour-son-projet-d-orientation&amp;source=gmail&amp;ust=1478270077251000&amp;usg=AFQjCNGuQja4_ktd7zCqIj1Ny_Lx3egZxA\">http:\/\/www.onisep.<wbr \/>fr\/Parents\/Comprendre-l-Ecole\/<wbr \/>Kit-Parents-Aider-mon-enfant-<wbr \/>pour-son-projet-d-orientation<\/a>&gt;<br \/>\nRetrouver la suite de ce programme avec la sortie du 1er kit \u00e0 destination des parents : &#8220;Aider mon enfant pour son projet d&#8217;orientation &#8220;.<br \/>\nCe kit parents permet de retrouver facilement des conseils et des informations, pour aider leurs enfants et les accompagner dans leur projet d&#8217;orientation.<br \/>\n<a href=\"http:\/\/kitparents.onisep.fr\/projetorientation\" target=\"_blank\" rel=\"noreferrer\" data-saferedirecturl=\"https:\/\/www.google.com\/url?hl=fr&amp;q=http:\/\/kitparents.onisep.fr\/projetorientation&amp;source=gmail&amp;ust=1478270077251000&amp;usg=AFQjCNFdiqeVOaiw_732asAfKyUdnllOzQ\">http:\/\/kitparents.onisep.fr\/<wbr \/>projetorientation<\/a><\/p>\n<p>Pour compl\u00e9ter la collection, le kit \u00ab Aider mon enfant \u00e0 s&#8217;orienter apr\u00e8s la 3\u00e8me \u00bb sortira prochainement.<\/p>\n","protected":false},"excerpt":{"rendered":"<p>&nbsp; Mesdames, Messieurs, J&#8217;ai le plaisir de vous faire part des nouvelles ressources de l&#8217;Onisep d\u00e9di\u00e9es aux parents. Objectifs : Donner des cl\u00e9s aux familles pour qu&#8217;elles appr\u00e9hendent mieux l&#8217;organisation du syst\u00e8me \u00e9ducatif, l&#8217;architecture des formations, les dispositifs de suivi et d&#8217;accompagnement des \u00e9l\u00e8ves, les proc\u00e9dures d&#8217;orientation et d&#8217;inscription, tel est l&#8217;objectif du programme de l&#8217;Onisep : L&#8217;\u00c9cole expliqu\u00e9e aux parents. ]&lt;http:\/\/www.onisep.fr\/Parents\/L-Ecole-expliquee-aux-parents-en-video\/L-orientation-au-college-et-au-lycee&gt;La 5e vid\u00e9o &#8220;L&#8217;orientation au coll\u00e8ge et au lyc\u00e9e&#8221; de la s\u00e9rie L&#8217;\u00c9cole expliqu\u00e9e aux parents vient d&#8217;\u00eatre mise en ligne sur l&#8217;espace Parents du site Onisep. http:\/\/www.onisep.fr\/Parents\/L-Ecole-expliquee-aux-parents-en-video\/L-orientation-au-college-et-au-lycee Nous vous rappelons que sont \u00e9galement en ligne : -&gt; Vid\u00e9o 1 : La mission de l&#8217;\u00c9cole&lt;http:\/\/www.onisep.fr\/Parents\/L-Ecole-expliquee-aux-parents-en-video\/La-mission-de-l-Ecole&gt; (septembre 2015) -&gt; Vid\u00e9o 2 : L&#8217;entr\u00e9e \u00e0 l&#8217;\u00e9cole, l&#8217;organisation de l&#8217;\u00e9cole primaire&lt;http:\/\/www.onisep.fr\/Parents\/L-Ecole-expliquee-aux-parents-en-video\/L-entree-a-l-ecole-l-organisation-de-l-ecole-primaire&gt; (f\u00e9vrier 2016) -&gt; Vid\u00e9o 3 : Le coll\u00e8ge, le lyc\u00e9e et apr\u00e8s&lt;http:\/\/www.onisep.fr\/Parents\/L-Ecole-expliquee-aux-parents-en-video\/Le-college-le-lycee-et-apres&gt; (f\u00e9vrier 2016) -&gt; Vid\u00e9o 4 : L&#8217;organisation de la vie \u00e0 l&#8217;\u00e9cole&lt;http:\/\/www.onisep.fr\/Parents\/L-Ecole-expliquee-aux-parents-en-video\/L-organisation-de-la-vie-a-l-ecole&gt; (mars 2016) Destin\u00e9e \u00e0 tous les parents, cette s\u00e9rie pr\u00e9sente de fa\u00e7on claire et synth\u00e9tique, L&#8217;\u00c9cole en France, son organisation, ses missions et les diff\u00e9rentes \u00e9tapes de la scolarit\u00e9 des enfants de la maternelle jusqu&#8217;\u00e0 l&#8217;enseignement sup\u00e9rieur. &lt;http:\/\/www.onisep.fr\/Parents\/Comprendre-l-Ecole\/Kit-Parents-Aider-mon-enfant-pour-son-projet-d-orientation&gt; Retrouver la suite de ce programme avec la sortie du 1er kit \u00e0 destination des parents : &#8220;Aider mon enfant pour son projet d&#8217;orientation &#8220;. Ce kit parents permet de retrouver facilement des conseils et des informations, pour aider leurs enfants et les accompagner dans leur projet d&#8217;orientation. http:\/\/kitparents.onisep.fr\/projetorientation Pour compl\u00e9ter la collection, le kit \u00ab Aider mon enfant \u00e0 s&#8217;orienter apr\u00e8s la 3\u00e8me \u00bb sortira prochainement.<\/p>\n","protected":false},"author":170,"featured_media":0,"parent":147,"menu_order":0,"comment_status":"closed","ping_status":"closed","template":"","meta":{"footnotes":""},"class_list":["post-1837","page","type-page","status-publish","hentry"],"_links":{"self":[{"href":"https:\/\/site.ac-martinique.fr\/clg-carbet\/index.php?rest_route=\/wp\/v2\/pages\/1837","targetHints":{"allow":["GET"]}}],"collection":[{"href":"https:\/\/site.ac-martinique.fr\/clg-carbet\/index.php?rest_route=\/wp\/v2\/pages"}],"about":[{"href":"https:\/\/site.ac-martinique.fr\/clg-carbet\/index.php?rest_route=\/wp\/v2\/types\/page"}],"author":[{"embeddable":true,"href":"https:\/\/site.ac-martinique.fr\/clg-carbet\/index.php?rest_route=\/wp\/v2\/users\/170"}],"replies":[{"embeddable":true,"href":"https:\/\/site.ac-martinique.fr\/clg-carbet\/index.php?rest_route=%2Fwp%2Fv2%2Fcomments&post=1837"}],"version-history":[{"count":1,"href":"https:\/\/site.ac-martinique.fr\/clg-carbet\/index.php?rest_route=\/wp\/v2\/pages\/1837\/revisions"}],"predecessor-version":[{"id":1838,"href":"https:\/\/site.ac-martinique.fr\/clg-carbet\/index.php?rest_route=\/wp\/v2\/pages\/1837\/revisions\/1838"}],"up":[{"embeddable":true,"href":"https:\/\/site.ac-martinique.fr\/clg-carbet\/index.php?rest_route=\/wp\/v2\/pages\/147"}],"wp:attachment":[{"href":"https:\/\/site.ac-martinique.fr\/clg-carbet\/index.php?rest_route=%2Fwp%2Fv2%2Fmedia&parent=1837"}],"curies":[{"name":"wp","href":"https:\/\/api.w.org\/{rel}","templated":true}]}}