{"id":5182,"date":"2018-10-25T11:48:11","date_gmt":"2018-10-25T10:48:11","guid":{"rendered":"\/clg-carbet\/?page_id=5182"},"modified":"2018-10-26T02:44:14","modified_gmt":"2018-10-26T01:44:14","slug":"octobre-rose","status":"publish","type":"page","link":"https:\/\/site.ac-martinique.fr\/clg-carbet\/?page_id=5182","title":{"rendered":"OCTOBRE ROSE 2018"},"content":{"rendered":"<p>&nbsp;<\/p>\n<div style=\"width: 848px;\" class=\"wp-video\"><video class=\"wp-video-shortcode\" id=\"video-5182-1\" width=\"848\" height=\"480\" preload=\"metadata\" controls=\"controls\"><source type=\"video\/mp4\" src=\"\/clg-carbet\/wp-content\/uploads\/sites\/68\/VID-20181024-WA0000.mp4?_=1\" \/><a href=\"\/clg-carbet\/wp-content\/uploads\/sites\/68\/VID-20181024-WA0000.mp4\">\/clg-carbet\/wp-content\/uploads\/sites\/68\/VID-20181024-WA0000.mp4<\/a><\/video><\/div>\n<div style=\"width: 848px;\" class=\"wp-video\"><video class=\"wp-video-shortcode\" id=\"video-5182-2\" width=\"848\" height=\"480\" preload=\"metadata\" controls=\"controls\"><source type=\"video\/mp4\" src=\"\/clg-carbet\/wp-content\/uploads\/sites\/68\/VID-20181025-WA00101.mp4?_=2\" \/><a href=\"\/clg-carbet\/wp-content\/uploads\/sites\/68\/VID-20181025-WA00101.mp4\">\/clg-carbet\/wp-content\/uploads\/sites\/68\/VID-20181025-WA00101.mp4<\/a><\/video><\/div>\n<div style=\"width: 640px;\" class=\"wp-video\"><video class=\"wp-video-shortcode\" id=\"video-5182-3\" width=\"640\" height=\"352\" preload=\"metadata\" controls=\"controls\"><source type=\"video\/mp4\" src=\"\/clg-carbet\/wp-content\/uploads\/sites\/68\/VID-20181025-WA00081.mp4?_=3\" \/><a href=\"\/clg-carbet\/wp-content\/uploads\/sites\/68\/VID-20181025-WA00081.mp4\">\/clg-carbet\/wp-content\/uploads\/sites\/68\/VID-20181025-WA00081.mp4<\/a><\/video><\/div>\n<p><a href=\"\/clg-carbet\/wp-content\/uploads\/sites\/68\/IMG-20181022-WA0006.jpg\"><img loading=\"lazy\" decoding=\"async\" class=\"aligncenter size-full wp-image-5179\" src=\"\/clg-carbet\/wp-content\/uploads\/sites\/68\/IMG-20181022-WA0006.jpg\" alt=\"\" width=\"960\" height=\"1280\" srcset=\"https:\/\/site.ac-martinique.fr\/clg-carbet\/wp-content\/uploads\/sites\/68\/IMG-20181022-WA0006.jpg 960w, https:\/\/site.ac-martinique.fr\/clg-carbet\/wp-content\/uploads\/sites\/68\/IMG-20181022-WA0006-225x300.jpg 225w, https:\/\/site.ac-martinique.fr\/clg-carbet\/wp-content\/uploads\/sites\/68\/IMG-20181022-WA0006-768x1024.jpg 768w\" sizes=\"auto, (max-width: 960px) 100vw, 960px\" \/><\/a><\/p>\n<p>&nbsp;<\/p>\n<p><a href=\"\/clg-carbet\/wp-content\/uploads\/sites\/68\/IMG-20181022-WA0005.jpg\"><img loading=\"lazy\" decoding=\"async\" class=\"aligncenter size-full wp-image-5178\" src=\"\/clg-carbet\/wp-content\/uploads\/sites\/68\/IMG-20181022-WA0005.jpg\" alt=\"\" width=\"960\" height=\"1280\" srcset=\"https:\/\/site.ac-martinique.fr\/clg-carbet\/wp-content\/uploads\/sites\/68\/IMG-20181022-WA0005.jpg 960w, https:\/\/site.ac-martinique.fr\/clg-carbet\/wp-content\/uploads\/sites\/68\/IMG-20181022-WA0005-225x300.jpg 225w, https:\/\/site.ac-martinique.fr\/clg-carbet\/wp-content\/uploads\/sites\/68\/IMG-20181022-WA0005-768x1024.jpg 768w\" sizes=\"auto, (max-width: 960px) 100vw, 960px\" \/><\/a><a href=\"\/clg-carbet\/wp-content\/uploads\/sites\/68\/Garder-espoir.pdf\">Garder espoir<\/a><\/p>\n<p><a href=\"\/clg-carbet\/wp-content\/uploads\/sites\/68\/Te-faire-la-peau.pdf\">Te faire la peau<\/a><\/p>\n<p><a href=\"\/clg-carbet\/wp-content\/uploads\/sites\/68\/combattre-la-maladie.pdf\">combattre la maladie<\/a><\/p>\n<p><a href=\"\/clg-carbet\/wp-content\/uploads\/sites\/68\/Lutter-contre-la-maladie1.pdf\">Lutter contre la maladie1<\/a><\/p>\n<p><a href=\"\/clg-carbet\/wp-content\/uploads\/sites\/68\/\u00e9l\u00e8ves-6\u00e8me-2-1.pdf\">\u00e9l\u00e8ves 6\u00e8me 2<\/a><\/p>\n<audio class=\"wp-audio-shortcode\" id=\"audio-5182-1\" preload=\"none\" style=\"width: 100%;\" controls=\"controls\"><source type=\"audio\/mpeg\" src=\"\/clg-carbet\/wp-content\/uploads\/sites\/68\/AUD-20181025-WA00121-1.m4a?_=1\" \/><a href=\"\/clg-carbet\/wp-content\/uploads\/sites\/68\/AUD-20181025-WA00121-1.m4a\">\/clg-carbet\/wp-content\/uploads\/sites\/68\/AUD-20181025-WA00121-1.m4a<\/a><\/audio>\n<p><a href=\"\/clg-carbet\/wp-content\/uploads\/sites\/68\/IMG-20181025-WA00111-e1540473347720.jpg\"><img loading=\"lazy\" decoding=\"async\" class=\"aligncenter size-full wp-image-5316\" src=\"\/clg-carbet\/wp-content\/uploads\/sites\/68\/IMG-20181025-WA00111-e1540473347720.jpg\" alt=\"\" width=\"1280\" height=\"961\" srcset=\"https:\/\/site.ac-martinique.fr\/clg-carbet\/wp-content\/uploads\/sites\/68\/IMG-20181025-WA00111-e1540473347720.jpg 1280w, https:\/\/site.ac-martinique.fr\/clg-carbet\/wp-content\/uploads\/sites\/68\/IMG-20181025-WA00111-e1540473347720-300x225.jpg 300w, https:\/\/site.ac-martinique.fr\/clg-carbet\/wp-content\/uploads\/sites\/68\/IMG-20181025-WA00111-e1540473347720-768x577.jpg 768w, https:\/\/site.ac-martinique.fr\/clg-carbet\/wp-content\/uploads\/sites\/68\/IMG-20181025-WA00111-e1540473347720-1024x769.jpg 1024w\" sizes=\"auto, (max-width: 1280px) 100vw, 1280px\" \/><\/a><\/p>\n<p><a href=\"\/clg-carbet\/wp-content\/uploads\/sites\/68\/IMG-20181025-WA00131.jpg\"><img loading=\"lazy\" decoding=\"async\" class=\"aligncenter size-full wp-image-5318\" src=\"\/clg-carbet\/wp-content\/uploads\/sites\/68\/IMG-20181025-WA00131.jpg\" alt=\"\" width=\"960\" height=\"1280\" srcset=\"https:\/\/site.ac-martinique.fr\/clg-carbet\/wp-content\/uploads\/sites\/68\/IMG-20181025-WA00131.jpg 960w, https:\/\/site.ac-martinique.fr\/clg-carbet\/wp-content\/uploads\/sites\/68\/IMG-20181025-WA00131-225x300.jpg 225w, https:\/\/site.ac-martinique.fr\/clg-carbet\/wp-content\/uploads\/sites\/68\/IMG-20181025-WA00131-768x1024.jpg 768w\" sizes=\"auto, (max-width: 960px) 100vw, 960px\" \/><\/a><\/p>\n<p><a href=\"\/clg-carbet\/wp-content\/uploads\/sites\/68\/IMG-20181025-WA00141.jpg\"><img loading=\"lazy\" decoding=\"async\" class=\"aligncenter size-full wp-image-5319\" src=\"\/clg-carbet\/wp-content\/uploads\/sites\/68\/IMG-20181025-WA00141.jpg\" alt=\"\" width=\"1280\" height=\"960\" srcset=\"https:\/\/site.ac-martinique.fr\/clg-carbet\/wp-content\/uploads\/sites\/68\/IMG-20181025-WA00141.jpg 1280w, https:\/\/site.ac-martinique.fr\/clg-carbet\/wp-content\/uploads\/sites\/68\/IMG-20181025-WA00141-300x225.jpg 300w, https:\/\/site.ac-martinique.fr\/clg-carbet\/wp-content\/uploads\/sites\/68\/IMG-20181025-WA00141-768x576.jpg 768w, https:\/\/site.ac-martinique.fr\/clg-carbet\/wp-content\/uploads\/sites\/68\/IMG-20181025-WA00141-1024x768.jpg 1024w\" sizes=\"auto, (max-width: 1280px) 100vw, 1280px\" \/><\/a><\/p>\n<p><a href=\"\/clg-carbet\/wp-content\/uploads\/sites\/68\/IMG-20181025-WA00151.jpg\"><img loading=\"lazy\" decoding=\"async\" class=\"aligncenter size-full wp-image-5320\" src=\"\/clg-carbet\/wp-content\/uploads\/sites\/68\/IMG-20181025-WA00151.jpg\" alt=\"\" width=\"1280\" height=\"960\" srcset=\"https:\/\/site.ac-martinique.fr\/clg-carbet\/wp-content\/uploads\/sites\/68\/IMG-20181025-WA00151.jpg 1280w, https:\/\/site.ac-martinique.fr\/clg-carbet\/wp-content\/uploads\/sites\/68\/IMG-20181025-WA00151-300x225.jpg 300w, https:\/\/site.ac-martinique.fr\/clg-carbet\/wp-content\/uploads\/sites\/68\/IMG-20181025-WA00151-768x576.jpg 768w, https:\/\/site.ac-martinique.fr\/clg-carbet\/wp-content\/uploads\/sites\/68\/IMG-20181025-WA00151-1024x768.jpg 1024w\" sizes=\"auto, (max-width: 1280px) 100vw, 1280px\" \/><\/a><\/p>\n","protected":false},"excerpt":{"rendered":"<p>&nbsp; &nbsp; Garder espoir Te faire la peau combattre la maladie Lutter contre la maladie1 \u00e9l\u00e8ves 6\u00e8me 2<\/p>\n","protected":false},"author":167,"featured_media":0,"parent":54,"menu_order":0,"comment_status":"closed","ping_status":"closed","template":"","meta":{"footnotes":""},"class_list":["post-5182","page","type-page","status-publish","hentry"],"_links":{"self":[{"href":"https:\/\/site.ac-martinique.fr\/clg-carbet\/index.php?rest_route=\/wp\/v2\/pages\/5182","targetHints":{"allow":["GET"]}}],"collection":[{"href":"https:\/\/site.ac-martinique.fr\/clg-carbet\/index.php?rest_route=\/wp\/v2\/pages"}],"about":[{"href":"https:\/\/site.ac-martinique.fr\/clg-carbet\/index.php?rest_route=\/wp\/v2\/types\/page"}],"author":[{"embeddable":true,"href":"https:\/\/site.ac-martinique.fr\/clg-carbet\/index.php?rest_route=\/wp\/v2\/users\/167"}],"replies":[{"embeddable":true,"href":"https:\/\/site.ac-martinique.fr\/clg-carbet\/index.php?rest_route=%2Fwp%2Fv2%2Fcomments&post=5182"}],"version-history":[{"count":16,"href":"https:\/\/site.ac-martinique.fr\/clg-carbet\/index.php?rest_route=\/wp\/v2\/pages\/5182\/revisions"}],"predecessor-version":[{"id":5323,"href":"https:\/\/site.ac-martinique.fr\/clg-carbet\/index.php?rest_route=\/wp\/v2\/pages\/5182\/revisions\/5323"}],"up":[{"embeddable":true,"href":"https:\/\/site.ac-martinique.fr\/clg-carbet\/index.php?rest_route=\/wp\/v2\/pages\/54"}],"wp:attachment":[{"href":"https:\/\/site.ac-martinique.fr\/clg-carbet\/index.php?rest_route=%2Fwp%2Fv2%2Fmedia&parent=5182"}],"curies":[{"name":"wp","href":"https:\/\/api.w.org\/{rel}","templated":true}]}}