{"id":66,"date":"2015-09-04T00:45:51","date_gmt":"2015-09-03T23:45:51","guid":{"rendered":"\/clg-carbet\/?page_id=66"},"modified":"2018-09-10T03:04:04","modified_gmt":"2018-09-10T02:04:04","slug":"les-resultats-du-d-n-b","status":"publish","type":"page","link":"https:\/\/site.ac-martinique.fr\/clg-carbet\/?page_id=66","title":{"rendered":"R\u00e9sultats du D.N.B. 2018"},"content":{"rendered":"<p>Chers \u00e9l\u00e8ves, chers parents,<\/p>\n<p>Voici les r\u00e9sultats du Brevet National des Coll\u00e8ges session 2018 pour notre coll\u00e8ge :<\/p>\n<p>&#8211; sur 67 candidats inscrits, <b>64<\/b>\u00a0ont \u00e9t\u00e9 <strong>admis\u00a0<\/strong>soit un <strong>taux de r\u00e9ussite de 95,52%.<br \/>\n<\/strong>&#8211; Il est important de noter que celui-ci est <strong>en hausse de 08 points<\/strong> par rapport \u00e0 2017 avec <strong>68,75 % \u00a0de mentions.<\/strong><\/p>\n<p>F\u00e9licitations\u00a0aux \u00e9l\u00e8ves et aux collaborateurs qui ont relev\u00e9 voire m\u00eame d\u00e9pass\u00e9 le d\u00e9fi fix\u00e9 au d\u00e9but de l&#8217;ann\u00e9e.<\/p>\n<p>La principale,<br \/>\nAnnie BAREGE.<\/p>\n","protected":false},"excerpt":{"rendered":"<p>Chers \u00e9l\u00e8ves, chers parents, Voici les r\u00e9sultats du Brevet National des Coll\u00e8ges session 2018 pour notre coll\u00e8ge : &#8211; sur 67 candidats inscrits, 64\u00a0ont \u00e9t\u00e9 admis\u00a0soit un taux de r\u00e9ussite de 95,52%. &#8211; Il est important de noter que celui-ci est en hausse de 08 points par rapport \u00e0 2017 avec 68,75 % \u00a0de mentions. F\u00e9licitations\u00a0aux \u00e9l\u00e8ves et aux collaborateurs qui ont relev\u00e9 voire m\u00eame d\u00e9pass\u00e9 le d\u00e9fi fix\u00e9 au d\u00e9but de l&#8217;ann\u00e9e. La principale, Annie BAREGE.<\/p>\n","protected":false},"author":170,"featured_media":0,"parent":1607,"menu_order":1,"comment_status":"closed","ping_status":"closed","template":"","meta":{"footnotes":""},"class_list":["post-66","page","type-page","status-publish","hentry"],"_links":{"self":[{"href":"https:\/\/site.ac-martinique.fr\/clg-carbet\/index.php?rest_route=\/wp\/v2\/pages\/66","targetHints":{"allow":["GET"]}}],"collection":[{"href":"https:\/\/site.ac-martinique.fr\/clg-carbet\/index.php?rest_route=\/wp\/v2\/pages"}],"about":[{"href":"https:\/\/site.ac-martinique.fr\/clg-carbet\/index.php?rest_route=\/wp\/v2\/types\/page"}],"author":[{"embeddable":true,"href":"https:\/\/site.ac-martinique.fr\/clg-carbet\/index.php?rest_route=\/wp\/v2\/users\/170"}],"replies":[{"embeddable":true,"href":"https:\/\/site.ac-martinique.fr\/clg-carbet\/index.php?rest_route=%2Fwp%2Fv2%2Fcomments&post=66"}],"version-history":[{"count":10,"href":"https:\/\/site.ac-martinique.fr\/clg-carbet\/index.php?rest_route=\/wp\/v2\/pages\/66\/revisions"}],"predecessor-version":[{"id":5031,"href":"https:\/\/site.ac-martinique.fr\/clg-carbet\/index.php?rest_route=\/wp\/v2\/pages\/66\/revisions\/5031"}],"up":[{"embeddable":true,"href":"https:\/\/site.ac-martinique.fr\/clg-carbet\/index.php?rest_route=\/wp\/v2\/pages\/1607"}],"wp:attachment":[{"href":"https:\/\/site.ac-martinique.fr\/clg-carbet\/index.php?rest_route=%2Fwp%2Fv2%2Fmedia&parent=66"}],"curies":[{"name":"wp","href":"https:\/\/api.w.org\/{rel}","templated":true}]}}