{"id":6667,"date":"2020-07-01T07:11:21","date_gmt":"2020-07-01T11:11:21","guid":{"rendered":"\/clg-carbet\/?page_id=6667"},"modified":"2020-07-01T07:30:40","modified_gmt":"2020-07-01T11:30:40","slug":"inscription-en-lycee","status":"publish","type":"page","link":"https:\/\/site.ac-martinique.fr\/clg-carbet\/?page_id=6667","title":{"rendered":"Inscription en lyc\u00e9e"},"content":{"rendered":"<p><a href=\"\/clg-carbet\/wp-content\/uploads\/sites\/68\/Inscriptions-nouveaux-\u00e9l\u00e8ves-LP-Dumas-Jean-Joseph-Fdf-2020-2021.pdf\" target=\"_blank\" rel=\"noopener\">Inscriptions nouveaux \u00e9l\u00e8ves LP Dumas Jean-Joseph Fdf 2020 2021<\/a><\/p>\n<p><a href=\"\/clg-carbet\/wp-content\/uploads\/sites\/68\/Inscriptions-nouveaux-\u00e9l\u00e8ves-LGT-Joseph-Gaillard-Fdf-2020-2021.pdf\" target=\"_blank\" rel=\"noopener\">Inscriptions nouveaux \u00e9l\u00e8ves LGT Joseph Gaillard Fdf 2020 2021<\/a><\/p>\n<p><a href=\"\/clg-carbet\/wp-content\/uploads\/sites\/68\/Inscription-nouveaux-\u00e9l\u00e8ves-LPO-La-Jet\u00e9e-Fran\u00e7ois-2020-2021.pdf\" target=\"_blank\" rel=\"noopener\">Inscription nouveaux \u00e9l\u00e8ves LPO La Jet\u00e9e Fran\u00e7ois 2020 2021<\/a><\/p>\n<p><a href=\"\/clg-carbet\/wp-content\/uploads\/sites\/68\/Fiche-inscription-entr\u00e9e-en-2nde-g\u00e9n\u00e9rale-SECR-LPO-La-Jet\u00e9e-Fran\u00e7ois-2020-2021.pdf\" target=\"_blank\" rel=\"noopener\">Fiche inscription entr\u00e9e en 2nde g\u00e9n\u00e9rale (SECR) LPO La Jet\u00e9e Fran\u00e7ois 2020 2021<\/a><\/p>\n<p><a href=\"\/clg-carbet\/wp-content\/uploads\/sites\/68\/Fiche-inscription-\u00e9l\u00e8ves-de-Voie-Professionnelle-SECR-LPO-La-Jet\u00e9e-Fran\u00e7ois-2020-2021.pdf\" target=\"_blank\" rel=\"noopener\">Fiche inscription \u00e9l\u00e8ves de Voie Professionnelle (SECR) LPO La Jet\u00e9e Fran\u00e7ois 2020 2021<\/a><\/p>\n<p><a href=\"\/clg-carbet\/wp-content\/uploads\/sites\/68\/Calendrier-inscriptions-LPO-Acajou-2-Lamentin-2020-2021.pdf\" target=\"_blank\" rel=\"noopener\">Calendrier inscriptions LPO Acajou 2 Lamentin 2020 2021<\/a><\/p>\n","protected":false},"excerpt":{"rendered":"<p>Inscriptions nouveaux \u00e9l\u00e8ves LP Dumas Jean-Joseph Fdf 2020 2021 Inscriptions nouveaux \u00e9l\u00e8ves LGT Joseph Gaillard Fdf 2020 2021 Inscription nouveaux \u00e9l\u00e8ves LPO La Jet\u00e9e Fran\u00e7ois 2020 2021 Fiche inscription entr\u00e9e en 2nde g\u00e9n\u00e9rale (SECR) LPO La Jet\u00e9e Fran\u00e7ois 2020 2021 Fiche inscription \u00e9l\u00e8ves de Voie Professionnelle (SECR) LPO La Jet\u00e9e Fran\u00e7ois 2020 2021 Calendrier inscriptions LPO Acajou 2 Lamentin 2020 2021<\/p>\n","protected":false},"author":170,"featured_media":0,"parent":0,"menu_order":0,"comment_status":"closed","ping_status":"closed","template":"","meta":{"footnotes":""},"class_list":["post-6667","page","type-page","status-publish","hentry"],"_links":{"self":[{"href":"https:\/\/site.ac-martinique.fr\/clg-carbet\/index.php?rest_route=\/wp\/v2\/pages\/6667","targetHints":{"allow":["GET"]}}],"collection":[{"href":"https:\/\/site.ac-martinique.fr\/clg-carbet\/index.php?rest_route=\/wp\/v2\/pages"}],"about":[{"href":"https:\/\/site.ac-martinique.fr\/clg-carbet\/index.php?rest_route=\/wp\/v2\/types\/page"}],"author":[{"embeddable":true,"href":"https:\/\/site.ac-martinique.fr\/clg-carbet\/index.php?rest_route=\/wp\/v2\/users\/170"}],"replies":[{"embeddable":true,"href":"https:\/\/site.ac-martinique.fr\/clg-carbet\/index.php?rest_route=%2Fwp%2Fv2%2Fcomments&post=6667"}],"version-history":[{"count":3,"href":"https:\/\/site.ac-martinique.fr\/clg-carbet\/index.php?rest_route=\/wp\/v2\/pages\/6667\/revisions"}],"predecessor-version":[{"id":6677,"href":"https:\/\/site.ac-martinique.fr\/clg-carbet\/index.php?rest_route=\/wp\/v2\/pages\/6667\/revisions\/6677"}],"wp:attachment":[{"href":"https:\/\/site.ac-martinique.fr\/clg-carbet\/index.php?rest_route=%2Fwp%2Fv2%2Fmedia&parent=6667"}],"curies":[{"name":"wp","href":"https:\/\/api.w.org\/{rel}","templated":true}]}}