{"id":12134,"date":"2025-08-25T10:45:11","date_gmt":"2025-08-25T14:45:11","guid":{"rendered":"https:\/\/site.ac-martinique.fr\/clg-cassiensainteclaire\/?page_id=12134"},"modified":"2025-08-25T10:45:11","modified_gmt":"2025-08-25T14:45:11","slug":"rentree-scolaire-2025-2026","status":"publish","type":"page","link":"https:\/\/site.ac-martinique.fr\/clg-cassiensainteclaire\/rentree-scolaire-2025-2026\/","title":{"rendered":"Rentr\u00e9e scolaire 2025\/2026"},"content":{"rendered":"\n<p><a href=\"https:\/\/site.ac-martinique.fr\/clg-cassiensainteclaire\/2025\/08\/25\/liste-de-materiels-annee-scolaire-2025-2026\/\">Listes du mat\u00e9riel GENERALE et SEGPA 2025-2026<\/a><\/p>\n\n\n\n<p><a href=\"https:\/\/site.ac-martinique.fr\/clg-cassiensainteclaire\/2025\/08\/25\/organisation-de-la-rentree-scolaire-2025-2026\/\">Organisation de la rentr\u00e9e scolaire 2025-2026 au coll\u00e8ge Cassien Sainte-Claire<\/a><\/p>\n\n\n\n<p><\/p>\n","protected":false},"excerpt":{"rendered":"<p>Listes du mat\u00e9riel GENERALE et SEGPA 2025-2026 Organisation de la rentr\u00e9e scolaire 2025-2026 au coll\u00e8ge Cassien Sainte-Claire<\/p>\n","protected":false},"author":214,"featured_media":0,"parent":0,"menu_order":0,"comment_status":"closed","ping_status":"closed","template":"","meta":{"footnotes":""},"class_list":["post-12134","page","type-page","status-publish","hentry"],"_links":{"self":[{"href":"https:\/\/site.ac-martinique.fr\/clg-cassiensainteclaire\/wp-json\/wp\/v2\/pages\/12134","targetHints":{"allow":["GET"]}}],"collection":[{"href":"https:\/\/site.ac-martinique.fr\/clg-cassiensainteclaire\/wp-json\/wp\/v2\/pages"}],"about":[{"href":"https:\/\/site.ac-martinique.fr\/clg-cassiensainteclaire\/wp-json\/wp\/v2\/types\/page"}],"author":[{"embeddable":true,"href":"https:\/\/site.ac-martinique.fr\/clg-cassiensainteclaire\/wp-json\/wp\/v2\/users\/214"}],"replies":[{"embeddable":true,"href":"https:\/\/site.ac-martinique.fr\/clg-cassiensainteclaire\/wp-json\/wp\/v2\/comments?post=12134"}],"version-history":[{"count":1,"href":"https:\/\/site.ac-martinique.fr\/clg-cassiensainteclaire\/wp-json\/wp\/v2\/pages\/12134\/revisions"}],"predecessor-version":[{"id":12135,"href":"https:\/\/site.ac-martinique.fr\/clg-cassiensainteclaire\/wp-json\/wp\/v2\/pages\/12134\/revisions\/12135"}],"wp:attachment":[{"href":"https:\/\/site.ac-martinique.fr\/clg-cassiensainteclaire\/wp-json\/wp\/v2\/media?parent=12134"}],"curies":[{"name":"wp","href":"https:\/\/api.w.org\/{rel}","templated":true}]}}