{"id":620,"date":"2017-09-05T10:54:24","date_gmt":"2017-09-05T14:54:24","guid":{"rendered":"https:\/\/site.ac-martinique.fr\/clg-cassiensainteclaire\/?page_id=620"},"modified":"2021-03-04T14:50:35","modified_gmt":"2021-03-04T18:50:35","slug":"liste-des-oeuvres","status":"publish","type":"page","link":"https:\/\/site.ac-martinique.fr\/clg-cassiensainteclaire\/francais-2\/liste-des-oeuvres\/","title":{"rendered":"Liste des oeuvres"},"content":{"rendered":"<h3>LISTE DES OEUVRES LITT\u00c9RAIRES \u00c9TUDI\u00c9ES EN FRAN\u00c7AIS ET \u00c0 SE PROCURER POUR L&rsquo;ANN\u00c9E 2017\/18<\/h3>\n<p style=\"text-align: center;\"><strong>6\u00e8me<\/strong><\/p>\n<p style=\"text-align: center;\"><em>-Le M\u00e9decin volant<\/em> de Moli\u00e8re (peu importe l&rsquo;\u00e9dition)<\/p>\n<p style=\"text-align: center;\"><em>-Le petit Prince<\/em> de Antoine de Saint-Exup\u00e9ry<\/p>\n<p style=\"text-align: center;\"><strong>5\u00e8me<\/strong><\/p>\n<p style=\"text-align: center;\"><em>-La Bonne Couleur<\/em> de Ya\u00ebl Hassan \u00e9dition Casterman<\/p>\n<p style=\"text-align: center;\"><strong>4\u00e8me<\/strong><\/p>\n<p style=\"text-align: center;\"><em>L&rsquo;\u00cele des Esclaves <\/em>de Pierre Carlet Chamblain de MARIVAUX\u00a0(peu importe l&rsquo;\u00e9dition)<\/p>\n<p style=\"text-align: center;\"><strong>3\u00e8me<\/strong><\/p>\n<p style=\"text-align: center;\"><em>-M\u00eame pas morte<\/em> de Sibylle Claudel \u00e9dition J&rsquo;AI LU<\/p>\n<p style=\"text-align: center;\">&#8211;<em>Antigone<\/em> de Jean Anouilh\u00a0(peu importe l&rsquo;\u00e9dition)<\/p>\n","protected":false},"excerpt":{"rendered":"<p>LISTE DES OEUVRES LITT\u00c9RAIRES \u00c9TUDI\u00c9ES EN FRAN\u00c7AIS ET \u00c0 SE PROCURER POUR L&rsquo;ANN\u00c9E 2017\/18 6\u00e8me -Le M\u00e9decin volant de Moli\u00e8re &hellip; <\/p>\n<p class=\"link-more\"><a href=\"https:\/\/site.ac-martinique.fr\/clg-cassiensainteclaire\/francais-2\/liste-des-oeuvres\/\" class=\"more-link\">Lire la suite&#8230;<span class=\"screen-reader-text\"> \u00ab\u00a0Liste des oeuvres\u00a0\u00bb<\/span><\/a><\/p>\n","protected":false},"author":214,"featured_media":0,"parent":32,"menu_order":0,"comment_status":"closed","ping_status":"closed","template":"","meta":{"footnotes":""},"class_list":["post-620","page","type-page","status-publish","hentry"],"_links":{"self":[{"href":"https:\/\/site.ac-martinique.fr\/clg-cassiensainteclaire\/wp-json\/wp\/v2\/pages\/620","targetHints":{"allow":["GET"]}}],"collection":[{"href":"https:\/\/site.ac-martinique.fr\/clg-cassiensainteclaire\/wp-json\/wp\/v2\/pages"}],"about":[{"href":"https:\/\/site.ac-martinique.fr\/clg-cassiensainteclaire\/wp-json\/wp\/v2\/types\/page"}],"author":[{"embeddable":true,"href":"https:\/\/site.ac-martinique.fr\/clg-cassiensainteclaire\/wp-json\/wp\/v2\/users\/214"}],"replies":[{"embeddable":true,"href":"https:\/\/site.ac-martinique.fr\/clg-cassiensainteclaire\/wp-json\/wp\/v2\/comments?post=620"}],"version-history":[{"count":1,"href":"https:\/\/site.ac-martinique.fr\/clg-cassiensainteclaire\/wp-json\/wp\/v2\/pages\/620\/revisions"}],"predecessor-version":[{"id":621,"href":"https:\/\/site.ac-martinique.fr\/clg-cassiensainteclaire\/wp-json\/wp\/v2\/pages\/620\/revisions\/621"}],"up":[{"embeddable":true,"href":"https:\/\/site.ac-martinique.fr\/clg-cassiensainteclaire\/wp-json\/wp\/v2\/pages\/32"}],"wp:attachment":[{"href":"https:\/\/site.ac-martinique.fr\/clg-cassiensainteclaire\/wp-json\/wp\/v2\/media?parent=620"}],"curies":[{"name":"wp","href":"https:\/\/api.w.org\/{rel}","templated":true}]}}