{"id":708,"date":"2017-12-08T10:57:46","date_gmt":"2017-12-08T14:57:46","guid":{"rendered":"https:\/\/site.ac-martinique.fr\/clg-cassiensainteclaire\/?page_id=708"},"modified":"2022-05-06T10:28:54","modified_gmt":"2022-05-06T14:28:54","slug":"lhistoire-du-college-cassien-sainte-claire","status":"publish","type":"page","link":"https:\/\/site.ac-martinique.fr\/clg-cassiensainteclaire\/lhistoire-du-college-cassien-sainte-claire\/","title":{"rendered":"L&rsquo;histoire du coll\u00e8ge Cassien Sainte-Claire"},"content":{"rendered":"<p><span style=\"font-size: 12pt;\">N\u00e9 \u00e0 Saint-Pierre en <strong>1801<\/strong>, Monsieur Cassien Sainte-Claire est fils d\u2019une famille d\u2019ouvrier pauvre.<\/span><\/p>\n<p><span style=\"font-size: 12pt;\">Il fut d\u2019abord apprenti \u00e9b\u00e9niste puis se tourna vers l\u2019enseignement.<\/span><\/p>\n<p><span style=\"font-size: 12pt;\">Scolaris\u00e9 \u00e0 Saint Pierre, il obtiendra son Brevet El\u00e9mentaire, puis son Brevet sup\u00e9rieur\u00a0 et finalement son Certificat d\u2019Aptitude P\u00e9dagogique.<\/span><\/p>\n<p><strong><u>27 avril 1848<\/u><\/strong>, d\u00e9cret d\u2019abolition de l\u2019esclavage prescrivant entre autre le droit \u00e0 l\u2019instruction pour les nouveaux citoyens libres. Cela impliquait la cr\u00e9ation d\u2019\u00e9coles.<\/p>\n<p>Mais \u00e0 l\u2019\u00e9poque, les \u00e9coles en Martinique \u00e9taient tenues par les religieux\u00a0et r\u00e9serv\u00e9es \u00e0 une partie de la population:<\/p>\n<p>&#8211; les fr\u00e8res Plo\u00ebrnel pour les gar\u00e7ons<\/p>\n<p>&#8211; les s\u0153urs de Saint-Joseph de Cluny pour les filles.<\/p>\n<p><strong><u>19 novembre 1878<\/u><\/strong>, Les R\u00e9publicains majoritaires au Conseil G\u00e9n\u00e9ral de la colonie vot\u00e8rent pour que des \u00e9coles la\u00efques soient ouvertes dans la plupart des communes de l\u2019\u00eele et ce avant l\u2019application de la Loi Jules Ferry en 1882. Ainsi le 21 juillet 1881, le Lyc\u00e9e de Saint Pierre (qui deviendra le Lyc\u00e9e Victor Sch\u0153lcher) fut inaugur\u00e9 et trois ans plus tard, un pensionnat colonial de jeunes filles (actuellement Lyc\u00e9e de Bellevue) ouvrit ses portes \u00e0 Saint Pierre\u2026<\/p>\n<p>L\u2019installation de cette \u00e9cole publique, la\u00efque, \u00e9cole de la R\u00e9publique ne se fera pas sans m\u00e9contentement. On garde dans notre patrimoine culturel une chanson populaire de l\u2019\u00e9poque dont voici quelques paroles\u00a0:<\/p>\n<p>\u00ab\u00a0Hurard<sup>1<\/sup> m\u00e9t\u00e9 l\u00e9kol lyik pou montw\u00e9 ti n\u00e9g pal\u00e9 fwans\u00e9\u2026\u00a0\u00bb<\/p>\n<p>Faute d\u2019enseignants en nombre suffisant et sans solutions venant de la M\u00e9tropole, le Conseil G\u00e9n\u00e9ral vote une motion d\u00e9cidant de recruter, former et salarier les nouveaux ma\u00eetres d\u2019\u00e9cole dans la colonie. Pour ce faire, un concours est organis\u00e9 par le Conseil G\u00e9n\u00e9ral\u00a0 pour recruter ces nouveaux enseignants. Le major de promotion (le 1<sup>er<\/sup> \u00e0 r\u00e9ussir) n\u2019est autre que Monsieur Cassien Sainte-Claire qui va militer pour l\u2019\u00e9cole publique la\u00efque\u00a0 et qui va terminer sa carri\u00e8re \u00e0 la t\u00eate de l\u2019instruction publique en Martinique.<\/p>\n<p><em>1 \u2013 Monsieur Marius HURARD \u00e9tait avocat, pr\u00e9sident du Conseil G\u00e9n\u00e9ral (1880-1883) mais aussi maire de Saint Pierre et d\u00e9put\u00e9. Il mourut le 8 mai 1902 lors de l\u2019\u00e9ruption de la Montagne Pel\u00e9e.<\/em><\/p>\n\n\n<figure class=\"wp-block-image size-full\"><a href=\"https:\/\/site.ac-martinique.fr\/clg-cassiensainteclaire\/wp-content\/uploads\/sites\/82\/2022\/05\/Photo-cassien.jpg\"><img loading=\"lazy\" decoding=\"async\" width=\"337\" height=\"639\" src=\"https:\/\/site.ac-martinique.fr\/clg-cassiensainteclaire\/wp-content\/uploads\/sites\/82\/2022\/05\/Photo-cassien.jpg\" alt=\"\" class=\"wp-image-1636\" srcset=\"https:\/\/site.ac-martinique.fr\/clg-cassiensainteclaire\/wp-content\/uploads\/sites\/82\/2022\/05\/Photo-cassien.jpg 337w, https:\/\/site.ac-martinique.fr\/clg-cassiensainteclaire\/wp-content\/uploads\/sites\/82\/2022\/05\/Photo-cassien-158x300.jpg 158w\" sizes=\"auto, (max-width: 337px) 100vw, 337px\" \/><\/a><\/figure>\n","protected":false},"excerpt":{"rendered":"<p>N\u00e9 \u00e0 Saint-Pierre en 1801, Monsieur Cassien Sainte-Claire est fils d\u2019une famille d\u2019ouvrier pauvre. Il fut d\u2019abord apprenti \u00e9b\u00e9niste puis &hellip; <\/p>\n<p class=\"link-more\"><a href=\"https:\/\/site.ac-martinique.fr\/clg-cassiensainteclaire\/lhistoire-du-college-cassien-sainte-claire\/\" class=\"more-link\">Lire la suite&#8230;<span class=\"screen-reader-text\"> \u00ab\u00a0L&rsquo;histoire du coll\u00e8ge Cassien Sainte-Claire\u00a0\u00bb<\/span><\/a><\/p>\n","protected":false},"author":214,"featured_media":0,"parent":0,"menu_order":0,"comment_status":"closed","ping_status":"closed","template":"","meta":{"footnotes":""},"class_list":["post-708","page","type-page","status-publish","hentry"],"_links":{"self":[{"href":"https:\/\/site.ac-martinique.fr\/clg-cassiensainteclaire\/wp-json\/wp\/v2\/pages\/708","targetHints":{"allow":["GET"]}}],"collection":[{"href":"https:\/\/site.ac-martinique.fr\/clg-cassiensainteclaire\/wp-json\/wp\/v2\/pages"}],"about":[{"href":"https:\/\/site.ac-martinique.fr\/clg-cassiensainteclaire\/wp-json\/wp\/v2\/types\/page"}],"author":[{"embeddable":true,"href":"https:\/\/site.ac-martinique.fr\/clg-cassiensainteclaire\/wp-json\/wp\/v2\/users\/214"}],"replies":[{"embeddable":true,"href":"https:\/\/site.ac-martinique.fr\/clg-cassiensainteclaire\/wp-json\/wp\/v2\/comments?post=708"}],"version-history":[{"count":6,"href":"https:\/\/site.ac-martinique.fr\/clg-cassiensainteclaire\/wp-json\/wp\/v2\/pages\/708\/revisions"}],"predecessor-version":[{"id":1637,"href":"https:\/\/site.ac-martinique.fr\/clg-cassiensainteclaire\/wp-json\/wp\/v2\/pages\/708\/revisions\/1637"}],"wp:attachment":[{"href":"https:\/\/site.ac-martinique.fr\/clg-cassiensainteclaire\/wp-json\/wp\/v2\/media?parent=708"}],"curies":[{"name":"wp","href":"https:\/\/api.w.org\/{rel}","templated":true}]}}

L&rsquo;histoire du collège Cassien Sainte-Claire

<p><span style="font-size: 12pt;">Né à Saint-Pierre en <strong>1801</strong>, Monsieur Cassien Sainte-Claire est fils d’une famille d’ouvrier pauvre.</span></p>
<p><span style="font-size: 12pt;">Il fut d’abord apprenti ébéniste puis se tourna vers l’enseignement.</span></p>
<p><span style="font-size: 12pt;">Scolarisé à Saint Pierre, il obtiendra son Brevet Elémentaire, puis son Brevet supérieur  et finalement son Certificat d’Aptitude Pédagogique.</span></p>
<p><strong><u>27 avril 1848</u></strong>, décret d’abolition de l’esclavage prescrivant entre autre le droit à l’instruction pour les nouveaux citoyens libres. Cela impliquait la création d’écoles.</p>
<p>Mais à l’époque, les écoles en Martinique étaient tenues par les religieux et réservées à une partie de la population:</p>
<p>&#8211; les frères Ploërnel pour les garçons</p>
<p>&#8211; les sœurs de Saint-Joseph de Cluny pour les filles.</p>
<p><strong><u>19 novembre 1878</u></strong>, Les Républicains majoritaires au Conseil Général de la colonie votèrent pour que des écoles laïques soient ouvertes dans la plupart des communes de l’île et ce avant l’application de la Loi Jules Ferry en 1882. Ainsi le 21 juillet 1881, le Lycée de Saint Pierre (qui deviendra le Lycée Victor Schœlcher) fut inauguré et trois ans plus tard, un pensionnat colonial de jeunes filles (actuellement Lycée de Bellevue) ouvrit ses portes à Saint Pierre…</p>
<p>L’installation de cette école publique, laïque, école de la République ne se fera pas sans mécontentement. On garde dans notre patrimoine culturel une chanson populaire de l’époque dont voici quelques paroles :</p>
<p>« Hurard<sup>1</sup> mété lékol lyik pou montwé ti nég palé fwansé… »</p>
<p>Faute d’enseignants en nombre suffisant et sans solutions venant de la Métropole, le Conseil Général vote une motion décidant de recruter, former et salarier les nouveaux maîtres d’école dans la colonie. Pour ce faire, un concours est organisé par le Conseil Général  pour recruter ces nouveaux enseignants. Le major de promotion (le 1<sup>er</sup> à réussir) n’est autre que Monsieur Cassien Sainte-Claire qui va militer pour l’école publique laïque  et qui va terminer sa carrière à la tête de l’instruction publique en Martinique.</p>
<p><em>1 – Monsieur Marius HURARD était avocat, président du Conseil Général (1880-1883) mais aussi maire de Saint Pierre et député. Il mourut le 8 mai 1902 lors de l’éruption de la Montagne Pelée.</em></p>


<figure class="wp-block-image size-full"><a href="https://site.ac-martinique.fr/clg-cassiensainteclaire/wp-content/uploads/sites/82/2022/05/Photo-cassien.jpg"><img loading="lazy" decoding="async" width="337" height="639" src="https://site.ac-martinique.fr/clg-cassiensainteclaire/wp-content/uploads/sites/82/2022/05/Photo-cassien.jpg" alt="" class="wp-image-1636" srcset="https://site.ac-martinique.fr/clg-cassiensainteclaire/wp-content/uploads/sites/82/2022/05/Photo-cassien.jpg 337w, https://site.ac-martinique.fr/clg-cassiensainteclaire/wp-content/uploads/sites/82/2022/05/Photo-cassien-158x300.jpg 158w" sizes="auto, (max-width: 337px) 100vw, 337px" /></a></figure>

<p>Né à Saint-Pierre en 1801, Monsieur Cassien Sainte-Claire est fils d’une famille d’ouvrier pauvre. Il fut d’abord apprenti ébéniste puis &hellip; </p>
<p class="link-more"><a href="https://site.ac-martinique.fr/clg-cassiensainteclaire/lhistoire-du-college-cassien-sainte-claire/" class="more-link">Lire la suite&#8230;<span class="screen-reader-text"> « L&rsquo;histoire du collège Cassien Sainte-Claire »</span></a></p>
