{"id":3103,"date":"2017-10-11T22:12:35","date_gmt":"2017-10-11T22:12:35","guid":{"rendered":"\/clg-constantleray\/?page_id=3103"},"modified":"2017-10-11T22:17:17","modified_gmt":"2017-10-11T22:17:17","slug":"horaires-conseiller-dorientation-psychologue","status":"publish","type":"page","link":"\/clg-constantleray\/?page_id=3103","title":{"rendered":"Horaires conseiller d&rsquo;orientation psychologue"},"content":{"rendered":"<p><a href=\"\/clg-constantleray\/wp-content\/uploads\/sites\/51\/2017\/10\/orientation.jpg\"><img loading=\"lazy\" decoding=\"async\" class=\"size-full wp-image-3107 alignleft\" src=\"\/clg-constantleray\/wp-content\/uploads\/sites\/51\/2017\/10\/orientation.jpg\" alt=\"\" width=\"236\" height=\"213\" \/><\/a> <strong>Le Conseiller d&rsquo;Orientation Psychologue rencontre les \u00e9l\u00e8ves pour leur donner des conseils d&rsquo;orientation : <\/strong><\/p>\n<p><strong>JEUDI de 14h00 \u00e0 17h00<\/strong><\/p>\n<p><strong>VENDREDI de 8h30 \u00e0 12h30<\/strong><\/p>\n","protected":false},"excerpt":{"rendered":"<p>Le Conseiller d&rsquo;Orientation Psychologue rencontre les \u00e9l\u00e8ves pour leur donner des conseils d&rsquo;orientation : JEUDI de 14h00 \u00e0 17h00 VENDREDI de 8h30 \u00e0 12h30<\/p>\n","protected":false},"author":120,"featured_media":0,"parent":0,"menu_order":0,"comment_status":"closed","ping_status":"closed","template":"","meta":{"footnotes":""},"class_list":["post-3103","page","type-page","status-publish","hentry"],"_links":{"self":[{"href":"\/clg-constantleray\/index.php?rest_route=\/wp\/v2\/pages\/3103","targetHints":{"allow":["GET"]}}],"collection":[{"href":"\/clg-constantleray\/index.php?rest_route=\/wp\/v2\/pages"}],"about":[{"href":"\/clg-constantleray\/index.php?rest_route=\/wp\/v2\/types\/page"}],"author":[{"embeddable":true,"href":"\/clg-constantleray\/index.php?rest_route=\/wp\/v2\/users\/120"}],"replies":[{"embeddable":true,"href":"\/clg-constantleray\/index.php?rest_route=%2Fwp%2Fv2%2Fcomments&post=3103"}],"version-history":[{"count":3,"href":"\/clg-constantleray\/index.php?rest_route=\/wp\/v2\/pages\/3103\/revisions"}],"predecessor-version":[{"id":3110,"href":"\/clg-constantleray\/index.php?rest_route=\/wp\/v2\/pages\/3103\/revisions\/3110"}],"wp:attachment":[{"href":"\/clg-constantleray\/index.php?rest_route=%2Fwp%2Fv2%2Fmedia&parent=3103"}],"curies":[{"name":"wp","href":"https:\/\/api.w.org\/{rel}","templated":true}]}}