{"id":620,"date":"2012-03-05T18:34:31","date_gmt":"2012-03-05T18:34:31","guid":{"rendered":"http:\/\/www.clg-constantleray.ac-martinique.fr\/?page_id=620"},"modified":"2012-11-24T13:51:13","modified_gmt":"2012-11-24T13:51:13","slug":"site-du-ministere-de-leducation-nationale","status":"publish","type":"page","link":"\/clg-constantleray\/?page_id=620","title":{"rendered":"Site du Minist\u00e8re de l&rsquo;Education Nationale"},"content":{"rendered":"<p>Pour tous savoir sur le coll\u00e8ge, rendez-vous sur :<\/p>\n<p><a href=\"http:\/\/education.gouv.fr\" target=\"_blank\">education.gouv<\/a><a href=\"http:\/\/education.gouv.fr\" target=\"_blank\">.fr<\/a><\/p>\n<p><a href=\"http:\/\/education.gouv.fr\" target=\"_blank\"><\/a><a href=\"\/clg-constantleray\/wp-content\/uploads\/sites\/51\/2012\/03\/alaune_espaceparents_189585.93.jpg\"><img loading=\"lazy\" decoding=\"async\" class=\"alignnone size-thumbnail wp-image-623\" src=\"\/clg-constantleray\/wp-content\/uploads\/sites\/51\/2012\/03\/alaune_espaceparents_189585.93-150x150.jpg\" alt=\"\" width=\"150\" height=\"150\" \/><\/a><\/p>\n<p>dans la rubrique \u00ab\u00a0PARENTS ET ELEVES\u00a0\u00bb<\/p>\n<p>Des informations pratiques :<\/p>\n<ul>\n<li>la vie au coll\u00e8ge,<\/li>\n<li>les inscriptions,<\/li>\n<li>le brevet,<\/li>\n<li>le r\u00f4le de parents d&rsquo;\u00e9l\u00e8ves, etc&#8230;<\/li>\n<\/ul>\n<p>&nbsp;<\/p>\n","protected":false},"excerpt":{"rendered":"<p>Pour tous savoir sur le coll\u00e8ge, rendez-vous sur : education.gouv.fr dans la rubrique \u00ab\u00a0PARENTS ET ELEVES\u00a0\u00bb Des informations pratiques : la vie au coll\u00e8ge, les inscriptions, le brevet, le r\u00f4le de parents d&rsquo;\u00e9l\u00e8ves, etc&#8230; &nbsp;<\/p>\n","protected":false},"author":120,"featured_media":0,"parent":0,"menu_order":0,"comment_status":"closed","ping_status":"open","template":"","meta":{"footnotes":""},"class_list":["post-620","page","type-page","status-publish","hentry"],"_links":{"self":[{"href":"\/clg-constantleray\/index.php?rest_route=\/wp\/v2\/pages\/620","targetHints":{"allow":["GET"]}}],"collection":[{"href":"\/clg-constantleray\/index.php?rest_route=\/wp\/v2\/pages"}],"about":[{"href":"\/clg-constantleray\/index.php?rest_route=\/wp\/v2\/types\/page"}],"author":[{"embeddable":true,"href":"\/clg-constantleray\/index.php?rest_route=\/wp\/v2\/users\/120"}],"replies":[{"embeddable":true,"href":"\/clg-constantleray\/index.php?rest_route=%2Fwp%2Fv2%2Fcomments&post=620"}],"version-history":[{"count":2,"href":"\/clg-constantleray\/index.php?rest_route=\/wp\/v2\/pages\/620\/revisions"}],"predecessor-version":[{"id":1757,"href":"\/clg-constantleray\/index.php?rest_route=\/wp\/v2\/pages\/620\/revisions\/1757"}],"wp:attachment":[{"href":"\/clg-constantleray\/index.php?rest_route=%2Fwp%2Fv2%2Fmedia&parent=620"}],"curies":[{"name":"wp","href":"https:\/\/api.w.org\/{rel}","templated":true}]}}