{"id":377,"date":"2016-07-03T15:44:25","date_gmt":"2016-07-03T14:44:25","guid":{"rendered":"\/clg-edapierre\/?page_id=377"},"modified":"2016-07-03T15:44:25","modified_gmt":"2016-07-03T14:44:25","slug":"les-cultures-vivrieres","status":"publish","type":"page","link":"https:\/\/site.ac-martinique.fr\/clg-edapierre\/?page_id=377","title":{"rendered":"Les cultures vivri\u00e8res"},"content":{"rendered":"<figure id=\"attachment_324\" aria-describedby=\"caption-attachment-324\" style=\"width: 400px\" class=\"wp-caption aligncenter\"><a href=\"\/clg-edapierre\/wp-content\/uploads\/sites\/54\/2016\/07\/vivrier.jpg\"><img fetchpriority=\"high\" decoding=\"async\" class=\"wp-image-324 size-full\" src=\"\/clg-edapierre\/wp-content\/uploads\/sites\/54\/2016\/07\/vivrier.jpg\" alt=\"vivrier\" width=\"400\" height=\"300\" srcset=\"https:\/\/site.ac-martinique.fr\/clg-edapierre\/wp-content\/uploads\/sites\/54\/2016\/07\/vivrier.jpg 400w, https:\/\/site.ac-martinique.fr\/clg-edapierre\/wp-content\/uploads\/sites\/54\/2016\/07\/vivrier-300x225.jpg 300w\" sizes=\"(max-width: 400px) 100vw, 400px\" \/><\/a><figcaption id=\"caption-attachment-324\" class=\"wp-caption-text\">Champ de tarots (&#8220;dachine&#8221;) et chayottes (&#8220;christophine&#8221;) sur le versant est de la Montagne Pel\u00e9e.<\/figcaption><\/figure>\n<p style=\"text-align: justify;\">\nLe Morne Rouge est souvent consid\u00e9r\u00e9 comme le grenier de la Martinique. A juste titre. L&#8217;agriculture vivri\u00e8re traditionnelle de type familiale y est tr\u00e8s bien repr\u00e9sent\u00e9e, en particulier sur les flancs de la Montagne Pel\u00e9e.<\/p>\n<p style=\"text-align: justify;\">Mais cette agriculture vivri\u00e8re suit une tendance \u00e0 la r\u00e9gression. Pour deux raisons: c&#8217;est une agriculture \u00a0qui touche surtout un march\u00e9 rural, en ville, elle subit la concurrence des importations \u00a0et surtout la population qui anime ce secteur d&#8217;activit\u00e9 vieillit sans que l&#8217;on n&#8217;ait r\u00e9ellement un relais au niveau des jeunes g\u00e9n\u00e9rations qui d\u00e9laissent l&#8217;agriculture. Les terres agricoles elles-m\u00eames , souvent situ\u00e9es \u00e0 la p\u00e9riph\u00e9rie des villes subissent de plein fouet l&#8217;urbanisation. En une g\u00e9n\u00e9ration, de grands vergers ont disparus dans la fr\u00e9n\u00e9sie immobili\u00e8re qui a vu l&#8217;\u00e9dification de logements sociaux et de lotissements. C&#8217;est ainsi que des productions traditionnelles de fruits locaux tels les pamplemousses, les mangues, les oranges ou les mandarines ont disparu.<\/p>\n<figure id=\"attachment_279\" aria-describedby=\"caption-attachment-279\" style=\"width: 200px\" class=\"wp-caption alignleft\"><a href=\"\/clg-edapierre\/wp-content\/uploads\/sites\/54\/2016\/07\/christophine.jpg\"><img decoding=\"async\" class=\"wp-image-279 size-full\" src=\"\/clg-edapierre\/wp-content\/uploads\/sites\/54\/2016\/07\/christophine.jpg\" alt=\"christophine\" width=\"200\" height=\"150\" \/><\/a><figcaption id=\"caption-attachment-279\" class=\"wp-caption-text\">La chayotte appel\u00e9e &#8220;christophine&#8221; est une plante tr\u00e8s consomm\u00e9e localement.<\/figcaption><\/figure>\n<p style=\"text-align: justify;\">Il reste cependant toujours la tradition du jardin cr\u00e9ole qui est un \u00e9l\u00e9ment essentiel de la culture et de l&#8217;histoire des anciennes populations serviles: c&#8217;est l\u00e0 en effet que les esclaves parvenaient autrefois \u00e0 r\u00e9unir un p\u00e9cule, par la vente des produits du jardin sur le march\u00e9 local. C&#8217;est dans le jardin que l&#8217;on trouve \u00e9galement encore aujourd&#8217;hui les principales plantes m\u00e9dicinales des m\u00e9nages martiniquais tels &#8220;l&#8217;atoumo&#8221; de la famille des alpinias (alpinia speciosa), magnifique fleur utilis\u00e9e contre la grippe.<\/p>\n<p style=\"text-align: justify;\">Une culture tr\u00e8s r\u00e9pandue au Morne Rouge, en particulier sur les flancs de la Montagne Pel\u00e9e, est la christophine, nom cr\u00e9ole de la chayote. C&#8217;est un savoureux l\u00e9gume tr\u00e8s consomm\u00e9\u00a0en Am\u00e9rique Centrale. La plante, grimpante, pousse sur des \u00e9chasses. On peut ainsi trouver jusqu&#8217;\u00e0 plus d&#8217;une centaine de fruits par plan ! Des fruits qui peuvent peser jusqu&#8217;\u00e0 1 kg&#8230;Particuli\u00e8rement appr\u00e9ci\u00e9 en gratin. Ce fruit poss\u00e8de une\u00a0particularit\u00e9 originale: il peut germer tout en \u00e9tant encore sur la plante m\u00e8re !<\/p>\n<figure id=\"attachment_280\" aria-describedby=\"caption-attachment-280\" style=\"width: 200px\" class=\"wp-caption alignright\"><a href=\"\/clg-edapierre\/wp-content\/uploads\/sites\/54\/2016\/07\/dachine.jpg\"><img decoding=\"async\" class=\"wp-image-280 size-full\" src=\"\/clg-edapierre\/wp-content\/uploads\/sites\/54\/2016\/07\/dachine.jpg\" alt=\"dachine\" width=\"200\" height=\"150\" \/><\/a><figcaption id=\"caption-attachment-280\" class=\"wp-caption-text\">Le tarot ou &#8220;dachine&#8221; fait lui aussi partie des menus traditionnels du nord de la Martinique. On en consomme le rhizome.<\/figcaption><\/figure>\n<p style=\"text-align: justify;\">La seconde culture vivri\u00e8re particuli\u00e8rement pr\u00e9sente est le dachine, nom cr\u00e9ole pour d\u00e9signer le taro, une plante tropicale tr\u00e8s r\u00e9pandue sous les Tropiques. Au niveau des racines, on coupe le rhizome tr\u00e8s \u00e9pais de la plante qui ressemble \u00e0 un tubercule. Il est alors consomm\u00e9 comme un f\u00e9culent et bouilli. Les feuilles sont utilis\u00e9es dans le calalou, une soupe typiquement antillaise.<\/p>\n<p>&nbsp;<\/p>\n<p style=\"text-align: justify;\">D&#8217;autres cultures vivri\u00e8res sont d\u00e9velopp\u00e9es telles : la tomate, tr\u00e8s sensible aux parasites, l&#8217;igname -de tradition \u00e0 No\u00ebl-, les salades ou encore les choux&#8230;Sans compter bananes plantains ou fruits \u00e0 pain qui sont encore des menus insulaires&#8230;<\/p>\n","protected":false},"excerpt":{"rendered":"<p>Le Morne Rouge est souvent consid\u00e9r\u00e9 comme le grenier de la Martinique. A juste titre. L&#8217;agriculture vivri\u00e8re traditionnelle de type &hellip; <\/p>\n<p class=\"link-more\"><a href=\"https:\/\/site.ac-martinique.fr\/clg-edapierre\/?page_id=377\" class=\"more-link\">Lire la suite&#8230;<span class=\"screen-reader-text\"> &#8220;Les cultures vivri\u00e8res&#8221;<\/span><\/a><\/p>\n","protected":false},"author":127,"featured_media":0,"parent":369,"menu_order":3,"comment_status":"closed","ping_status":"closed","template":"","meta":{"pagelayer_contact_templates":[],"_pagelayer_content":"","_uag_custom_page_level_css":"","episode_type":"","audio_file":"","podmotor_file_id":"","podmotor_episode_id":"","cover_image":"","cover_image_id":"","duration":"","filesize":"","filesize_raw":"","date_recorded":"","explicit":"","block":"","itunes_episode_number":"","itunes_title":"","itunes_season_number":"","itunes_episode_type":"","_themeisle_gutenberg_block_has_review":false,"footnotes":"","_links_to":"","_links_to_target":""},"class_list":["post-377","page","type-page","status-publish","hentry"],"yoast_head":"<!-- This site is optimized with the Yoast SEO plugin v27.4 - https:\/\/yoast.com\/product\/yoast-seo-wordpress\/ -->\n<title>Les cultures vivri\u00e8res - \u2728 Coll\u00e8ge Christiane EDA-PIERRE \u2728<\/title>\n<meta name=\"robots\" content=\"index, follow, max-snippet:-1, max-image-preview:large, max-video-preview:-1\" \/>\n<link rel=\"canonical\" href=\"https:\/\/site.ac-martinique.fr\/clg-edapierre\/?page_id=377\" \/>\n<meta property=\"og:locale\" content=\"fr_FR\" \/>\n<meta property=\"og:type\" content=\"article\" \/>\n<meta property=\"og:title\" content=\"Les cultures vivri\u00e8res - \u2728 Coll\u00e8ge Christiane EDA-PIERRE \u2728\" \/>\n<meta property=\"og:description\" content=\"Le Morne Rouge est souvent consid\u00e9r\u00e9 comme le grenier de la Martinique. A juste titre. L&#8217;agriculture vivri\u00e8re traditionnelle de type &hellip; Lire la suite... &quot;Les cultures vivri\u00e8res&quot;\" \/>\n<meta property=\"og:url\" content=\"https:\/\/site.ac-martinique.fr\/clg-edapierre\/?page_id=377\" \/>\n<meta property=\"og:site_name\" content=\"\u2728 Coll\u00e8ge Christiane EDA-PIERRE \u2728\" \/>\n<meta name=\"twitter:card\" content=\"summary_large_image\" \/>\n<meta name=\"twitter:label1\" content=\"Dur\u00e9e de lecture estim\u00e9e\" \/>\n\t<meta name=\"twitter:data1\" content=\"3 minutes\" \/>\n<script type=\"application\/ld+json\" class=\"yoast-schema-graph\">{\"@context\":\"https:\\\/\\\/schema.org\",\"@graph\":[{\"@type\":\"WebPage\",\"@id\":\"https:\\\/\\\/site.ac-martinique.fr\\\/clg-edapierre\\\/?page_id=377\",\"url\":\"https:\\\/\\\/site.ac-martinique.fr\\\/clg-edapierre\\\/?page_id=377\",\"name\":\"Les cultures vivri\u00e8res - \u2728 Coll\u00e8ge Christiane EDA-PIERRE \u2728\",\"isPartOf\":{\"@id\":\"https:\\\/\\\/site.ac-martinique.fr\\\/clg-edapierre\\\/#website\"},\"datePublished\":\"2016-07-03T14:44:25+00:00\",\"breadcrumb\":{\"@id\":\"https:\\\/\\\/site.ac-martinique.fr\\\/clg-edapierre\\\/?page_id=377#breadcrumb\"},\"inLanguage\":\"fr-FR\",\"potentialAction\":[{\"@type\":\"ReadAction\",\"target\":[\"https:\\\/\\\/site.ac-martinique.fr\\\/clg-edapierre\\\/?page_id=377\"]}]},{\"@type\":\"BreadcrumbList\",\"@id\":\"https:\\\/\\\/site.ac-martinique.fr\\\/clg-edapierre\\\/?page_id=377#breadcrumb\",\"itemListElement\":[{\"@type\":\"ListItem\",\"position\":1,\"name\":\"Accueil\",\"item\":\"https:\\\/\\\/site.ac-martinique.fr\\\/clg-edapierre\"},{\"@type\":\"ListItem\",\"position\":2,\"name\":\"Le Morne Rouge\",\"item\":\"https:\\\/\\\/site.ac-martinique.fr\\\/clg-edapierre\\\/?page_id=248\"},{\"@type\":\"ListItem\",\"position\":3,\"name\":\"Le Morne Rouge et son terroir\",\"item\":\"https:\\\/\\\/site.ac-martinique.fr\\\/clg-edapierre\\\/?page_id=369\"},{\"@type\":\"ListItem\",\"position\":4,\"name\":\"Les cultures vivri\u00e8res\"}]},{\"@type\":\"WebSite\",\"@id\":\"https:\\\/\\\/site.ac-martinique.fr\\\/clg-edapierre\\\/#website\",\"url\":\"https:\\\/\\\/site.ac-martinique.fr\\\/clg-edapierre\\\/\",\"name\":\"\u2728 Coll\u00e8ge Christiane EDA-PIERRE \u2728\",\"description\":\"\",\"potentialAction\":[{\"@type\":\"SearchAction\",\"target\":{\"@type\":\"EntryPoint\",\"urlTemplate\":\"https:\\\/\\\/site.ac-martinique.fr\\\/clg-edapierre\\\/?s={search_term_string}\"},\"query-input\":{\"@type\":\"PropertyValueSpecification\",\"valueRequired\":true,\"valueName\":\"search_term_string\"}}],\"inLanguage\":\"fr-FR\"}]}<\/script>\n<!-- \/ Yoast SEO plugin. -->","yoast_head_json":{"title":"Les cultures vivri\u00e8res - \u2728 Coll\u00e8ge Christiane EDA-PIERRE \u2728","robots":{"index":"index","follow":"follow","max-snippet":"max-snippet:-1","max-image-preview":"max-image-preview:large","max-video-preview":"max-video-preview:-1"},"canonical":"https:\/\/site.ac-martinique.fr\/clg-edapierre\/?page_id=377","og_locale":"fr_FR","og_type":"article","og_title":"Les cultures vivri\u00e8res - \u2728 Coll\u00e8ge Christiane EDA-PIERRE \u2728","og_description":"Le Morne Rouge est souvent consid\u00e9r\u00e9 comme le grenier de la Martinique. A juste titre. L&#8217;agriculture vivri\u00e8re traditionnelle de type &hellip; Lire la suite... \"Les cultures vivri\u00e8res\"","og_url":"https:\/\/site.ac-martinique.fr\/clg-edapierre\/?page_id=377","og_site_name":"\u2728 Coll\u00e8ge Christiane EDA-PIERRE \u2728","twitter_card":"summary_large_image","twitter_misc":{"Dur\u00e9e de lecture estim\u00e9e":"3 minutes"},"schema":{"@context":"https:\/\/schema.org","@graph":[{"@type":"WebPage","@id":"https:\/\/site.ac-martinique.fr\/clg-edapierre\/?page_id=377","url":"https:\/\/site.ac-martinique.fr\/clg-edapierre\/?page_id=377","name":"Les cultures vivri\u00e8res - \u2728 Coll\u00e8ge Christiane EDA-PIERRE \u2728","isPartOf":{"@id":"https:\/\/site.ac-martinique.fr\/clg-edapierre\/#website"},"datePublished":"2016-07-03T14:44:25+00:00","breadcrumb":{"@id":"https:\/\/site.ac-martinique.fr\/clg-edapierre\/?page_id=377#breadcrumb"},"inLanguage":"fr-FR","potentialAction":[{"@type":"ReadAction","target":["https:\/\/site.ac-martinique.fr\/clg-edapierre\/?page_id=377"]}]},{"@type":"BreadcrumbList","@id":"https:\/\/site.ac-martinique.fr\/clg-edapierre\/?page_id=377#breadcrumb","itemListElement":[{"@type":"ListItem","position":1,"name":"Accueil","item":"https:\/\/site.ac-martinique.fr\/clg-edapierre"},{"@type":"ListItem","position":2,"name":"Le Morne Rouge","item":"https:\/\/site.ac-martinique.fr\/clg-edapierre\/?page_id=248"},{"@type":"ListItem","position":3,"name":"Le Morne Rouge et son terroir","item":"https:\/\/site.ac-martinique.fr\/clg-edapierre\/?page_id=369"},{"@type":"ListItem","position":4,"name":"Les cultures vivri\u00e8res"}]},{"@type":"WebSite","@id":"https:\/\/site.ac-martinique.fr\/clg-edapierre\/#website","url":"https:\/\/site.ac-martinique.fr\/clg-edapierre\/","name":"\u2728 Coll\u00e8ge Christiane EDA-PIERRE \u2728","description":"","potentialAction":[{"@type":"SearchAction","target":{"@type":"EntryPoint","urlTemplate":"https:\/\/site.ac-martinique.fr\/clg-edapierre\/?s={search_term_string}"},"query-input":{"@type":"PropertyValueSpecification","valueRequired":true,"valueName":"search_term_string"}}],"inLanguage":"fr-FR"}]}},"uagb_featured_image_src":{"full":false,"thumbnail":false,"medium":false,"medium_large":false,"large":false,"1536x1536":false,"2048x2048":false,"lambadalite-featured-image":false,"lambadalite-thumbnail-avatar":false,"mailpoet_newsletter_max":false},"uagb_author_info":{"display_name":"webmestre","author_link":"https:\/\/site.ac-martinique.fr\/clg-edapierre\/?author=127"},"uagb_comment_info":0,"uagb_excerpt":"Le Morne Rouge est souvent consid\u00e9r\u00e9 comme le grenier de la Martinique. A juste titre. L&#8217;agriculture vivri\u00e8re traditionnelle de type &hellip; Lire la suite... \"Les cultures vivri\u00e8res\"","publishpress_future_action":{"enabled":false,"date":"2026-04-26 04:46:42","action":"change-status","newStatus":"draft","terms":[],"taxonomy":"","extraData":[]},"publishpress_future_workflow_manual_trigger":{"enabledWorkflows":[]},"amp_enabled":true,"_links":{"self":[{"href":"https:\/\/site.ac-martinique.fr\/clg-edapierre\/index.php?rest_route=\/wp\/v2\/pages\/377","targetHints":{"allow":["GET"]}}],"collection":[{"href":"https:\/\/site.ac-martinique.fr\/clg-edapierre\/index.php?rest_route=\/wp\/v2\/pages"}],"about":[{"href":"https:\/\/site.ac-martinique.fr\/clg-edapierre\/index.php?rest_route=\/wp\/v2\/types\/page"}],"author":[{"embeddable":true,"href":"https:\/\/site.ac-martinique.fr\/clg-edapierre\/index.php?rest_route=\/wp\/v2\/users\/127"}],"replies":[{"embeddable":true,"href":"https:\/\/site.ac-martinique.fr\/clg-edapierre\/index.php?rest_route=%2Fwp%2Fv2%2Fcomments&post=377"}],"version-history":[{"count":1,"href":"https:\/\/site.ac-martinique.fr\/clg-edapierre\/index.php?rest_route=\/wp\/v2\/pages\/377\/revisions"}],"predecessor-version":[{"id":378,"href":"https:\/\/site.ac-martinique.fr\/clg-edapierre\/index.php?rest_route=\/wp\/v2\/pages\/377\/revisions\/378"}],"up":[{"embeddable":true,"href":"https:\/\/site.ac-martinique.fr\/clg-edapierre\/index.php?rest_route=\/wp\/v2\/pages\/369"}],"wp:attachment":[{"href":"https:\/\/site.ac-martinique.fr\/clg-edapierre\/index.php?rest_route=%2Fwp%2Fv2%2Fmedia&parent=377"}],"curies":[{"name":"wp","href":"https:\/\/api.w.org\/{rel}","templated":true}]}}