{"id":381,"date":"2016-07-03T15:57:46","date_gmt":"2016-07-03T14:57:46","guid":{"rendered":"\/clg-edapierre\/?page_id=381"},"modified":"2016-07-03T15:57:46","modified_gmt":"2016-07-03T14:57:46","slug":"la-sylviculture-du-mahogany","status":"publish","type":"page","link":"https:\/\/site.ac-martinique.fr\/clg-edapierre\/?page_id=381","title":{"rendered":"La sylviculture du Mahogany"},"content":{"rendered":"<figure id=\"attachment_319\" aria-describedby=\"caption-attachment-319\" style=\"width: 400px\" class=\"wp-caption aligncenter\"><a href=\"\/clg-edapierre\/wp-content\/uploads\/sites\/54\/2016\/07\/scierie.jpg\"><img fetchpriority=\"high\" decoding=\"async\" class=\"wp-image-319 size-full\" src=\"\/clg-edapierre\/wp-content\/uploads\/sites\/54\/2016\/07\/scierie.jpg\" alt=\"scierie\" width=\"400\" height=\"300\" srcset=\"https:\/\/site.ac-martinique.fr\/clg-edapierre\/wp-content\/uploads\/sites\/54\/2016\/07\/scierie.jpg 400w, https:\/\/site.ac-martinique.fr\/clg-edapierre\/wp-content\/uploads\/sites\/54\/2016\/07\/scierie-300x225.jpg 300w\" sizes=\"(max-width: 400px) 100vw, 400px\" \/><\/a><figcaption id=\"caption-attachment-319\" class=\"wp-caption-text\">Une scierie \u00e0 proximit\u00e9 de la Montagne Pel\u00e9e.<\/figcaption><\/figure>\n<p style=\"text-align: justify;\">Le Morne Rouge est une r\u00e9gion tr\u00e8s bois\u00e9e. En particulier sur les reliefs, o\u00f9 elle se situe \u00e0 la lisi\u00e8re du Parc Naturel R\u00e9gional de la Martinique. Le tiers des exp\u00e8ces d&#8217;arbres connu en Martinique se trouve donc dans une for\u00eat de type hygrophile entre 500 et 1000m d&#8217;altitude: l&#8217;essentiel de ce qui entoure la commune. C&#8217;est l&#8217;\u00e9tage tropical sup\u00e9rieur. Il exige plus de 3000mm d&#8217;eau par an.<\/p>\n<p style=\"text-align: justify;\">De tous temps, la commune a fait l&#8217;objet de d\u00e9frichements. Un ph\u00e9nom\u00e8ne que l&#8217;on peut facilement mettre en \u00e9vidence sur la carte du terroir de la commune.<\/p>\n<figure id=\"attachment_294\" aria-describedby=\"caption-attachment-294\" style=\"width: 200px\" class=\"wp-caption alignleft\"><a href=\"\/clg-edapierre\/wp-content\/uploads\/sites\/54\/2016\/07\/mahogany.jpg\"><img decoding=\"async\" class=\"wp-image-294 size-full\" src=\"\/clg-edapierre\/wp-content\/uploads\/sites\/54\/2016\/07\/mahogany.jpg\" alt=\"mahogany\" width=\"200\" height=\"266\" \/><\/a><figcaption id=\"caption-attachment-294\" class=\"wp-caption-text\">Le mahogany, un arbre au port majestueux.<\/figcaption><\/figure>\n<p style=\"text-align: justify;\">Compte tenu des volumes de pr\u00e9cipitations, la croissance d&#8217;un arbre y est extr\u00eamement rapide. En moins d&#8217;un demi-si\u00e8cle, un arbre peut d\u00e9velopper des f\u00fbts imposants souvent de plus de 30m.<\/p>\n<p style=\"text-align: justify;\">C&#8217;est ainsi qu&#8217;au pied de la Montagne Pel\u00e9e, se d\u00e9veloppe une des 3 vari\u00e9t\u00e9s d&#8217;acajou, l&#8217;acajou \u00e9tant une famille d&#8217;arbres d\u00e9sign\u00e9s par le terme latin &#8220;swietenia&#8221;, bien repr\u00e9sent\u00e9e dans les Antilles fran\u00e7aises: le mahogany (swietenia macrophylla). Des for\u00eats de mahogany sont entretenues et r\u00e9guli\u00e8rement le bois est d\u00e9bit\u00e9 dans une scierie locale. On y d\u00e9veloppe un march\u00e9 destin\u00e9 \u00e0 l&#8217;am\u00e9nagement int\u00e9rieur des maisons&#8230;<\/p>\n<p style=\"text-align: justify;\">Le Mahogany que l&#8217;on utilise est appel\u00e9 mahogany &#8220;petite feuille&#8221;. On le reconna\u00eet \u00e0 un port \u00e9l\u00e9gant, tr\u00e8s \u00e9quilibr\u00e9, \u00e0 son \u00e9corce et \u00e0 la structure de son tronc qui rappelle celui du ch\u00eane europ\u00e9en. Un signe permet de le reconna\u00eetre \u00e0 coup s\u00fbr: la pr\u00e9sence de fruits, sorte de grosses bogues vertes puis brunes, qui s&#8217;ouvrent en\u00a0 cinq &#8220;p\u00e9tales&#8221; et lib\u00e9rent des graines ail\u00e9es.<\/p>\n<p style=\"text-align: justify;\">Cet arbre majestueux, typique de la Cara\u00efbe tire son nom\u00a0d&#8217;une comparaison que faisaient les esclaves noirs de Jama\u00efque avec un arbre africain. De l\u00e0 le terme anglais\u00a0 &#8220;mahagony&#8221; qui d\u00e9signe, de mani\u00e8re plus g\u00e9n\u00e9rale, dans les pays anglophones, l&#8217;acajou.<\/p>\n<figure id=\"attachment_295\" aria-describedby=\"caption-attachment-295\" style=\"width: 150px\" class=\"wp-caption alignleft\"><a href=\"\/clg-edapierre\/wp-content\/uploads\/sites\/54\/2016\/07\/mahoganybois.jpg\"><img decoding=\"async\" class=\"wp-image-295 size-full\" src=\"\/clg-edapierre\/wp-content\/uploads\/sites\/54\/2016\/07\/mahoganybois.jpg\" alt=\"mahoganybois\" width=\"150\" height=\"207\" \/><\/a><figcaption id=\"caption-attachment-295\" class=\"wp-caption-text\">L&#8217;aspect caract\u00e9ristique du bois de Mahogany.<\/figcaption><\/figure>\n<p style=\"text-align: justify;\">Le bois se pr\u00eate particuli\u00e8rement aux travaux d&#8217;\u00e9b\u00e9nisterie et de sculpture. Le grain est fin et le bois d&#8217;une assez grande densit\u00e9. De nombreux meubles en Martinique, souvent tr\u00e8s communs, sont r\u00e9alis\u00e9s en Mahogany. Le bois prend une teinte cr\u00e9pusculaire en veillissant.<\/p>\n<p style=\"text-align: justify;\">Les bois les plus estim\u00e9s dans les Antilles sont plut\u00f4t le poirier pays mais surtout l&#8217;acajou rouge et le courbaril, deux bois d&#8217;une tr\u00e8s grande densit\u00e9, tr\u00e8s durs et tr\u00e8s fins.<\/p>\n<p>&nbsp;<\/p>\n","protected":false},"excerpt":{"rendered":"<p>Le Morne Rouge est une r\u00e9gion tr\u00e8s bois\u00e9e. En particulier sur les reliefs, o\u00f9 elle se situe \u00e0 la lisi\u00e8re &hellip; <\/p>\n<p class=\"link-more\"><a href=\"https:\/\/site.ac-martinique.fr\/clg-edapierre\/?page_id=381\" class=\"more-link\">Lire la suite&#8230;<span class=\"screen-reader-text\"> &#8220;La sylviculture du Mahogany&#8221;<\/span><\/a><\/p>\n","protected":false},"author":127,"featured_media":0,"parent":369,"menu_order":5,"comment_status":"closed","ping_status":"closed","template":"","meta":{"pagelayer_contact_templates":[],"_pagelayer_content":"","_uag_custom_page_level_css":"","episode_type":"","audio_file":"","podmotor_file_id":"","podmotor_episode_id":"","cover_image":"","cover_image_id":"","duration":"","filesize":"","filesize_raw":"","date_recorded":"","explicit":"","block":"","itunes_episode_number":"","itunes_title":"","itunes_season_number":"","itunes_episode_type":"","_themeisle_gutenberg_block_has_review":false,"footnotes":"","_links_to":"","_links_to_target":""},"class_list":["post-381","page","type-page","status-publish","hentry"],"yoast_head":"<!-- This site is optimized with the Yoast SEO plugin v27.6 - https:\/\/yoast.com\/product\/yoast-seo-wordpress\/ -->\n<title>La sylviculture du Mahogany - \u2728 Coll\u00e8ge Christiane EDA-PIERRE \u2728<\/title>\n<meta name=\"robots\" content=\"index, follow, max-snippet:-1, max-image-preview:large, max-video-preview:-1\" \/>\n<link rel=\"canonical\" href=\"https:\/\/site.ac-martinique.fr\/clg-edapierre\/?page_id=381\" \/>\n<meta property=\"og:locale\" content=\"fr_FR\" \/>\n<meta property=\"og:type\" content=\"article\" \/>\n<meta property=\"og:title\" content=\"La sylviculture du Mahogany - \u2728 Coll\u00e8ge Christiane EDA-PIERRE \u2728\" \/>\n<meta property=\"og:description\" content=\"Le Morne Rouge est une r\u00e9gion tr\u00e8s bois\u00e9e. En particulier sur les reliefs, o\u00f9 elle se situe \u00e0 la lisi\u00e8re &hellip; Lire la suite... &quot;La sylviculture du Mahogany&quot;\" \/>\n<meta property=\"og:url\" content=\"https:\/\/site.ac-martinique.fr\/clg-edapierre\/?page_id=381\" \/>\n<meta property=\"og:site_name\" content=\"\u2728 Coll\u00e8ge Christiane EDA-PIERRE \u2728\" \/>\n<meta name=\"twitter:card\" content=\"summary_large_image\" \/>\n<meta name=\"twitter:label1\" content=\"Dur\u00e9e de lecture estim\u00e9e\" \/>\n\t<meta name=\"twitter:data1\" content=\"2 minutes\" \/>\n<script type=\"application\/ld+json\" class=\"yoast-schema-graph\">{\"@context\":\"https:\\\/\\\/schema.org\",\"@graph\":[{\"@type\":\"WebPage\",\"@id\":\"https:\\\/\\\/site.ac-martinique.fr\\\/clg-edapierre\\\/?page_id=381\",\"url\":\"https:\\\/\\\/site.ac-martinique.fr\\\/clg-edapierre\\\/?page_id=381\",\"name\":\"La sylviculture du Mahogany - \u2728 Coll\u00e8ge Christiane EDA-PIERRE \u2728\",\"isPartOf\":{\"@id\":\"https:\\\/\\\/site.ac-martinique.fr\\\/clg-edapierre\\\/#website\"},\"datePublished\":\"2016-07-03T14:57:46+00:00\",\"breadcrumb\":{\"@id\":\"https:\\\/\\\/site.ac-martinique.fr\\\/clg-edapierre\\\/?page_id=381#breadcrumb\"},\"inLanguage\":\"fr-FR\",\"potentialAction\":[{\"@type\":\"ReadAction\",\"target\":[\"https:\\\/\\\/site.ac-martinique.fr\\\/clg-edapierre\\\/?page_id=381\"]}]},{\"@type\":\"BreadcrumbList\",\"@id\":\"https:\\\/\\\/site.ac-martinique.fr\\\/clg-edapierre\\\/?page_id=381#breadcrumb\",\"itemListElement\":[{\"@type\":\"ListItem\",\"position\":1,\"name\":\"Accueil\",\"item\":\"https:\\\/\\\/site.ac-martinique.fr\\\/clg-edapierre\"},{\"@type\":\"ListItem\",\"position\":2,\"name\":\"Le Morne Rouge\",\"item\":\"https:\\\/\\\/site.ac-martinique.fr\\\/clg-edapierre\\\/?page_id=248\"},{\"@type\":\"ListItem\",\"position\":3,\"name\":\"Le Morne Rouge et son terroir\",\"item\":\"https:\\\/\\\/site.ac-martinique.fr\\\/clg-edapierre\\\/?page_id=369\"},{\"@type\":\"ListItem\",\"position\":4,\"name\":\"La sylviculture du Mahogany\"}]},{\"@type\":\"WebSite\",\"@id\":\"https:\\\/\\\/site.ac-martinique.fr\\\/clg-edapierre\\\/#website\",\"url\":\"https:\\\/\\\/site.ac-martinique.fr\\\/clg-edapierre\\\/\",\"name\":\"\u2728 Coll\u00e8ge Christiane EDA-PIERRE \u2728\",\"description\":\"\",\"potentialAction\":[{\"@type\":\"SearchAction\",\"target\":{\"@type\":\"EntryPoint\",\"urlTemplate\":\"https:\\\/\\\/site.ac-martinique.fr\\\/clg-edapierre\\\/?s={search_term_string}\"},\"query-input\":{\"@type\":\"PropertyValueSpecification\",\"valueRequired\":true,\"valueName\":\"search_term_string\"}}],\"inLanguage\":\"fr-FR\"}]}<\/script>\n<!-- \/ Yoast SEO plugin. -->","yoast_head_json":{"title":"La sylviculture du Mahogany - \u2728 Coll\u00e8ge Christiane EDA-PIERRE \u2728","robots":{"index":"index","follow":"follow","max-snippet":"max-snippet:-1","max-image-preview":"max-image-preview:large","max-video-preview":"max-video-preview:-1"},"canonical":"https:\/\/site.ac-martinique.fr\/clg-edapierre\/?page_id=381","og_locale":"fr_FR","og_type":"article","og_title":"La sylviculture du Mahogany - \u2728 Coll\u00e8ge Christiane EDA-PIERRE \u2728","og_description":"Le Morne Rouge est une r\u00e9gion tr\u00e8s bois\u00e9e. En particulier sur les reliefs, o\u00f9 elle se situe \u00e0 la lisi\u00e8re &hellip; Lire la suite... \"La sylviculture du Mahogany\"","og_url":"https:\/\/site.ac-martinique.fr\/clg-edapierre\/?page_id=381","og_site_name":"\u2728 Coll\u00e8ge Christiane EDA-PIERRE \u2728","twitter_card":"summary_large_image","twitter_misc":{"Dur\u00e9e de lecture estim\u00e9e":"2 minutes"},"schema":{"@context":"https:\/\/schema.org","@graph":[{"@type":"WebPage","@id":"https:\/\/site.ac-martinique.fr\/clg-edapierre\/?page_id=381","url":"https:\/\/site.ac-martinique.fr\/clg-edapierre\/?page_id=381","name":"La sylviculture du Mahogany - \u2728 Coll\u00e8ge Christiane EDA-PIERRE \u2728","isPartOf":{"@id":"https:\/\/site.ac-martinique.fr\/clg-edapierre\/#website"},"datePublished":"2016-07-03T14:57:46+00:00","breadcrumb":{"@id":"https:\/\/site.ac-martinique.fr\/clg-edapierre\/?page_id=381#breadcrumb"},"inLanguage":"fr-FR","potentialAction":[{"@type":"ReadAction","target":["https:\/\/site.ac-martinique.fr\/clg-edapierre\/?page_id=381"]}]},{"@type":"BreadcrumbList","@id":"https:\/\/site.ac-martinique.fr\/clg-edapierre\/?page_id=381#breadcrumb","itemListElement":[{"@type":"ListItem","position":1,"name":"Accueil","item":"https:\/\/site.ac-martinique.fr\/clg-edapierre"},{"@type":"ListItem","position":2,"name":"Le Morne Rouge","item":"https:\/\/site.ac-martinique.fr\/clg-edapierre\/?page_id=248"},{"@type":"ListItem","position":3,"name":"Le Morne Rouge et son terroir","item":"https:\/\/site.ac-martinique.fr\/clg-edapierre\/?page_id=369"},{"@type":"ListItem","position":4,"name":"La sylviculture du Mahogany"}]},{"@type":"WebSite","@id":"https:\/\/site.ac-martinique.fr\/clg-edapierre\/#website","url":"https:\/\/site.ac-martinique.fr\/clg-edapierre\/","name":"\u2728 Coll\u00e8ge Christiane EDA-PIERRE \u2728","description":"","potentialAction":[{"@type":"SearchAction","target":{"@type":"EntryPoint","urlTemplate":"https:\/\/site.ac-martinique.fr\/clg-edapierre\/?s={search_term_string}"},"query-input":{"@type":"PropertyValueSpecification","valueRequired":true,"valueName":"search_term_string"}}],"inLanguage":"fr-FR"}]}},"uagb_featured_image_src":{"full":false,"thumbnail":false,"medium":false,"medium_large":false,"large":false,"1536x1536":false,"2048x2048":false,"smart-post-landscape":false,"smart-post-portrait":false,"lambadalite-featured-image":false,"lambadalite-thumbnail-avatar":false,"mailpoet_newsletter_max":false},"uagb_author_info":{"display_name":"webmestre","author_link":"https:\/\/site.ac-martinique.fr\/clg-edapierre\/?author=127"},"uagb_comment_info":0,"uagb_excerpt":"Le Morne Rouge est une r\u00e9gion tr\u00e8s bois\u00e9e. En particulier sur les reliefs, o\u00f9 elle se situe \u00e0 la lisi\u00e8re &hellip; Lire la suite... \"La sylviculture du Mahogany\"","publishpress_future_action":{"enabled":false,"date":"2026-05-22 09:07:38","action":"change-status","newStatus":"draft","terms":[],"taxonomy":"","extraData":[]},"publishpress_future_workflow_manual_trigger":{"enabledWorkflows":[]},"amp_enabled":true,"_links":{"self":[{"href":"https:\/\/site.ac-martinique.fr\/clg-edapierre\/index.php?rest_route=\/wp\/v2\/pages\/381","targetHints":{"allow":["GET"]}}],"collection":[{"href":"https:\/\/site.ac-martinique.fr\/clg-edapierre\/index.php?rest_route=\/wp\/v2\/pages"}],"about":[{"href":"https:\/\/site.ac-martinique.fr\/clg-edapierre\/index.php?rest_route=\/wp\/v2\/types\/page"}],"author":[{"embeddable":true,"href":"https:\/\/site.ac-martinique.fr\/clg-edapierre\/index.php?rest_route=\/wp\/v2\/users\/127"}],"replies":[{"embeddable":true,"href":"https:\/\/site.ac-martinique.fr\/clg-edapierre\/index.php?rest_route=%2Fwp%2Fv2%2Fcomments&post=381"}],"version-history":[{"count":1,"href":"https:\/\/site.ac-martinique.fr\/clg-edapierre\/index.php?rest_route=\/wp\/v2\/pages\/381\/revisions"}],"predecessor-version":[{"id":382,"href":"https:\/\/site.ac-martinique.fr\/clg-edapierre\/index.php?rest_route=\/wp\/v2\/pages\/381\/revisions\/382"}],"up":[{"embeddable":true,"href":"https:\/\/site.ac-martinique.fr\/clg-edapierre\/index.php?rest_route=\/wp\/v2\/pages\/369"}],"wp:attachment":[{"href":"https:\/\/site.ac-martinique.fr\/clg-edapierre\/index.php?rest_route=%2Fwp%2Fv2%2Fmedia&parent=381"}],"curies":[{"name":"wp","href":"https:\/\/api.w.org\/{rel}","templated":true}]}}