{"id":4428,"date":"2024-12-15T14:46:50","date_gmt":"2024-12-15T18:46:50","guid":{"rendered":"https:\/\/site.ac-martinique.fr\/clg-emmanuelsaldes\/?page_id=4428"},"modified":"2025-01-09T10:19:54","modified_gmt":"2025-01-09T14:19:54","slug":"service-sante","status":"publish","type":"page","link":"https:\/\/site.ac-martinique.fr\/clg-emmanuelsaldes\/?page_id=4428","title":{"rendered":"Service Sant\u00e9"},"content":{"rendered":"\n<h2><span style=\"color: #3366ff;\"><strong>M\u00e9decin<\/strong><\/span><\/h2>\n<p>Dr. <strong>Gaoussou KEITA<\/strong> | 0696 224 225<\/p>\n<p>\u00a0<\/p>\n<h2><strong><span style=\"color: #3366ff;\">Secr\u00e9taire m\u00e9dicale<\/span><\/strong><\/h2>\n<p>M<sup>me<\/sup> <strong>Yveline HONORIN<\/strong> | 0696 839 497<\/p>\n<p>\u00a0<\/p>\n<h2><span style=\"color: #3366ff;\"><strong>Infirmi\u00e8re<\/strong><\/span><\/h2>\n\n\n\n<p>M<sup>me<\/sup><strong> Gwennaelle VAUDRAN<\/strong> est pr\u00e9sente au sein de l\u2019\u00e9tablissement les :<\/p>\n<ul>\n<li>lundis de 08h30 \u00e0 16h30 ;<\/li>\n<li>mercredis de 07h00 \u00e0 12h30 ;<\/li>\n<li>jeudis de 08h30 \u00e0 16h30.<\/li>\n<\/ul>\n<p>Les mardis et les vendredis sont planifi\u00e9s pour les \u00e9coles maternelles et \u00e9l\u00e9mentaires.<\/p>\n<p>Elle est joignable au 0696 796 128.<\/p>\n<p><strong><span style=\"text-decoration: underline;\">Passage \u00e0 l\u2019infirmerie :<\/span><\/strong><\/p>\n<p>Il est souhaitable de passer \u00e0 la vie scolaire avant, afin de nous pr\u00e9venir de votre venue.<\/p>\n<p>Vous devez vous pr\u00e9senter avec votre carnet de correspondance.<\/p>\n\n\n\n\n\n\n","protected":false},"excerpt":{"rendered":"<p>M\u00e9decin Dr. Gaoussou KEITA | 0696 224 225 \u00a0 Secr\u00e9taire m\u00e9dicale Mme Yveline HONORIN | 0696 839 497 \u00a0 Infirmi\u00e8re Mme Gwennaelle VAUDRAN est pr\u00e9sente au sein de l\u2019\u00e9tablissement les [&hellip;]<\/p>\n","protected":false},"author":357,"featured_media":0,"parent":0,"menu_order":0,"comment_status":"closed","ping_status":"closed","template":"","meta":{"_EventAllDay":false,"_EventTimezone":"","_EventStartDate":"","_EventEndDate":"","_EventStartDateUTC":"","_EventEndDateUTC":"","_EventShowMap":false,"_EventShowMapLink":false,"_EventURL":"","_EventCost":"","_EventCostDescription":"","_EventCurrencySymbol":"","_EventCurrencyCode":"","_EventCurrencyPosition":"","_EventDateTimeSeparator":"","_EventTimeRangeSeparator":"","_EventOrganizerID":[],"_EventVenueID":[],"_OrganizerEmail":"","_OrganizerPhone":"","_OrganizerWebsite":"","_VenueAddress":"","_VenueCity":"","_VenueCountry":"","_VenueProvince":"","_VenueState":"","_VenueZip":"","_VenuePhone":"","_VenueURL":"","_VenueStateProvince":"","_VenueLat":"","_VenueLng":"","_VenueShowMap":false,"_VenueShowMapLink":false,"footnotes":""},"class_list":["post-4428","page","type-page","status-publish","hentry"],"_links":{"self":[{"href":"https:\/\/site.ac-martinique.fr\/clg-emmanuelsaldes\/index.php?rest_route=\/wp\/v2\/pages\/4428","targetHints":{"allow":["GET"]}}],"collection":[{"href":"https:\/\/site.ac-martinique.fr\/clg-emmanuelsaldes\/index.php?rest_route=\/wp\/v2\/pages"}],"about":[{"href":"https:\/\/site.ac-martinique.fr\/clg-emmanuelsaldes\/index.php?rest_route=\/wp\/v2\/types\/page"}],"author":[{"embeddable":true,"href":"https:\/\/site.ac-martinique.fr\/clg-emmanuelsaldes\/index.php?rest_route=\/wp\/v2\/users\/357"}],"replies":[{"embeddable":true,"href":"https:\/\/site.ac-martinique.fr\/clg-emmanuelsaldes\/index.php?rest_route=%2Fwp%2Fv2%2Fcomments&post=4428"}],"version-history":[{"count":10,"href":"https:\/\/site.ac-martinique.fr\/clg-emmanuelsaldes\/index.php?rest_route=\/wp\/v2\/pages\/4428\/revisions"}],"predecessor-version":[{"id":4685,"href":"https:\/\/site.ac-martinique.fr\/clg-emmanuelsaldes\/index.php?rest_route=\/wp\/v2\/pages\/4428\/revisions\/4685"}],"wp:attachment":[{"href":"https:\/\/site.ac-martinique.fr\/clg-emmanuelsaldes\/index.php?rest_route=%2Fwp%2Fv2%2Fmedia&parent=4428"}],"curies":[{"name":"wp","href":"https:\/\/api.w.org\/{rel}","templated":true}]}}

Service Santé

<h2><span style="color: #3366ff;"><strong>Médecin</strong></span></h2>
<p>Dr. <strong>Gaoussou KEITA</strong> | 0696 224 225</p>
<p> </p>
<h2><strong><span style="color: #3366ff;">Secrétaire médicale</span></strong></h2>
<p>M<sup>me</sup> <strong>Yveline HONORIN</strong> | 0696 839 497</p>
<p> </p>
<h2><span style="color: #3366ff;"><strong>Infirmière</strong></span></h2>



<p>M<sup>me</sup><strong> Gwennaelle VAUDRAN</strong> est présente au sein de l’établissement les :</p>
<ul>
<li>lundis de 08h30 à 16h30 ;</li>
<li>mercredis de 07h00 à 12h30 ;</li>
<li>jeudis de 08h30 à 16h30.</li>
</ul>
<p>Les mardis et les vendredis sont planifiés pour les écoles maternelles et élémentaires.</p>
<p>Elle est joignable au 0696 796 128.</p>
<p><strong><span style="text-decoration: underline;">Passage à l’infirmerie :</span></strong></p>
<p>Il est souhaitable de passer à la vie scolaire avant, afin de nous prévenir de votre venue.</p>
<p>Vous devez vous présenter avec votre carnet de correspondance.</p>

<p>Médecin Dr. Gaoussou KEITA | 0696 224 225   Secrétaire médicale Mme Yveline HONORIN | 0696 839 497   Infirmière Mme Gwennaelle VAUDRAN est présente au sein de l’établissement les [&hellip;]</p>
