{"id":4523,"date":"2025-09-05T15:09:51","date_gmt":"2025-09-05T19:09:51","guid":{"rendered":"https:\/\/site.ac-martinique.fr\/clg-emmanuelsaldes\/?page_id=4523"},"modified":"2025-09-09T09:30:45","modified_gmt":"2025-09-09T13:30:45","slug":"psyen","status":"publish","type":"page","link":"https:\/\/site.ac-martinique.fr\/clg-emmanuelsaldes\/?page_id=4523","title":{"rendered":"PsyEN"},"content":{"rendered":"\n<p>Madame RISAL, psychologue de l\u2019\u00c9ducation Nationale (Psy En), re\u00e7oit les \u00e9l\u00e8ves et\/ou leur famille lors de sa permanence au coll\u00e8ge, le Jeudi&nbsp;de 8h30 \u00e0 16h00.<\/p>\n\n\n\n<p>Le Psychologue de l\u2019\u00e9ducation nationale (PsyEN) peut recevoir en entretien confidentiel un \u00e9l\u00e8ve, accompagn\u00e9 de ses parents ou non dans le cadre de deux objectifs&nbsp;:<\/p>\n\n\n\n<ul class=\"wp-block-list\">\n<li class=\"has-vivid-cyan-blue-color has-text-color has-link-color has-medium-font-size wp-elements-5d179ad29a9e9360f794c2b076556d79\"><strong>Bien-\u00eatre de l\u2019\u00e9l\u00e8ve dans son orientation :<\/strong><\/li>\n<\/ul>\n\n\n\n<p>Parce qu\u2019\u00eatre \u00e9l\u00e8ve n\u2019est toujours pas facile, des conseils ou un accompagnement peuvent parfois se r\u00e9v\u00e9ler n\u00e9cessaires.<\/p>\n\n\n\n<p><br>Le but du PsyEN est de faire en sorte que chaque \u00e9l\u00e8ve se sente \u00e0 sa place l\u00e0 o\u00f9 il est, l\u00e0 o\u00f9 il va et que la formation qu\u2019il suit ou qu\u2019il choisisse soit en ad\u00e9quation d\u2019une part avec ses objectifs, contraintes, besoins et projets, et d\u2019autre part avec la r\u00e9alit\u00e9 du monde de la formation et du travail fran\u00e7ais ou international.<\/p>\n\n\n\n<ul class=\"wp-block-list\">\n<li class=\"has-vivid-cyan-blue-color has-text-color has-link-color has-medium-font-size wp-elements-c47caae49b132566bc67f936a04f8eaf\"><strong>Souffrance, Harc\u00e8lement, Mal-\u00eatre :<\/strong><\/li>\n<\/ul>\n\n\n\n<p>Les raisons pour consulter un PsyEN sont nombreuses&nbsp;: difficult\u00e9s acad\u00e9miques, d\u2019apprentissages, de m\u00e9thodologie, probl\u00e8mes de comportement, \u00e9motionnels, relationnels, familiaux, d\u2019estime de soi, de gestion du stress ou li\u00e9s \u00e0 l\u2019identit\u00e9, \u00e9v\u00e8nements traumatiques ou comportements autodestructeurs. Le bureau est un endroit s\u00e9curis\u00e9 et confidentiel ou chaque \u00e9l\u00e8ve sera re\u00e7u, \u00e9cout\u00e9 dans le non-jugement caract\u00e9ristique d\u2019un psychologue.<\/p>\n\n\n\n<p>D\u2019autres missions sont confi\u00e9es au PsyEN dans le cadre de son affectation dans un \u00e9tablissement scolaire. Des ateliers peuvent \u00eatre propos\u00e9s aux \u00e9l\u00e8ves sur plusieurs sujets tout au long de l\u2019ann\u00e9e en fonction des besoins&nbsp;: construction du projet d\u2019orientation, pr\u00e9sentation des fili\u00e8res existantes, ateliers th\u00e9matiques ponctuels.<\/p>\n\n\n\n<p>Si le rendez-vous n\u2019est pas possible sur les horaires indiqu\u00e9s ou pour toute autre raison qui ne permettrais pas de se rendre dans l\u2019\u00e9tablissement scolaire, des PsyEN sont disponibles au&nbsp;<strong>Centre d\u2019Information et d\u2019Orientation<\/strong>&nbsp;(CIO) Nord Atlantique pour des entretiens identiques \u00e0 ceux propos\u00e9s dans l\u2019\u00e9tablissement de l\u2019\u00e9l\u00e8ve.<\/p>\n\n\n\n<p>Le CIO se situe \u00e0 la ZI Belle \u00e9toile, Rue Elara \u00e0 Sainte-Marie (\u00e0 c\u00f4t\u00e9 de la SAUR). Le num\u00e9ro de t\u00e9l\u00e9phone est le 05 96 52 88 20.<\/p>\n\n\n\n<p>Pr\u00e9sence de Mme RISAL au CIO les Lundis et Vendredis de 8h00 \u00e0 13h00.<\/p>\n\n\n\n<p>Plusieurs sites sont disponibles sur cette page afin de pr\u00e9parer un rendez-vous avec le PsyEN ou pour s\u2019informer de mani\u00e8re g\u00e9n\u00e9rale sur l\u2019orientation&nbsp;:<\/p>\n\n\n\n<ul class=\"wp-block-list\">\n<li><a href=\"https:\/\/affectation3e.phm.education.gouv.fr\/pna-public\/\" data-type=\"link\" data-id=\"https:\/\/affectation3e.phm.education.gouv.fr\/pna-public\/\" target=\"_blank\" rel=\"noreferrer noopener\">Calendrier de l\u2019orientation 2024-2025<\/a><\/li>\n\n\n\n<li><a href=\"https:\/\/test-orientation.studyrama.com\/profil\/collegien\" data-type=\"link\" data-id=\"https:\/\/test-orientation.studyrama.com\/profil\/collegien\" target=\"_blank\" rel=\"noreferrer noopener\">Quiz apr\u00e8s la troisi\u00e8me<\/a><\/li>\n\n\n\n<li><a href=\"https:\/\/www.onisep.fr\/orientation\/le-college\/apres-la-3-telechargez-le-guide-gratuit\" data-type=\"link\" data-id=\"https:\/\/www.onisep.fr\/orientation\/le-college\/apres-la-3-telechargez-le-guide-gratuit\" target=\"_blank\" rel=\"noreferrer noopener\">Guide d\u2019informations pour l\u2019apr\u00e8s 3<sup>\u00e8me<\/sup><\/a><\/li>\n\n\n\n<li><a href=\"https:\/\/www.ac-martinique.fr\/l-orientation-au-college-et-au-lycee-121961\" data-type=\"link\" data-id=\"https:\/\/www.ac-martinique.fr\/l-orientation-au-college-et-au-lycee-121961\" target=\"_blank\" rel=\"noreferrer noopener\">Guide des options et sp\u00e9cialit\u00e9s des lyc\u00e9es de l\u2019acad\u00e9mie de Martinique<\/a><\/li>\n\n\n\n<li><a href=\"https:\/\/www.education.gouv.fr\/reussir-au-lycee\/choisir-ses-enseignements-de-specialite-au-lycee-pour-preparer-ses-etudes-superieures-325475\" data-type=\"link\" data-id=\"https:\/\/www.education.gouv.fr\/reussir-au-lycee\/choisir-ses-enseignements-de-specialite-au-lycee-pour-preparer-ses-etudes-superieures-325475\" target=\"_blank\" rel=\"noreferrer noopener\">Description des enseignements de sp\u00e9cialit\u00e9<\/a><\/li>\n\n\n\n<li><a href=\"https:\/\/eduscol.education.fr\/document\/3165\/download\" data-type=\"link\" data-id=\"https:\/\/eduscol.education.fr\/document\/3165\/download\" target=\"_blank\" rel=\"noreferrer noopener\">Vade-mecum orientation voie professionnelle<\/a><\/li>\n<\/ul>\n\n\n\n<p class=\"has-medium-font-size\"><strong>Des sites \u00e0 ne pas manquer \u2026<\/strong><\/p>\n\n\n\n<ul class=\"wp-block-list\">\n<li><a href=\"https:\/\/view.genially.com\/61b8989626ec880daf27d1ff\" data-type=\"link\" data-id=\"https:\/\/view.genially.com\/61b8989626ec880daf27d1ff\" target=\"_blank\" rel=\"noreferrer noopener\">Que faire apr\u00e8s la troisi\u00e8me ?<\/a><\/li>\n\n\n\n<li><a href=\"https:\/\/pro.choisirmonmetier-paysdelaloire.fr\/\" data-type=\"link\" data-id=\"https:\/\/pro.choisirmonmetier-paysdelaloire.fr\/\" target=\"_blank\" rel=\"noreferrer noopener\">Choisir mon m\u00e9tier pro<\/a><\/li>\n\n\n\n<li><a href=\"https:\/\/www.onisep.fr\/horizons21\" data-type=\"link\" data-id=\"https:\/\/www.onisep.fr\/horizons21\" target=\"_blank\" rel=\"noreferrer noopener\">Au lyc\u00e9e, construisez vos choix d&#8217;orientation<\/a><\/li>\n<\/ul>\n\n\n\n<p>Pour rencontrer le PsyEN en entretien individuel, accompagn\u00e9 de ses parents ou non, le rendez-vous est \u00e0 prendre en contactant la <strong>Vie Scolaire<\/strong>.<br><\/p>\n\n\n\n<p>Les entretiens sont des cr\u00e9neaux de 45 minutes fix\u00e9s sur des heures pleines.<br><\/p>\n\n\n\n<p>Le jour de pr\u00e9sence dans l\u2019\u00e9tablissement scolaire est le suivant :<\/p>\n\n\n\n<p class=\"has-text-align-center has-medium-font-size\"><strong>Le jeudi de 8h30 \u00e0 16h00<\/strong><\/p>\n","protected":false},"excerpt":{"rendered":"<p>Madame RISAL, psychologue de l\u2019\u00c9ducation Nationale (Psy En), re\u00e7oit les \u00e9l\u00e8ves et\/ou leur famille lors de sa permanence au coll\u00e8ge, le Jeudi&nbsp;de 8h30 \u00e0 16h00. Le Psychologue de l\u2019\u00e9ducation nationale [&hellip;]<\/p>\n","protected":false},"author":357,"featured_media":0,"parent":0,"menu_order":0,"comment_status":"closed","ping_status":"closed","template":"","meta":{"_EventAllDay":false,"_EventTimezone":"","_EventStartDate":"","_EventEndDate":"","_EventStartDateUTC":"","_EventEndDateUTC":"","_EventShowMap":false,"_EventShowMapLink":false,"_EventURL":"","_EventCost":"","_EventCostDescription":"","_EventCurrencySymbol":"","_EventCurrencyCode":"","_EventCurrencyPosition":"","_EventDateTimeSeparator":"","_EventTimeRangeSeparator":"","_EventOrganizerID":[],"_EventVenueID":[],"_OrganizerEmail":"","_OrganizerPhone":"","_OrganizerWebsite":"","_VenueAddress":"","_VenueCity":"","_VenueCountry":"","_VenueProvince":"","_VenueState":"","_VenueZip":"","_VenuePhone":"","_VenueURL":"","_VenueStateProvince":"","_VenueLat":"","_VenueLng":"","_VenueShowMap":false,"_VenueShowMapLink":false,"footnotes":""},"class_list":["post-4523","page","type-page","status-publish","hentry"],"_links":{"self":[{"href":"https:\/\/site.ac-martinique.fr\/clg-emmanuelsaldes\/index.php?rest_route=\/wp\/v2\/pages\/4523","targetHints":{"allow":["GET"]}}],"collection":[{"href":"https:\/\/site.ac-martinique.fr\/clg-emmanuelsaldes\/index.php?rest_route=\/wp\/v2\/pages"}],"about":[{"href":"https:\/\/site.ac-martinique.fr\/clg-emmanuelsaldes\/index.php?rest_route=\/wp\/v2\/types\/page"}],"author":[{"embeddable":true,"href":"https:\/\/site.ac-martinique.fr\/clg-emmanuelsaldes\/index.php?rest_route=\/wp\/v2\/users\/357"}],"replies":[{"embeddable":true,"href":"https:\/\/site.ac-martinique.fr\/clg-emmanuelsaldes\/index.php?rest_route=%2Fwp%2Fv2%2Fcomments&post=4523"}],"version-history":[{"count":8,"href":"https:\/\/site.ac-martinique.fr\/clg-emmanuelsaldes\/index.php?rest_route=\/wp\/v2\/pages\/4523\/revisions"}],"predecessor-version":[{"id":5077,"href":"https:\/\/site.ac-martinique.fr\/clg-emmanuelsaldes\/index.php?rest_route=\/wp\/v2\/pages\/4523\/revisions\/5077"}],"wp:attachment":[{"href":"https:\/\/site.ac-martinique.fr\/clg-emmanuelsaldes\/index.php?rest_route=%2Fwp%2Fv2%2Fmedia&parent=4523"}],"curies":[{"name":"wp","href":"https:\/\/api.w.org\/{rel}","templated":true}]}}

<p>Madame RISAL, psychologue de l’Éducation Nationale (Psy En), reçoit les élèves et/ou leur famille lors de sa permanence au collège, le Jeudi&nbsp;de 8h30 à 16h00.</p>



<p>Le Psychologue de l’éducation nationale (PsyEN) peut recevoir en entretien confidentiel un élève, accompagné de ses parents ou non dans le cadre de deux objectifs&nbsp;:</p>



<ul class="wp-block-list">
<li class="has-vivid-cyan-blue-color has-text-color has-link-color has-medium-font-size wp-elements-5d179ad29a9e9360f794c2b076556d79"><strong>Bien-être de l’élève dans son orientation :</strong></li>
</ul>



<p>Parce qu’être élève n’est toujours pas facile, des conseils ou un accompagnement peuvent parfois se révéler nécessaires.</p>



<p><br>Le but du PsyEN est de faire en sorte que chaque élève se sente à sa place là où il est, là où il va et que la formation qu’il suit ou qu’il choisisse soit en adéquation d’une part avec ses objectifs, contraintes, besoins et projets, et d’autre part avec la réalité du monde de la formation et du travail français ou international.</p>



<ul class="wp-block-list">
<li class="has-vivid-cyan-blue-color has-text-color has-link-color has-medium-font-size wp-elements-c47caae49b132566bc67f936a04f8eaf"><strong>Souffrance, Harcèlement, Mal-être :</strong></li>
</ul>



<p>Les raisons pour consulter un PsyEN sont nombreuses&nbsp;: difficultés académiques, d’apprentissages, de méthodologie, problèmes de comportement, émotionnels, relationnels, familiaux, d’estime de soi, de gestion du stress ou liés à l’identité, évènements traumatiques ou comportements autodestructeurs. Le bureau est un endroit sécurisé et confidentiel ou chaque élève sera reçu, écouté dans le non-jugement caractéristique d’un psychologue.</p>



<p>D’autres missions sont confiées au PsyEN dans le cadre de son affectation dans un établissement scolaire. Des ateliers peuvent être proposés aux élèves sur plusieurs sujets tout au long de l’année en fonction des besoins&nbsp;: construction du projet d’orientation, présentation des filières existantes, ateliers thématiques ponctuels.</p>



<p>Si le rendez-vous n’est pas possible sur les horaires indiqués ou pour toute autre raison qui ne permettrais pas de se rendre dans l’établissement scolaire, des PsyEN sont disponibles au&nbsp;<strong>Centre d’Information et d’Orientation</strong>&nbsp;(CIO) Nord Atlantique pour des entretiens identiques à ceux proposés dans l’établissement de l’élève.</p>



<p>Le CIO se situe à la ZI Belle étoile, Rue Elara à Sainte-Marie (à côté de la SAUR). Le numéro de téléphone est le 05 96 52 88 20.</p>



<p>Présence de Mme RISAL au CIO les Lundis et Vendredis de 8h00 à 13h00.</p>



<p>Plusieurs sites sont disponibles sur cette page afin de préparer un rendez-vous avec le PsyEN ou pour s’informer de manière générale sur l’orientation&nbsp;:</p>



<ul class="wp-block-list">
<li><a href="https://affectation3e.phm.education.gouv.fr/pna-public/" data-type="link" data-id="https://affectation3e.phm.education.gouv.fr/pna-public/" target="_blank" rel="noreferrer noopener">Calendrier de l’orientation 2024-2025</a></li>



<li><a href="https://test-orientation.studyrama.com/profil/collegien" data-type="link" data-id="https://test-orientation.studyrama.com/profil/collegien" target="_blank" rel="noreferrer noopener">Quiz après la troisième</a></li>



<li><a href="https://www.onisep.fr/orientation/le-college/apres-la-3-telechargez-le-guide-gratuit" data-type="link" data-id="https://www.onisep.fr/orientation/le-college/apres-la-3-telechargez-le-guide-gratuit" target="_blank" rel="noreferrer noopener">Guide d’informations pour l’après 3<sup>ème</sup></a></li>



<li><a href="https://www.ac-martinique.fr/l-orientation-au-college-et-au-lycee-121961" data-type="link" data-id="https://www.ac-martinique.fr/l-orientation-au-college-et-au-lycee-121961" target="_blank" rel="noreferrer noopener">Guide des options et spécialités des lycées de l’académie de Martinique</a></li>



<li><a href="https://www.education.gouv.fr/reussir-au-lycee/choisir-ses-enseignements-de-specialite-au-lycee-pour-preparer-ses-etudes-superieures-325475" data-type="link" data-id="https://www.education.gouv.fr/reussir-au-lycee/choisir-ses-enseignements-de-specialite-au-lycee-pour-preparer-ses-etudes-superieures-325475" target="_blank" rel="noreferrer noopener">Description des enseignements de spécialité</a></li>



<li><a href="https://eduscol.education.fr/document/3165/download" data-type="link" data-id="https://eduscol.education.fr/document/3165/download" target="_blank" rel="noreferrer noopener">Vade-mecum orientation voie professionnelle</a></li>
</ul>



<p class="has-medium-font-size"><strong>Des sites à ne pas manquer …</strong></p>



<ul class="wp-block-list">
<li><a href="https://view.genially.com/61b8989626ec880daf27d1ff" data-type="link" data-id="https://view.genially.com/61b8989626ec880daf27d1ff" target="_blank" rel="noreferrer noopener">Que faire après la troisième ?</a></li>



<li><a href="https://pro.choisirmonmetier-paysdelaloire.fr/" data-type="link" data-id="https://pro.choisirmonmetier-paysdelaloire.fr/" target="_blank" rel="noreferrer noopener">Choisir mon métier pro</a></li>



<li><a href="https://www.onisep.fr/horizons21" data-type="link" data-id="https://www.onisep.fr/horizons21" target="_blank" rel="noreferrer noopener">Au lycée, construisez vos choix d&#8217;orientation</a></li>
</ul>



<p>Pour rencontrer le PsyEN en entretien individuel, accompagné de ses parents ou non, le rendez-vous est à prendre en contactant la <strong>Vie Scolaire</strong>.<br></p>



<p>Les entretiens sont des créneaux de 45 minutes fixés sur des heures pleines.<br></p>



<p>Le jour de présence dans l’établissement scolaire est le suivant :</p>



<p class="has-text-align-center has-medium-font-size"><strong>Le jeudi de 8h30 à 16h00</strong></p>

<p>Madame RISAL, psychologue de l’Éducation Nationale (Psy En), reçoit les élèves et/ou leur famille lors de sa permanence au collège, le Jeudi&nbsp;de 8h30 à 16h00. Le Psychologue de l’éducation nationale [&hellip;]</p>
