{"id":4676,"date":"2025-01-09T10:10:22","date_gmt":"2025-01-09T14:10:22","guid":{"rendered":"https:\/\/site.ac-martinique.fr\/clg-emmanuelsaldes\/?page_id=4676"},"modified":"2025-01-09T10:20:37","modified_gmt":"2025-01-09T14:20:37","slug":"service-social","status":"publish","type":"page","link":"https:\/\/site.ac-martinique.fr\/clg-emmanuelsaldes\/?page_id=4676","title":{"rendered":"Service Social"},"content":{"rendered":"\n<h1 style=\"text-align: center;\"><span style=\"color: #3366ff;\">Le service social en faveur des \u00e9l\u00e8ves !<\/span><\/h1>\n<p style=\"text-align: left;\">M<sup>me<\/sup> <strong>Marie-Paule MARCY<\/strong> est pr\u00e9sente sur le coll\u00e8ge les lundis, mercredis et jeudis.<br \/>Elle r\u00e9pond au <strong>0696 791 418<\/strong>.<br \/>Son adresse e-mail : <strong>marie-paule.marcy@ac-martinique.fr<\/strong><\/p>\n<p>Ce service social vise \u00e0 aider l&#8217;\u00e9l\u00e8ve \u00e0 construire son projet personnel qui a pour objectif g\u00e9n\u00e9ral l&#8217;entr\u00e9e aussi satisfaisante que possible dans la vie adulte sous ses aspects professionnels, sociaux et humains.<\/p>\n<p>Il \u0153uvre, par une approche globale, \u00e0 l&#8217;am\u00e9lioration de la qualit\u00e9 de vie des \u00e9l\u00e8ves au plan social, familial, sanitaire, \u00e9conomique, culturel et \u00e0 leur assurer des conditions favorables \u00e0 leur r\u00e9ussite, concourant \u00e0 instaurer un climat scolaire serein et un cadre protecteur.<br \/>Il accompagne les \u00e9l\u00e8ves dans la construction de leur parcours scolaire et dans l&#8217;acquisition de leur autonomie, en favorisant le d\u00e9veloppement de leurs comp\u00e9tences psychosociales.<\/p>\n<h2><strong>Les fonctions de l\u2019assistante sociale en faveur des \u00e9l\u00e8ves<\/strong><\/h2>\n<h3><span style=\"color: #3366ff;\"><strong>En accompagnement social individualis\u00e9<\/strong><\/span><\/h3>\n<p>L\u2019assistante sociale assure une pr\u00e9sence r\u00e9guli\u00e8re dans les \u00e9tablissements dont elle a la charge, selon le planning d&#8217;activit\u00e9 fix\u00e9 en d\u00e9but d&#8217;ann\u00e9e. Son action s\u2019adresse \u00e0 tous les \u00e9l\u00e8ves dans le cadre de la pr\u00e9vention et de la r\u00e9ussite \u00e9ducative pour tous et vise plus particuli\u00e8rement ceux les plus en difficult\u00e9s.<br \/>Elle joue un r\u00f4le essentiel aupr\u00e8s des \u00e9l\u00e8ves fragilis\u00e9s par des difficult\u00e9s personnelles, scolaires, familiales ou sociales, susceptibles de compromettre leur scolarit\u00e9 ou leur bien\u00eatre<\/p>\n<h3><strong><span style=\"color: #3366ff;\">En intervention sociale collective<\/span><\/strong><\/h3>\n<p>L&#8217;assistante sociale participe \u00e0 l&#8217;\u00e9laboration et \u00e0 la mise en \u0153uvre des actions collectives de pr\u00e9vention d\u00e9finies dans le cadre du projet d&#8217;\u00e9tablissement. Elle participe, selon le cas, \u00e0 des actions de groupe, \u00e0 partir de probl\u00e9matiques communes aux \u00e9l\u00e8ves, ou aux actions d&#8217;\u00e9ducation \u00e0 la sant\u00e9 et \u00e0 la citoyennet\u00e9 programm\u00e9es dans le cadre du Comit\u00e9 d\u2019\u00c9ducation \u00e0 la Sant\u00e9 et \u00e0 la Citoyennet\u00e9 et \u00e0 l\u2019Environnement (CESCE).<\/p>\n<h3><span style=\"color: #3366ff;\"><strong>Dans le cadre du r\u00e9seau d&#8217;\u00e9ducation prioritaire renforc\u00e9 (REP+)<\/strong><\/span><\/h3>\n<p>L&#8217;intervention du service social en faveur des \u00e9l\u00e8ves vise \u00e0 favoriser au plus t\u00f4t la pr\u00e9vention et le rep\u00e9rage des difficult\u00e9s, notamment sociales et familiales, susceptibles d&#8217;entraver les apprentissages des \u00e9l\u00e8ves et de faciliter, si besoin, une intervention pr\u00e9coce des services sp\u00e9cialis\u00e9s.<\/p>\n","protected":false},"excerpt":{"rendered":"<p>Le service social en faveur des \u00e9l\u00e8ves ! Mme Marie-Paule MARCY est pr\u00e9sente sur le coll\u00e8ge les lundis, mercredis et jeudis.Elle r\u00e9pond au 0696 791 418.Son adresse e-mail : marie-paule.marcy@ac-martinique.fr [&hellip;]<\/p>\n","protected":false},"author":357,"featured_media":0,"parent":0,"menu_order":0,"comment_status":"closed","ping_status":"closed","template":"","meta":{"_EventAllDay":false,"_EventTimezone":"","_EventStartDate":"","_EventEndDate":"","_EventStartDateUTC":"","_EventEndDateUTC":"","_EventShowMap":false,"_EventShowMapLink":false,"_EventURL":"","_EventCost":"","_EventCostDescription":"","_EventCurrencySymbol":"","_EventCurrencyCode":"","_EventCurrencyPosition":"","_EventDateTimeSeparator":"","_EventTimeRangeSeparator":"","_EventOrganizerID":[],"_EventVenueID":[],"_OrganizerEmail":"","_OrganizerPhone":"","_OrganizerWebsite":"","_VenueAddress":"","_VenueCity":"","_VenueCountry":"","_VenueProvince":"","_VenueState":"","_VenueZip":"","_VenuePhone":"","_VenueURL":"","_VenueStateProvince":"","_VenueLat":"","_VenueLng":"","_VenueShowMap":false,"_VenueShowMapLink":false,"footnotes":""},"class_list":["post-4676","page","type-page","status-publish","hentry"],"_links":{"self":[{"href":"https:\/\/site.ac-martinique.fr\/clg-emmanuelsaldes\/index.php?rest_route=\/wp\/v2\/pages\/4676","targetHints":{"allow":["GET"]}}],"collection":[{"href":"https:\/\/site.ac-martinique.fr\/clg-emmanuelsaldes\/index.php?rest_route=\/wp\/v2\/pages"}],"about":[{"href":"https:\/\/site.ac-martinique.fr\/clg-emmanuelsaldes\/index.php?rest_route=\/wp\/v2\/types\/page"}],"author":[{"embeddable":true,"href":"https:\/\/site.ac-martinique.fr\/clg-emmanuelsaldes\/index.php?rest_route=\/wp\/v2\/users\/357"}],"replies":[{"embeddable":true,"href":"https:\/\/site.ac-martinique.fr\/clg-emmanuelsaldes\/index.php?rest_route=%2Fwp%2Fv2%2Fcomments&post=4676"}],"version-history":[{"count":7,"href":"https:\/\/site.ac-martinique.fr\/clg-emmanuelsaldes\/index.php?rest_route=\/wp\/v2\/pages\/4676\/revisions"}],"predecessor-version":[{"id":4686,"href":"https:\/\/site.ac-martinique.fr\/clg-emmanuelsaldes\/index.php?rest_route=\/wp\/v2\/pages\/4676\/revisions\/4686"}],"wp:attachment":[{"href":"https:\/\/site.ac-martinique.fr\/clg-emmanuelsaldes\/index.php?rest_route=%2Fwp%2Fv2%2Fmedia&parent=4676"}],"curies":[{"name":"wp","href":"https:\/\/api.w.org\/{rel}","templated":true}]}}