{"id":4952,"date":"2025-06-07T21:02:48","date_gmt":"2025-06-08T01:02:48","guid":{"rendered":"https:\/\/site.ac-martinique.fr\/clg-emmanuelsaldes\/?page_id=4952"},"modified":"2026-01-08T11:52:19","modified_gmt":"2026-01-08T15:52:19","slug":"on-parle-de-nous","status":"publish","type":"page","link":"https:\/\/site.ac-martinique.fr\/clg-emmanuelsaldes\/?page_id=4952","title":{"rendered":"On parle de nous !"},"content":{"rendered":"\n<div class=\"wp-block-group alignfull\"><div class=\"wp-block-group__inner-container is-layout-flow wp-block-group-is-layout-flow\">\n<figure class=\"wp-block-table is-style-tw-border-h-inner tw-row-valign-top\"><table><tbody><tr><td><strong>Instagram (Jenny HIPPOCRATE\/Association Dr\u00e9paction)<\/strong><br><a href=\"https:\/\/www.instagram.com\/p\/DSUiGIFjVMa\/\" data-type=\"link\" data-id=\"https:\/\/www.instagram.com\/p\/DSUiGIFjVMa\/\" target=\"_blank\" rel=\"noreferrer noopener\"><em>Sensibilisation \u00e0 la d\u00e9pranocytose<\/em><\/a><\/td><td class=\"has-text-align-right\" data-align=\"right\">12\/2025<\/td><\/tr><tr><td><strong>France-Antilles Martinique<\/strong><br><em><a href=\"https:\/\/www.martinique.franceantilles.fr\/actualite\/vielocale\/le-bien-vivre-ensemble-au-coeur-du-cross-inter-colleges-1058240.php\" data-type=\"link\" data-id=\"https:\/\/www.martinique.franceantilles.fr\/actualite\/vielocale\/le-bien-vivre-ensemble-au-coeur-du-cross-inter-colleges-1058240.php\" target=\"_blank\" rel=\"noreferrer noopener\">Le bien vivre ensemble au c\u0153ur du cross inter-coll\u00e8ges<\/a><\/em><\/td><td class=\"has-text-align-right\" data-align=\"right\">11\/2025<\/td><\/tr><tr><td><strong>YouTube (ATV)<\/strong><br><em><a href=\"https:\/\/www.youtube.com\/watch?v=fbWyRnxCTT4\" data-type=\"link\" data-id=\"https:\/\/www.youtube.com\/watch?v=fbWyRnxCTT4\" target=\"_blank\" rel=\"noreferrer noopener\">An Tj\u00e8 P\u00e9yi a<\/a><\/em><\/td><td class=\"has-text-align-right\" data-align=\"right\">10\/2025<\/td><\/tr><tr><td><strong>Ville de Sainte-Marie<\/strong><br><a href=\"https:\/\/www.facebook.com\/permalink.php?story_fbid=pfbid0VK1ACgbpJmzAv3diVow3ZT66wnMSEnc779HMMb1WdmxMmTBfRb2NBgx7Pam1SLXtl&amp;id=100064222605872\"><em>Coll\u00e8ge SALD\u00c8S : remise de<\/em> <em>dipl\u00f4me \u00e0 la promotion 2023-2024<\/em><\/a><\/td><td class=\"has-text-align-right\" data-align=\"right\">12\/2024<\/td><\/tr><tr><td><strong>France-Antilles Martinique<\/strong><br><em><a href=\"https:\/\/www.martinique.franceantilles.fr\/actualite\/education\/des-professionnels-accompagnent-les-jeunes-dans-leurs-choix-dorientation-1017330.php\" data-type=\"link\" data-id=\"https:\/\/www.martinique.franceantilles.fr\/actualite\/education\/des-professionnels-accompagnent-les-jeunes-dans-leurs-choix-dorientation-1017330.php\">Des professionnels accompagnent les jeunes dans leurs choix d&#8217;orientation<\/a><\/em><\/td><td class=\"has-text-align-right\" data-align=\"right\">12\/2024<\/td><\/tr><tr><td><strong>France-Antilles Martinique<\/strong><br><em><a href=\"https:\/\/www.martinique.franceantilles.fr\/actualite\/education\/alexe-deau-acclamee-comme-une-heroine-au-college-1004827.php\">Alexe D\u00e9au acclam\u00e9e comme une h\u00e9ro\u00efne au coll\u00e8ge<\/a><\/em><\/td><td class=\"has-text-align-right\" data-align=\"right\">09\/2024<\/td><\/tr><tr><td><strong>Ville de Sainte-Marie<\/strong><br><em><a href=\"https:\/\/ville-saintemarie.com\/2024\/09\/03\/college-saldes-m-le-maire-invite-les-eleves-a-redoubler-defforts\/\" data-type=\"link\" data-id=\"https:\/\/ville-saintemarie.com\/2024\/09\/03\/college-saldes-m-le-maire-invite-les-eleves-a-redoubler-defforts\/\">Rentr\u00e9e scolaire 2024<\/a><\/em><\/td><td class=\"has-text-align-right\" data-align=\"right\">09\/2024<\/td><\/tr><\/tbody><\/table><\/figure>\n<\/div><\/div>\n\n\n\n<p><\/p>\n","protected":false},"excerpt":{"rendered":"<p>Instagram (Jenny HIPPOCRATE\/Association Dr\u00e9paction)Sensibilisation \u00e0 la d\u00e9pranocytose 12\/2025 France-Antilles MartiniqueLe bien vivre ensemble au c\u0153ur du cross inter-coll\u00e8ges 11\/2025 YouTube (ATV)An Tj\u00e8 P\u00e9yi a 10\/2025 Ville de Sainte-MarieColl\u00e8ge SALD\u00c8S : [&hellip;]<\/p>\n","protected":false},"author":357,"featured_media":0,"parent":0,"menu_order":0,"comment_status":"closed","ping_status":"closed","template":"","meta":{"_EventAllDay":false,"_EventTimezone":"","_EventStartDate":"","_EventEndDate":"","_EventStartDateUTC":"","_EventEndDateUTC":"","_EventShowMap":false,"_EventShowMapLink":false,"_EventURL":"","_EventCost":"","_EventCostDescription":"","_EventCurrencySymbol":"","_EventCurrencyCode":"","_EventCurrencyPosition":"","_EventDateTimeSeparator":"","_EventTimeRangeSeparator":"","_EventOrganizerID":[],"_EventVenueID":[],"_OrganizerEmail":"","_OrganizerPhone":"","_OrganizerWebsite":"","_VenueAddress":"","_VenueCity":"","_VenueCountry":"","_VenueProvince":"","_VenueState":"","_VenueZip":"","_VenuePhone":"","_VenueURL":"","_VenueStateProvince":"","_VenueLat":"","_VenueLng":"","_VenueShowMap":false,"_VenueShowMapLink":false,"footnotes":""},"class_list":["post-4952","page","type-page","status-publish","hentry"],"_links":{"self":[{"href":"https:\/\/site.ac-martinique.fr\/clg-emmanuelsaldes\/index.php?rest_route=\/wp\/v2\/pages\/4952","targetHints":{"allow":["GET"]}}],"collection":[{"href":"https:\/\/site.ac-martinique.fr\/clg-emmanuelsaldes\/index.php?rest_route=\/wp\/v2\/pages"}],"about":[{"href":"https:\/\/site.ac-martinique.fr\/clg-emmanuelsaldes\/index.php?rest_route=\/wp\/v2\/types\/page"}],"author":[{"embeddable":true,"href":"https:\/\/site.ac-martinique.fr\/clg-emmanuelsaldes\/index.php?rest_route=\/wp\/v2\/users\/357"}],"replies":[{"embeddable":true,"href":"https:\/\/site.ac-martinique.fr\/clg-emmanuelsaldes\/index.php?rest_route=%2Fwp%2Fv2%2Fcomments&post=4952"}],"version-history":[{"count":5,"href":"https:\/\/site.ac-martinique.fr\/clg-emmanuelsaldes\/index.php?rest_route=\/wp\/v2\/pages\/4952\/revisions"}],"predecessor-version":[{"id":5161,"href":"https:\/\/site.ac-martinique.fr\/clg-emmanuelsaldes\/index.php?rest_route=\/wp\/v2\/pages\/4952\/revisions\/5161"}],"wp:attachment":[{"href":"https:\/\/site.ac-martinique.fr\/clg-emmanuelsaldes\/index.php?rest_route=%2Fwp%2Fv2%2Fmedia&parent=4952"}],"curies":[{"name":"wp","href":"https:\/\/api.w.org\/{rel}","templated":true}]}}