{"id":4375,"date":"2021-11-18T08:06:08","date_gmt":"2021-11-18T12:06:08","guid":{"rendered":"https:\/\/site.ac-martinique.fr\/clg-fernanddonatien\/?page_id=4375"},"modified":"2022-02-24T17:31:51","modified_gmt":"2022-02-24T21:31:51","slug":"les-parcours","status":"publish","type":"page","link":"https:\/\/site.ac-martinique.fr\/clg-fernanddonatien\/?page_id=4375","title":{"rendered":"Parcours \u00e9ducatifs"},"content":{"rendered":"\n<h2 id=\"summary-item-0\">Qu&rsquo;est-ce qu&rsquo;un parcours \u00e9ducatif\u00a0?<\/h2>\n<p>Pour appr\u00e9hender le concept de parcours dans toutes ses dimensions, il est n\u00e9cessaire d&rsquo;envisager les deux acceptions possibles du terme \u00ab parcours \u00bb.<\/p>\n<p><strong>Il y a d&rsquo;une part le parcours du point de vue de l&rsquo;\u00e9tablissement<\/strong>, celui qui fait l&rsquo;objet d&rsquo;une programmation int\u00e9gr\u00e9e \u00e0 l&rsquo;organisation p\u00e9dagogique du coll\u00e8ge ou du lyc\u00e9e. Il s&rsquo;agit du chemin que l&rsquo;on souhaite que les \u00e9l\u00e8ves empruntent. Il y a d&rsquo;autre part\u00a0<strong>le parcours du point de vue de l&rsquo;\u00e9l\u00e8ve<\/strong>, celui qu&rsquo;il vit effectivement de fa\u00e7on personnelle et qu&rsquo;il s&rsquo;approprie progressivement.<\/p>\n<h3 id=\"summary-item-1\">Le parcours \u00e9ducatif s&rsquo;inscrit dans un curriculum.<\/h3>\n<p>\u00c0 l&rsquo;\u00e9cole, au coll\u00e8ge ou au lyc\u00e9e,\u00a0<strong>la d\u00e9marche curriculaire prend appui sur les programmes et sur les diff\u00e9rents dispositifs p\u00e9dagogiques<\/strong>\u00a0mis en place (accompagnement personnalis\u00e9, enseignements d&rsquo;exploration, p\u00e9riodes de formation en milieu professionnel, etc.) Au coll\u00e8ge, le socle commun de connaissances, de comp\u00e9tences et de culture constitue en outre un cadre de r\u00e9f\u00e9rence primordial pour la mise en \u0153uvre des parcours.<\/p>\n<p>La notion de parcours \u00e9ducatif int\u00e8gre ainsi l&rsquo;id\u00e9e d&rsquo;une<strong>\u00a0acquisition progressive de connaissances et de comp\u00e9tences qui s&rsquo;accumulent tout au long du cheminement de l&rsquo;\u00e9l\u00e8ve<\/strong>, un cheminement dont le principal moteur doit \u00eatre l&rsquo;\u00e9l\u00e8ve lui-m\u00eame. Son accompagnement par toute l&rsquo;\u00e9quipe p\u00e9dagogique doit lui permettre \u00e0 la fois de\u00a0<strong>structurer ses acquis et de s&rsquo;approprier son propre parcours<\/strong>. Cette appropriation pourra ainsi contribuer \u00e0 donner au parcours sa dimension individuelle.<\/p>\n\n\n\n<h3 class=\"wp-block-heading\" id=\"summary-item-5\">Le parcours Avenir<\/h3>\n\n\n\n<p>De la 6\u00e8 \u00e0 la Terminale, le parcours Avenir permet \u00e0 chaque \u00e9l\u00e8ve de construire progressivement son orientation et de d\u00e9couvrir le monde \u00e9conomique et professionnel. Pour accompagner les \u00e9quipes dans sa mise en place, Eduscol propose un ensemble de fiches disciplinaires et interdisciplinaires qui couvrent le coll\u00e8ge et le lyc\u00e9e.<\/p>\n\n\n\n<h3 class=\"wp-block-heading\" id=\"summary-item-6\">Le parcours d&rsquo;\u00e9ducation artistique et culturelle<\/h3>\n\n\n\n<p>De l&rsquo;\u00e9cole au lyc\u00e9e, le parcours d&rsquo;\u00e9ducation artistique et culturelle a pour ambition de favoriser l&rsquo;\u00e9gal acc\u00e8s de tous les \u00e9l\u00e8ves \u00e0 l&rsquo;art \u00e0 travers l&rsquo;acquisition d&rsquo;une culture artistique personnelle. Des objectifs de formation et les rep\u00e8res de progression \u00e0 la mise en \u0153uvre de ce parcours sont fix\u00e9s. Un guide pr\u00e9sente les principes et l&rsquo;organisation du parcours pour un \u00e9l\u00e8ve.<\/p>\n\n\n\n<h3 class=\"wp-block-heading\" id=\"summary-item-7\">Le parcours \u00e9ducatif de sant\u00e9<\/h3>\n\n\n\n<p>De la maternelle au lyc\u00e9e, le parcours \u00e9ducatif de sant\u00e9 permet de structurer la pr\u00e9sentation des dispositifs qui concernent \u00e0 la fois la protection de la sant\u00e9 des \u00e9l\u00e8ves, les activit\u00e9s \u00e9ducatives li\u00e9es \u00e0 la pr\u00e9vention des conduites \u00e0 risques et les activit\u00e9s p\u00e9dagogiques mises en place dans les enseignements en r\u00e9f\u00e9rence aux programmes scolaires.<\/p>\n\n\n\n<h3 class=\"wp-block-heading\" id=\"summary-item-8\">Le parcours citoyen de l&rsquo;\u00e9l\u00e8ve<\/h3>\n\n\n\n<p>De l&rsquo;\u00e9cole au lyc\u00e9e, le parcours citoyen vise \u00e0 la construction, par l&rsquo;\u00e9l\u00e8ve, d&rsquo;un jugement moral et civique, \u00e0 l&rsquo;acquisition d&rsquo;un esprit critique et d&rsquo;une culture de l&rsquo;engagement. Il fait l&rsquo;objet d&rsquo;une circulaire, publi\u00e9e le 23 juin 2016, qui en pr\u00e9cise les grands objectifs ainsi que les modalit\u00e9s de pilotage et de mise en \u0153uvre.<\/p>\n\n\n\n<div class=\"wp-block-group alignfull\"><div class=\"wp-block-group__inner-container is-layout-flow wp-block-group-is-layout-flow\">\n<div class=\"wp-block-columns alignwide is-layout-flex wp-container-core-columns-is-layout-d0b3c9c8 wp-block-columns-is-layout-flex\">\n<div class=\"wp-block-column is-layout-flow wp-block-column-is-layout-flow\">\n<figure class=\"wp-block-image size-full\"><a href=\"https:\/\/site.ac-martinique.fr\/clg-fernanddonatien\/?cat=95\"><img loading=\"lazy\" decoding=\"async\" width=\"275\" height=\"183\" src=\"https:\/\/site.ac-martinique.fr\/clg-fernanddonatien\/wp-content\/uploads\/sites\/53\/2021\/11\/image-avenir.jpg\" alt=\"\" class=\"wp-image-4380\"\/><\/a><\/figure>\n\n\n<\/div>\n\n\n\n<div class=\"wp-block-column is-layout-flow wp-block-column-is-layout-flow\">\n<figure class=\"wp-block-image size-full\"><img loading=\"lazy\" decoding=\"async\" width=\"318\" height=\"159\" src=\"https:\/\/site.ac-martinique.fr\/clg-fernanddonatien\/wp-content\/uploads\/sites\/53\/2021\/11\/image-P-citoyen.png\" alt=\"\" class=\"wp-image-4395\" srcset=\"https:\/\/site.ac-martinique.fr\/clg-fernanddonatien\/wp-content\/uploads\/sites\/53\/2021\/11\/image-P-citoyen.png 318w, https:\/\/site.ac-martinique.fr\/clg-fernanddonatien\/wp-content\/uploads\/sites\/53\/2021\/11\/image-P-citoyen-300x150.png 300w\" sizes=\"auto, (max-width: 318px) 100vw, 318px\" \/><\/figure>\n<\/div>\n\n\n\n<div class=\"wp-block-column is-layout-flow wp-block-column-is-layout-flow\">\n<figure class=\"wp-block-image size-full\"><a href=\"https:\/\/site.ac-martinique.fr\/clg-fernanddonatien\/?cat=98\"><img loading=\"lazy\" decoding=\"async\" width=\"800\" height=\"450\" src=\"https:\/\/site.ac-martinique.fr\/clg-fernanddonatien\/wp-content\/uploads\/sites\/53\/2021\/11\/image-PEAC.png\" alt=\"\" class=\"wp-image-4385\" srcset=\"https:\/\/site.ac-martinique.fr\/clg-fernanddonatien\/wp-content\/uploads\/sites\/53\/2021\/11\/image-PEAC.png 800w, https:\/\/site.ac-martinique.fr\/clg-fernanddonatien\/wp-content\/uploads\/sites\/53\/2021\/11\/image-PEAC-300x169.png 300w, https:\/\/site.ac-martinique.fr\/clg-fernanddonatien\/wp-content\/uploads\/sites\/53\/2021\/11\/image-PEAC-768x432.png 768w\" sizes=\"auto, (max-width: 800px) 100vw, 800px\" \/><\/a><\/figure>\n<\/div>\n\n\n\n<div class=\"wp-block-column is-layout-flow wp-block-column-is-layout-flow\">\n<figure class=\"wp-block-image size-full\"><a href=\"https:\/\/site.ac-martinique.fr\/clg-fernanddonatien\/?cat=96\"><img loading=\"lazy\" decoding=\"async\" width=\"317\" height=\"159\" src=\"https:\/\/site.ac-martinique.fr\/clg-fernanddonatien\/wp-content\/uploads\/sites\/53\/2021\/11\/image-P-Sante.png\" alt=\"\" class=\"wp-image-4386\" srcset=\"https:\/\/site.ac-martinique.fr\/clg-fernanddonatien\/wp-content\/uploads\/sites\/53\/2021\/11\/image-P-Sante.png 317w, https:\/\/site.ac-martinique.fr\/clg-fernanddonatien\/wp-content\/uploads\/sites\/53\/2021\/11\/image-P-Sante-300x150.png 300w\" sizes=\"auto, (max-width: 317px) 100vw, 317px\" \/><\/a><\/figure>\n<\/div>\n<\/div>\n<\/div><\/div>\n","protected":false},"excerpt":{"rendered":"<p>Qu&rsquo;est-ce qu&rsquo;un parcours \u00e9ducatif\u00a0? Pour appr\u00e9hender le concept de parcours dans toutes ses dimensions, il est n\u00e9cessaire d&rsquo;envisager les deux acceptions possibles du terme \u00ab parcours \u00bb. Il y a d&rsquo;une part le parcours du point de vue de l&rsquo;\u00e9tablissement, celui qui fait l&rsquo;objet d&rsquo;une programmation int\u00e9gr\u00e9e \u00e0 l&rsquo;organisation p\u00e9dagogique du coll\u00e8ge ou du lyc\u00e9e. Il s&rsquo;agit du chemin que l&rsquo;on souhaite que les \u00e9l\u00e8ves empruntent. Il y a d&rsquo;autre part\u00a0le parcours du point de vue de l&rsquo;\u00e9l\u00e8ve, celui qu&rsquo;il vit effectivement de fa\u00e7on personnelle et qu&rsquo;il s&rsquo;approprie progressivement. Le parcours \u00e9ducatif s&rsquo;inscrit dans un curriculum. \u00c0 l&rsquo;\u00e9cole, au coll\u00e8ge ou au lyc\u00e9e,\u00a0la d\u00e9marche curriculaire prend appui sur les programmes et sur les diff\u00e9rents dispositifs p\u00e9dagogiques\u00a0mis en place (accompagnement personnalis\u00e9, enseignements d&rsquo;exploration, p\u00e9riodes de formation en milieu professionnel, etc.) Au coll\u00e8ge, le socle commun de connaissances, de comp\u00e9tences et de culture constitue en outre un cadre de r\u00e9f\u00e9rence primordial pour la mise en \u0153uvre des parcours. La notion de parcours \u00e9ducatif int\u00e8gre ainsi l&rsquo;id\u00e9e d&rsquo;une\u00a0acquisition progressive de connaissances et de comp\u00e9tences qui s&rsquo;accumulent tout au long du cheminement de l&rsquo;\u00e9l\u00e8ve, un cheminement dont le principal moteur doit \u00eatre l&rsquo;\u00e9l\u00e8ve lui-m\u00eame. Son accompagnement par toute l&rsquo;\u00e9quipe p\u00e9dagogique doit lui permettre \u00e0 la fois de\u00a0structurer ses acquis et de s&rsquo;approprier son propre parcours. Cette appropriation pourra ainsi contribuer \u00e0 donner au parcours sa dimension individuelle. Le parcours Avenir De la 6\u00e8 \u00e0 la Terminale, le parcours Avenir permet \u00e0 chaque \u00e9l\u00e8ve de construire progressivement son orientation et de d\u00e9couvrir le monde \u00e9conomique et professionnel. Pour accompagner les \u00e9quipes dans sa mise en place, Eduscol propose un ensemble de fiches disciplinaires et interdisciplinaires qui couvrent le coll\u00e8ge et le lyc\u00e9e. Le parcours d&rsquo;\u00e9ducation artistique et culturelle De l&rsquo;\u00e9cole au lyc\u00e9e, le parcours d&rsquo;\u00e9ducation artistique et culturelle a pour ambition de favoriser l&rsquo;\u00e9gal acc\u00e8s de tous les \u00e9l\u00e8ves \u00e0 l&rsquo;art \u00e0 travers l&rsquo;acquisition d&rsquo;une culture artistique personnelle. Des objectifs de formation et les rep\u00e8res de progression \u00e0 la mise en \u0153uvre de ce parcours sont fix\u00e9s. Un guide pr\u00e9sente les principes et l&rsquo;organisation du parcours pour un \u00e9l\u00e8ve. Le parcours \u00e9ducatif de sant\u00e9 De la maternelle au lyc\u00e9e, le parcours \u00e9ducatif de sant\u00e9 permet de structurer la pr\u00e9sentation des dispositifs qui concernent \u00e0 la fois la protection de la sant\u00e9 des \u00e9l\u00e8ves, les activit\u00e9s \u00e9ducatives li\u00e9es \u00e0 la pr\u00e9vention des conduites \u00e0 risques et les activit\u00e9s p\u00e9dagogiques mises en place dans les enseignements en r\u00e9f\u00e9rence aux programmes scolaires. Le parcours citoyen de l&rsquo;\u00e9l\u00e8ve De l&rsquo;\u00e9cole au lyc\u00e9e, le parcours citoyen vise \u00e0 la construction, par l&rsquo;\u00e9l\u00e8ve, d&rsquo;un jugement moral et civique, \u00e0 l&rsquo;acquisition d&rsquo;un esprit critique et d&rsquo;une culture de l&rsquo;engagement. Il fait l&rsquo;objet d&rsquo;une circulaire, publi\u00e9e le 23 juin 2016, qui en pr\u00e9cise les grands objectifs ainsi que les modalit\u00e9s de pilotage et de mise en \u0153uvre.<\/p>\n","protected":false},"author":126,"featured_media":0,"parent":0,"menu_order":0,"comment_status":"closed","ping_status":"closed","template":"","meta":{"footnotes":"","_links_to":"","_links_to_target":""},"class_list":["post-4375","page","type-page","status-publish","hentry"],"_links":{"self":[{"href":"https:\/\/site.ac-martinique.fr\/clg-fernanddonatien\/index.php?rest_route=\/wp\/v2\/pages\/4375","targetHints":{"allow":["GET"]}}],"collection":[{"href":"https:\/\/site.ac-martinique.fr\/clg-fernanddonatien\/index.php?rest_route=\/wp\/v2\/pages"}],"about":[{"href":"https:\/\/site.ac-martinique.fr\/clg-fernanddonatien\/index.php?rest_route=\/wp\/v2\/types\/page"}],"author":[{"embeddable":true,"href":"https:\/\/site.ac-martinique.fr\/clg-fernanddonatien\/index.php?rest_route=\/wp\/v2\/users\/126"}],"replies":[{"embeddable":true,"href":"https:\/\/site.ac-martinique.fr\/clg-fernanddonatien\/index.php?rest_route=%2Fwp%2Fv2%2Fcomments&post=4375"}],"version-history":[{"count":16,"href":"https:\/\/site.ac-martinique.fr\/clg-fernanddonatien\/index.php?rest_route=\/wp\/v2\/pages\/4375\/revisions"}],"predecessor-version":[{"id":4693,"href":"https:\/\/site.ac-martinique.fr\/clg-fernanddonatien\/index.php?rest_route=\/wp\/v2\/pages\/4375\/revisions\/4693"}],"wp:attachment":[{"href":"https:\/\/site.ac-martinique.fr\/clg-fernanddonatien\/index.php?rest_route=%2Fwp%2Fv2%2Fmedia&parent=4375"}],"curies":[{"name":"wp","href":"https:\/\/api.w.org\/{rel}","templated":true}]}}