{"id":1131,"date":"2016-09-09T12:53:04","date_gmt":"2016-09-09T16:53:04","guid":{"rendered":"\/clg-georgeselisabeth\/?page_id=1131"},"modified":"2016-09-09T13:05:53","modified_gmt":"2016-09-09T17:05:53","slug":"eparents","status":"publish","type":"page","link":"https:\/\/site.ac-martinique.fr\/clg-georgeselisabeth\/?page_id=1131","title":{"rendered":"Application mobile Eparents"},"content":{"rendered":"<p style=\"text-align: justify;\"><a href=\"\/clg-georgeselisabeth\/wp-content\/uploads\/sites\/58\/2016\/09\/eparents.jpg\"><img loading=\"lazy\" decoding=\"async\" class=\"wp-image-1132 alignleft\" src=\"\/clg-georgeselisabeth\/wp-content\/uploads\/sites\/58\/2016\/09\/eparents.jpg\" alt=\"eparents\" width=\"382\" height=\"89\" srcset=\"https:\/\/site.ac-martinique.fr\/clg-georgeselisabeth\/wp-content\/uploads\/sites\/58\/2016\/09\/eparents.jpg 765w, https:\/\/site.ac-martinique.fr\/clg-georgeselisabeth\/wp-content\/uploads\/sites\/58\/2016\/09\/eparents-300x70.jpg 300w, https:\/\/site.ac-martinique.fr\/clg-georgeselisabeth\/wp-content\/uploads\/sites\/58\/2016\/09\/eparents-600x140.jpg 600w\" sizes=\"auto, (max-width: 382px) 100vw, 382px\" \/><\/a>\u00a0Parents d&rsquo;\u00e9l\u00e8ves, le minist\u00e8re vous propose une application mobile \u00ab\u00a0eParents\u00a0\u00bb qui vous est sp\u00e9cialement d\u00e9di\u00e9e. Cette appli vous apporte des informations et des r\u00e9ponses de mani\u00e8re pratique et concr\u00e8te, au plus pr\u00e8s du quotidien de vos enfants et de leur \u00e9tablissement.<\/p>\n<p style=\"text-align: center;\"><a href=\"http:\/\/www.education.gouv.fr\/cid105639\/eparents-l-application-pour-les-parents-d-enfants-du-cp-a-la-3e.html\" target=\"_blank\"><img loading=\"lazy\" decoding=\"async\" class=\"alignnone size-full wp-image-1139\" src=\"\/clg-georgeselisabeth\/wp-content\/uploads\/sites\/58\/2016\/09\/telecharger-eparents.jpg\" alt=\"telecharger-eparents\" width=\"196\" height=\"78\" \/><\/a><\/p>\n","protected":false},"excerpt":{"rendered":"<p>\u00a0Parents d&rsquo;\u00e9l\u00e8ves, le minist\u00e8re vous propose une application mobile \u00ab\u00a0eParents\u00a0\u00bb qui vous est sp\u00e9cialement d\u00e9di\u00e9e. Cette appli vous apporte des informations et des r\u00e9ponses de mani\u00e8re pratique et concr\u00e8te, au plus pr\u00e8s du quotidien de vos enfants et de leur &hellip; <a href=\"https:\/\/site.ac-martinique.fr\/clg-georgeselisabeth\/?page_id=1131\">Continuer la lecture <span class=\"meta-nav\">&rarr;<\/span><\/a><\/p>\n","protected":false},"author":140,"featured_media":0,"parent":213,"menu_order":2,"comment_status":"closed","ping_status":"closed","template":"","meta":{"footnotes":""},"class_list":["post-1131","page","type-page","status-publish","hentry"],"_links":{"self":[{"href":"https:\/\/site.ac-martinique.fr\/clg-georgeselisabeth\/index.php?rest_route=\/wp\/v2\/pages\/1131","targetHints":{"allow":["GET"]}}],"collection":[{"href":"https:\/\/site.ac-martinique.fr\/clg-georgeselisabeth\/index.php?rest_route=\/wp\/v2\/pages"}],"about":[{"href":"https:\/\/site.ac-martinique.fr\/clg-georgeselisabeth\/index.php?rest_route=\/wp\/v2\/types\/page"}],"author":[{"embeddable":true,"href":"https:\/\/site.ac-martinique.fr\/clg-georgeselisabeth\/index.php?rest_route=\/wp\/v2\/users\/140"}],"replies":[{"embeddable":true,"href":"https:\/\/site.ac-martinique.fr\/clg-georgeselisabeth\/index.php?rest_route=%2Fwp%2Fv2%2Fcomments&post=1131"}],"version-history":[{"count":6,"href":"https:\/\/site.ac-martinique.fr\/clg-georgeselisabeth\/index.php?rest_route=\/wp\/v2\/pages\/1131\/revisions"}],"predecessor-version":[{"id":1141,"href":"https:\/\/site.ac-martinique.fr\/clg-georgeselisabeth\/index.php?rest_route=\/wp\/v2\/pages\/1131\/revisions\/1141"}],"up":[{"embeddable":true,"href":"https:\/\/site.ac-martinique.fr\/clg-georgeselisabeth\/index.php?rest_route=\/wp\/v2\/pages\/213"}],"wp:attachment":[{"href":"https:\/\/site.ac-martinique.fr\/clg-georgeselisabeth\/index.php?rest_route=%2Fwp%2Fv2%2Fmedia&parent=1131"}],"curies":[{"name":"wp","href":"https:\/\/api.w.org\/{rel}","templated":true}]}}