{"id":1294,"date":"2016-11-14T10:06:46","date_gmt":"2016-11-14T14:06:46","guid":{"rendered":"\/clg-georgeselisabeth\/?page_id=1294"},"modified":"2016-11-14T10:22:05","modified_gmt":"2016-11-14T14:22:05","slug":"ressources-de-lonisep","status":"publish","type":"page","link":"https:\/\/site.ac-martinique.fr\/clg-georgeselisabeth\/?page_id=1294","title":{"rendered":"Ressources de l&rsquo;ONISEP"},"content":{"rendered":"<p style=\"text-align: justify;\"><span style=\"color: #008000;\"><strong>Objectif<img loading=\"lazy\" decoding=\"async\" class=\"size-full wp-image-1297 alignleft\" src=\"\/clg-georgeselisabeth\/wp-content\/uploads\/sites\/58\/2016\/11\/t\u00e9l\u00e9chargement-1.png\" alt=\"telechargement-1\" width=\"300\" height=\"88\" \/>s\u00a0:<\/strong> Donner des cl\u00e9s aux familles pour qu\u2019elles appr\u00e9hendent mieux l\u2019organisation du syst\u00e8me \u00e9ducatif, l\u2019architecture des formations, les dispositifs de suivi et d\u2019accompagnement des \u00e9l\u00e8ves, les proc\u00e9dures d\u2019orientation et d\u2019inscription, tel est l\u2019objectif du programme de l\u2019Onisep\u00a0: L&rsquo;\u00c9cole expliqu\u00e9e aux parents.<\/span><\/p>\n<p style=\"text-align: justify;\"><b>Destin\u00e9e \u00e0 tous les parents, cette s\u00e9rie pr\u00e9sente de fa\u00e7on claire et synth\u00e9tique,\u00a0L\u2019\u00c9cole en France, son organisation, ses missions et les diff\u00e9rentes \u00e9tapes de la scolarit\u00e9 des enfants de la maternelle jusqu\u2019\u00e0 l\u2019enseignement sup\u00e9rieur.<\/b><\/p>\n<p><strong><a href=\"\/clg-georgeselisabeth\/wp-content\/uploads\/sites\/58\/2016\/11\/image001.jpg\"><img loading=\"lazy\" decoding=\"async\" class=\" wp-image-1300 alignleft\" src=\"\/clg-georgeselisabeth\/wp-content\/uploads\/sites\/58\/2016\/11\/image001.jpg\" alt=\"image001\" width=\"341\" height=\"211\" srcset=\"https:\/\/site.ac-martinique.fr\/clg-georgeselisabeth\/wp-content\/uploads\/sites\/58\/2016\/11\/image001.jpg 383w, https:\/\/site.ac-martinique.fr\/clg-georgeselisabeth\/wp-content\/uploads\/sites\/58\/2016\/11\/image001-300x186.jpg 300w\" sizes=\"auto, (max-width: 341px) 100vw, 341px\" \/><\/a>-&gt;<\/strong> Vid\u00e9o 1 : <a href=\"http:\/\/www.onisep.fr\/Parents\/L-Ecole-expliquee-aux-parents-en-video\/La-mission-de-l-Ecole\">La mission de l&rsquo;\u00c9cole<\/a> (septembre 2015)<\/p>\n<p><strong>-&gt;<\/strong> Vid\u00e9o 2 : <a href=\"http:\/\/www.onisep.fr\/Parents\/L-Ecole-expliquee-aux-parents-en-video\/L-entree-a-l-ecole-l-organisation-de-l-ecole-primaire\">L&rsquo;entr\u00e9e \u00e0 l&rsquo;\u00e9cole, l&rsquo;organisation de l&rsquo;\u00e9cole primaire<\/a> (f\u00e9vrier 2016)<\/p>\n<p><strong>-&gt;<\/strong> Vid\u00e9o 3 : <a href=\"http:\/\/www.onisep.fr\/Parents\/L-Ecole-expliquee-aux-parents-en-video\/Le-college-le-lycee-et-apres\">Le coll\u00e8ge, le lyc\u00e9e et apr\u00e8s<\/a> (f\u00e9vrier 2016)<\/p>\n<p><strong>-&gt;<\/strong> Vid\u00e9o 4\u00a0: <a href=\"http:\/\/www.onisep.fr\/Parents\/L-Ecole-expliquee-aux-parents-en-video\/L-organisation-de-la-vie-a-l-ecole\">L\u2019organisation de la vie \u00e0 l\u2019\u00e9cole<\/a> (mars 2016)<\/p>\n<p><strong>-&gt;<\/strong> Vid\u00e9o 5:\u00a0<a href=\"http:\/\/www.onisep.fr\/Parents\/L-Ecole-expliquee-aux-parents-en-video\/L-orientation-au-college-et-au-lycee\" target=\"_blank\">L\u2019orientation au coll\u00e8ge et au lyc\u00e9e<\/a>\u00a0(octobre 2016)<\/p>\n<p>&nbsp;<\/p>\n<p><a href=\"http:\/\/kitparents.onisep.fr\/projetorientation\" target=\"_blank\"><img loading=\"lazy\" decoding=\"async\" class=\"size-full wp-image-1298 alignright\" src=\"\/clg-georgeselisabeth\/wp-content\/uploads\/sites\/58\/2016\/11\/imageKITONISEP.jpg\" alt=\"imagekitonisep\" width=\"369\" height=\"258\" srcset=\"https:\/\/site.ac-martinique.fr\/clg-georgeselisabeth\/wp-content\/uploads\/sites\/58\/2016\/11\/imageKITONISEP.jpg 369w, https:\/\/site.ac-martinique.fr\/clg-georgeselisabeth\/wp-content\/uploads\/sites\/58\/2016\/11\/imageKITONISEP-300x210.jpg 300w\" sizes=\"auto, (max-width: 369px) 100vw, 369px\" \/><\/a><\/p>\n<p>Retrouver la <strong>suite de ce programme<\/strong> avec la sortie du <strong>1<sup>er<\/sup> kit \u00e0 destination des parents\u00a0: \u00ab\u00a0Aider mon enfant pour son projet d\u2019orientation\u00a0\u00ab\u00a0<\/strong>.<\/p>\n<p>Ce kit parents permet de retrouver facilement <strong>des conseils et des informations<\/strong>, pour <strong>aider leurs enfants et les accompagner dans leur projet d&rsquo;orientation<\/strong>. Pour y acc\u00e9der, cliquez sur l&rsquo;image ci-contre.<\/p>\n<p>&nbsp;<\/p>\n<p>Pour compl\u00e9ter la collection,<b> le kit \u00ab\u00a0Aider mon enfant \u00e0 s\u2019orienter apr\u00e8s la 3<sup>\u00e8me<\/sup>\u00a0\u00bb<\/b> sortira prochainement.<\/p>\n","protected":false},"excerpt":{"rendered":"<p>Objectifs\u00a0: Donner des cl\u00e9s aux familles pour qu\u2019elles appr\u00e9hendent mieux l\u2019organisation du syst\u00e8me \u00e9ducatif, l\u2019architecture des formations, les dispositifs de suivi et d\u2019accompagnement des \u00e9l\u00e8ves, les proc\u00e9dures d\u2019orientation et d\u2019inscription, tel est l\u2019objectif du programme de l\u2019Onisep\u00a0: L&rsquo;\u00c9cole expliqu\u00e9e aux &hellip; <a href=\"https:\/\/site.ac-martinique.fr\/clg-georgeselisabeth\/?page_id=1294\">Continuer la lecture <span class=\"meta-nav\">&rarr;<\/span><\/a><\/p>\n","protected":false},"author":140,"featured_media":0,"parent":213,"menu_order":1,"comment_status":"closed","ping_status":"closed","template":"","meta":{"footnotes":""},"class_list":["post-1294","page","type-page","status-publish","hentry"],"_links":{"self":[{"href":"https:\/\/site.ac-martinique.fr\/clg-georgeselisabeth\/index.php?rest_route=\/wp\/v2\/pages\/1294","targetHints":{"allow":["GET"]}}],"collection":[{"href":"https:\/\/site.ac-martinique.fr\/clg-georgeselisabeth\/index.php?rest_route=\/wp\/v2\/pages"}],"about":[{"href":"https:\/\/site.ac-martinique.fr\/clg-georgeselisabeth\/index.php?rest_route=\/wp\/v2\/types\/page"}],"author":[{"embeddable":true,"href":"https:\/\/site.ac-martinique.fr\/clg-georgeselisabeth\/index.php?rest_route=\/wp\/v2\/users\/140"}],"replies":[{"embeddable":true,"href":"https:\/\/site.ac-martinique.fr\/clg-georgeselisabeth\/index.php?rest_route=%2Fwp%2Fv2%2Fcomments&post=1294"}],"version-history":[{"count":5,"href":"https:\/\/site.ac-martinique.fr\/clg-georgeselisabeth\/index.php?rest_route=\/wp\/v2\/pages\/1294\/revisions"}],"predecessor-version":[{"id":1296,"href":"https:\/\/site.ac-martinique.fr\/clg-georgeselisabeth\/index.php?rest_route=\/wp\/v2\/pages\/1294\/revisions\/1296"}],"up":[{"embeddable":true,"href":"https:\/\/site.ac-martinique.fr\/clg-georgeselisabeth\/index.php?rest_route=\/wp\/v2\/pages\/213"}],"wp:attachment":[{"href":"https:\/\/site.ac-martinique.fr\/clg-georgeselisabeth\/index.php?rest_route=%2Fwp%2Fv2%2Fmedia&parent=1294"}],"curies":[{"name":"wp","href":"https:\/\/api.w.org\/{rel}","templated":true}]}}