{"id":439,"date":"2015-02-26T07:15:03","date_gmt":"2015-02-26T11:15:03","guid":{"rendered":"\/clg-georgeselisabeth\/?page_id=439"},"modified":"2015-09-11T09:28:12","modified_gmt":"2015-09-11T13:28:12","slug":"lassistante-sociale","status":"publish","type":"page","link":"https:\/\/site.ac-martinique.fr\/clg-georgeselisabeth\/?page_id=439","title":{"rendered":"Assistante sociale"},"content":{"rendered":"<p><a href=\"\/clg-georgeselisabeth\/wp-content\/uploads\/sites\/58\/2015\/02\/social.jpg\"><img loading=\"lazy\" decoding=\"async\" class=\"wp-image-862 alignleft\" src=\"\/clg-georgeselisabeth\/wp-content\/uploads\/sites\/58\/2015\/02\/social.jpg\" alt=\"social\" width=\"342\" height=\"212\" srcset=\"https:\/\/site.ac-martinique.fr\/clg-georgeselisabeth\/wp-content\/uploads\/sites\/58\/2015\/02\/social.jpg 468w, https:\/\/site.ac-martinique.fr\/clg-georgeselisabeth\/wp-content\/uploads\/sites\/58\/2015\/02\/social-300x186.jpg 300w\" sizes=\"auto, (max-width: 342px) 100vw, 342px\" \/><\/a><\/p>\n<p>Chers parents d&rsquo;\u00e9l\u00e8ves,<\/p>\n<p>Retrouvez la fiche de pr\u00e9sentation de l&rsquo;Assistante Sociale du coll\u00e8ge <a href=\"https:\/\/drive.google.com\/file\/d\/0B9kCCGHeYwjteWlXX1hTY2tldXc\/view?usp=sharing\" target=\"_blank\">en cliquant ici.<\/a><\/p>\n","protected":false},"excerpt":{"rendered":"<p>Chers parents d&rsquo;\u00e9l\u00e8ves, Retrouvez la fiche de pr\u00e9sentation de l&rsquo;Assistante Sociale du coll\u00e8ge en cliquant ici.<\/p>\n","protected":false},"author":140,"featured_media":0,"parent":213,"menu_order":3,"comment_status":"closed","ping_status":"closed","template":"","meta":{"footnotes":""},"class_list":["post-439","page","type-page","status-publish","hentry"],"_links":{"self":[{"href":"https:\/\/site.ac-martinique.fr\/clg-georgeselisabeth\/index.php?rest_route=\/wp\/v2\/pages\/439","targetHints":{"allow":["GET"]}}],"collection":[{"href":"https:\/\/site.ac-martinique.fr\/clg-georgeselisabeth\/index.php?rest_route=\/wp\/v2\/pages"}],"about":[{"href":"https:\/\/site.ac-martinique.fr\/clg-georgeselisabeth\/index.php?rest_route=\/wp\/v2\/types\/page"}],"author":[{"embeddable":true,"href":"https:\/\/site.ac-martinique.fr\/clg-georgeselisabeth\/index.php?rest_route=\/wp\/v2\/users\/140"}],"replies":[{"embeddable":true,"href":"https:\/\/site.ac-martinique.fr\/clg-georgeselisabeth\/index.php?rest_route=%2Fwp%2Fv2%2Fcomments&post=439"}],"version-history":[{"count":8,"href":"https:\/\/site.ac-martinique.fr\/clg-georgeselisabeth\/index.php?rest_route=\/wp\/v2\/pages\/439\/revisions"}],"predecessor-version":[{"id":868,"href":"https:\/\/site.ac-martinique.fr\/clg-georgeselisabeth\/index.php?rest_route=\/wp\/v2\/pages\/439\/revisions\/868"}],"up":[{"embeddable":true,"href":"https:\/\/site.ac-martinique.fr\/clg-georgeselisabeth\/index.php?rest_route=\/wp\/v2\/pages\/213"}],"wp:attachment":[{"href":"https:\/\/site.ac-martinique.fr\/clg-georgeselisabeth\/index.php?rest_route=%2Fwp%2Fv2%2Fmedia&parent=439"}],"curies":[{"name":"wp","href":"https:\/\/api.w.org\/{rel}","templated":true}]}}