{"id":1989,"date":"2017-01-30T10:35:09","date_gmt":"2017-01-30T14:35:09","guid":{"rendered":"https:\/\/site.ac-martinique.fr\/clg-gerardcafe\/?page_id=1989"},"modified":"2023-01-13T05:01:25","modified_gmt":"2023-01-13T09:01:25","slug":"centre-de-documentation-et-dinformation","status":"publish","type":"page","link":"https:\/\/site.ac-martinique.fr\/clg-gerardcafe\/centre-de-documentation-et-dinformation\/","title":{"rendered":"Centre de Documentation et d&#8217;Information"},"content":{"rendered":"<div class=\"wp-block-image\">\n<figure class=\"aligncenter size-large\"><img loading=\"lazy\" decoding=\"async\" width=\"510\" height=\"383\" src=\"https:\/\/site.ac-martinique.fr\/clg-gerardcafe\/wp-content\/uploads\/sites\/78\/2021\/10\/IMG_2668-2-510x383.jpg\" alt=\"\" class=\"wp-image-6686\" srcset=\"https:\/\/site.ac-martinique.fr\/clg-gerardcafe\/wp-content\/uploads\/sites\/78\/2021\/10\/IMG_2668-2-510x383.jpg 510w, https:\/\/site.ac-martinique.fr\/clg-gerardcafe\/wp-content\/uploads\/sites\/78\/2021\/10\/IMG_2668-2-300x225.jpg 300w, https:\/\/site.ac-martinique.fr\/clg-gerardcafe\/wp-content\/uploads\/sites\/78\/2021\/10\/IMG_2668-2-768x576.jpg 768w, https:\/\/site.ac-martinique.fr\/clg-gerardcafe\/wp-content\/uploads\/sites\/78\/2021\/10\/IMG_2668-2-1536x1152.jpg 1536w, https:\/\/site.ac-martinique.fr\/clg-gerardcafe\/wp-content\/uploads\/sites\/78\/2021\/10\/IMG_2668-2-2048x1536.jpg 2048w, https:\/\/site.ac-martinique.fr\/clg-gerardcafe\/wp-content\/uploads\/sites\/78\/2021\/10\/IMG_2668-2-150x113.jpg 150w\" sizes=\"auto, (max-width: 510px) 100vw, 510px\" \/><\/figure>\n<\/div>\n\n\n<p class=\"has-text-align-center\"><\/p>\n\n\n\n<p>Le <strong>Centre<\/strong><strong> de <\/strong><strong>Documentation <\/strong><strong>et d&#8217;<\/strong><strong>Information <\/strong>(CDI) est le centre de ressources documentaires du coll\u00e8ge. <b>Toute la&nbsp;<\/b><span style=\"font-weight: 600\">communaut\u00e9<\/span><b>&nbsp;scolaire y a acc\u00e8s du lundi au jeudi<\/b>. C&#8217;est un lieu pour parfaire son travail scolaire et o\u00f9 r\u00e8gne le calme.<\/p>\n\n\n\n<p>On peut y&nbsp;effectuer diverses recherches&nbsp;et&nbsp;r\u00e9aliser de nombreuses activit\u00e9s,&nbsp;gr\u00e2ce aux&nbsp;<span style=\"text-decoration: underline\">documents remarquables et vari\u00e9s<\/span>&nbsp;qui s&#8217;y trouvent, comme :<strong>&nbsp;<\/strong><em>des livres documentaires, <\/em><em>des&nbsp;livres de fiction, <\/em><em>des&nbsp;p\u00e9riodiques, <\/em><em>des DVD, <\/em><em>des CDRoms, ou encore&nbsp;<\/em><em>des ordinateurs.<\/em><\/p>\n\n\n\n<p>Pour faciliter tes recherches parmi ces nombreuses ressources pr\u00e9sentes au coll\u00e8ge, il y a l&#8217;application <strong><em><span style=\"color: red\">E-sidoc.\u00a0<\/span><\/em><\/strong>\u00a0Elle r\u00e9pertorie tous les livres\u00a0class\u00e9s au CDI. Tu peux y acc\u00e9der facilement en cliquant <strong><a rel=\"noopener noreferrer\" href=\"https:\/\/9720447d.esidoc.fr\" target=\"_blank\">ICI<\/a><\/strong>\u00a0.<\/p>\n\n\n\n<p>En somme, le CDI est un lieu de connaissance et de culture mis \u00e0 ta disposition&nbsp;pour attiser ta&nbsp;curiosit\u00e9, am\u00e9liorer tes performances intellectuelles, d\u00e9velopper tes comp\u00e9tences info-documentaires, enrichir ta culture,&nbsp;construire ton parcours personnel et professionnel et bien s\u00fbr pour profiter de l\u2019immense plaisir de la lecture !<\/p>\n\n\n\n<p><strong>Tu peux t&#8217;y rendre pendant tes heures creuses, en passant au pr\u00e9alable par la salle de Permanence o\u00f9 un surveillant t&#8217;inscrira sur la liste, ou \u00e0 l&#8217;heure du d\u00e9jeuner apr\u00e8s la cantine.<\/strong><\/p>\n\n\n\n<p>Ah oui j&#8217;oubliais ! Il existe aussi un blog de lecture sur lequel tu peux partager tes impressions sur un livre. \u00c7a s&#8217;appelle&nbsp;<strong><a href=\"\/clg-gerardcafe\/les-adolecteurs\/\" target=\"_blank\" rel=\"noopener noreferrer\">les adolecteurs<\/a><\/strong>.<strong>&nbsp;<\/strong>N&#8217;h\u00e9site pas \u00e0 le visiter. Tes camarades seront s\u00fbrement sensibles \u00e0 tes commentaires ou te donneront envie de lire un bouquin ! \ud83d\ude09<\/p>\n","protected":false},"excerpt":{"rendered":"<p>Le Centre de Documentation et d&#8217;Information (CDI) est le centre de ressources documentaires du coll\u00e8ge. <a class=\"continue-reading-link\" href=\"https:\/\/site.ac-martinique.fr\/clg-gerardcafe\/centre-de-documentation-et-dinformation\/\">lire plus <span class=\"meta-nav\">&rarr; <\/span><\/a><\/p>\n","protected":false},"author":210,"featured_media":0,"parent":0,"menu_order":0,"comment_status":"closed","ping_status":"closed","template":"","meta":{"footnotes":""},"class_list":["post-1989","page","type-page","status-publish","hentry"],"_links":{"self":[{"href":"https:\/\/site.ac-martinique.fr\/clg-gerardcafe\/wp-json\/wp\/v2\/pages\/1989","targetHints":{"allow":["GET"]}}],"collection":[{"href":"https:\/\/site.ac-martinique.fr\/clg-gerardcafe\/wp-json\/wp\/v2\/pages"}],"about":[{"href":"https:\/\/site.ac-martinique.fr\/clg-gerardcafe\/wp-json\/wp\/v2\/types\/page"}],"author":[{"embeddable":true,"href":"https:\/\/site.ac-martinique.fr\/clg-gerardcafe\/wp-json\/wp\/v2\/users\/210"}],"replies":[{"embeddable":true,"href":"https:\/\/site.ac-martinique.fr\/clg-gerardcafe\/wp-json\/wp\/v2\/comments?post=1989"}],"version-history":[{"count":15,"href":"https:\/\/site.ac-martinique.fr\/clg-gerardcafe\/wp-json\/wp\/v2\/pages\/1989\/revisions"}],"predecessor-version":[{"id":7711,"href":"https:\/\/site.ac-martinique.fr\/clg-gerardcafe\/wp-json\/wp\/v2\/pages\/1989\/revisions\/7711"}],"wp:attachment":[{"href":"https:\/\/site.ac-martinique.fr\/clg-gerardcafe\/wp-json\/wp\/v2\/media?parent=1989"}],"curies":[{"name":"wp","href":"https:\/\/api.w.org\/{rel}","templated":true}]}}

<div class="wp-block-image">
<figure class="aligncenter size-large"><img loading="lazy" decoding="async" width="510" height="383" src="https://site.ac-martinique.fr/clg-gerardcafe/wp-content/uploads/sites/78/2021/10/IMG_2668-2-510x383.jpg" alt="" class="wp-image-6686" srcset="https://site.ac-martinique.fr/clg-gerardcafe/wp-content/uploads/sites/78/2021/10/IMG_2668-2-510x383.jpg 510w, https://site.ac-martinique.fr/clg-gerardcafe/wp-content/uploads/sites/78/2021/10/IMG_2668-2-300x225.jpg 300w, https://site.ac-martinique.fr/clg-gerardcafe/wp-content/uploads/sites/78/2021/10/IMG_2668-2-768x576.jpg 768w, https://site.ac-martinique.fr/clg-gerardcafe/wp-content/uploads/sites/78/2021/10/IMG_2668-2-1536x1152.jpg 1536w, https://site.ac-martinique.fr/clg-gerardcafe/wp-content/uploads/sites/78/2021/10/IMG_2668-2-2048x1536.jpg 2048w, https://site.ac-martinique.fr/clg-gerardcafe/wp-content/uploads/sites/78/2021/10/IMG_2668-2-150x113.jpg 150w" sizes="auto, (max-width: 510px) 100vw, 510px" /></figure>
</div>


<p class="has-text-align-center"></p>



<p>Le <strong>Centre</strong><strong> de </strong><strong>Documentation </strong><strong>et d&#8217;</strong><strong>Information </strong>(CDI) est le centre de ressources documentaires du collège. <b>Toute la&nbsp;</b><span style="font-weight: 600">communauté</span><b>&nbsp;scolaire y a accès du lundi au jeudi</b>. C&#8217;est un lieu pour parfaire son travail scolaire et où règne le calme.</p>



<p>On peut y&nbsp;effectuer diverses recherches&nbsp;et&nbsp;réaliser de nombreuses activités,&nbsp;grâce aux&nbsp;<span style="text-decoration: underline">documents remarquables et variés</span>&nbsp;qui s&#8217;y trouvent, comme :<strong>&nbsp;</strong><em>des livres documentaires, </em><em>des&nbsp;livres de fiction, </em><em>des&nbsp;périodiques, </em><em>des DVD, </em><em>des CDRoms, ou encore&nbsp;</em><em>des ordinateurs.</em></p>



<p>Pour faciliter tes recherches parmi ces nombreuses ressources présentes au collège, il y a l&#8217;application <strong><em><span style="color: red">E-sidoc. </span></em></strong> Elle répertorie tous les livres classés au CDI. Tu peux y accéder facilement en cliquant <strong><a rel="noopener noreferrer" href="https://9720447d.esidoc.fr" target="_blank">ICI</a></strong> .</p>



<p>En somme, le CDI est un lieu de connaissance et de culture mis à ta disposition&nbsp;pour attiser ta&nbsp;curiosité, améliorer tes performances intellectuelles, développer tes compétences info-documentaires, enrichir ta culture,&nbsp;construire ton parcours personnel et professionnel et bien sûr pour profiter de l’immense plaisir de la lecture !</p>



<p><strong>Tu peux t&#8217;y rendre pendant tes heures creuses, en passant au préalable par la salle de Permanence où un surveillant t&#8217;inscrira sur la liste, ou à l&#8217;heure du déjeuner après la cantine.</strong></p>



<p>Ah oui j&#8217;oubliais ! Il existe aussi un blog de lecture sur lequel tu peux partager tes impressions sur un livre. Ça s&#8217;appelle&nbsp;<strong><a href="/clg-gerardcafe/les-adolecteurs/" target="_blank" rel="noopener noreferrer">les adolecteurs</a></strong>.<strong>&nbsp;</strong>N&#8217;hésite pas à le visiter. Tes camarades seront sûrement sensibles à tes commentaires ou te donneront envie de lire un bouquin ! 😉</p>

<p>Le Centre de Documentation et d&#8217;Information (CDI) est le centre de ressources documentaires du collège. <a class="continue-reading-link" href="https://site.ac-martinique.fr/clg-gerardcafe/centre-de-documentation-et-dinformation/">lire plus <span class="meta-nav">&rarr; </span></a></p>
