{"id":211,"date":"2014-03-10T15:04:08","date_gmt":"2014-03-10T19:04:08","guid":{"rendered":"https:\/\/site.ac-martinique.fr\/clg-gerardcafe\/?page_id=211"},"modified":"2023-01-06T03:15:02","modified_gmt":"2023-01-06T07:15:02","slug":"la-vie-scolaire","status":"publish","type":"page","link":"https:\/\/site.ac-martinique.fr\/clg-gerardcafe\/la-vie-scolaire\/","title":{"rendered":"Vie Scolaire et CPE"},"content":{"rendered":"<p><img loading=\"lazy\" decoding=\"async\" class=\"size-full wp-image-2812 aligncenter\" src=\"\/clg-gerardcafe\/wp-content\/uploads\/sites\/78\/2014\/03\/viescolaire.jpg\" alt=\"viescolaire\" width=\"800\" height=\"100\" srcset=\"https:\/\/site.ac-martinique.fr\/clg-gerardcafe\/wp-content\/uploads\/sites\/78\/2014\/03\/viescolaire.jpg 800w, https:\/\/site.ac-martinique.fr\/clg-gerardcafe\/wp-content\/uploads\/sites\/78\/2014\/03\/viescolaire-300x38.jpg 300w, https:\/\/site.ac-martinique.fr\/clg-gerardcafe\/wp-content\/uploads\/sites\/78\/2014\/03\/viescolaire-768x96.jpg 768w, https:\/\/site.ac-martinique.fr\/clg-gerardcafe\/wp-content\/uploads\/sites\/78\/2014\/03\/viescolaire-510x64.jpg 510w, https:\/\/site.ac-martinique.fr\/clg-gerardcafe\/wp-content\/uploads\/sites\/78\/2014\/03\/viescolaire-150x19.jpg 150w\" sizes=\"auto, (max-width: 800px) 100vw, 800px\" \/><\/p>\n<p><strong>La Vie Scolaire<\/strong> est le centre administratif le plus important pour le coll\u00e9gien. Elle fait le lien entre les diff\u00e9rents services de l&#8217;administration, les parents, les professeurs et les \u00e9l\u00e8ves.<\/p>\n<p>Sa mission principale est d&#8217;assurer le bon fonctionnement du coll\u00e8ge en faisant respecter les r\u00e8gles, que ce soit au niveau du comportement, des absences, des retards, et en faisant passer toutes les informations importantes \u00e0 qui de droit.<\/p>\n<p><span style=\"text-decoration: underline;\"><strong>LE COMPORTEMENT<\/strong><\/span> : Vous pouvez vous r\u00e9f\u00e9rer au <strong><a href=\"\/clg-gerardcafe\/reglement-interieur\/\" target=\"_blank\" rel=\"noopener noreferrer\">r\u00e8glement int\u00e9rieur<\/a><\/strong> pour plus de pr\u00e9cisions. La vie scolaire g\u00e8re les sanctions, mises en garde, retenues, en collaboration avec la\u00a0CPE.<\/p>\n<p><span style=\"text-decoration: underline;\"><strong>LES ABSENCES<\/strong><\/span> : Si un retard excessif pousse un professeur \u00e0 ne pas accepter un \u00e9l\u00e8ve en cours, c&#8217;est alors une absence qu&#8217;il faudra justifier. Les absences sont enregistr\u00e9es tous les jours gr\u00e2ce aux cahiers d&#8217;appel et aux multiples relev\u00e9s d&#8217;absences effectu\u00e9s en classe. Toute absence est \u00e0 justifier au plus t\u00f4t, si possible par t\u00e9l\u00e9phone le jour m\u00eame, et EN TOUS LES CAS, doit \u00eatre justifi\u00e9e par \u00e9crit avec signature\u00a0d&#8217;un Responsable l\u00e9gal, d\u00e8s le retour en cours de l&#8217;\u00e9l\u00e8ve. Vous trouverez dans le carnet de correspondance des billets d\u00e9tachables pr\u00e9vus \u00e0 cet effet.<\/p>\n<p><span style=\"text-decoration: underline;\"><strong>LES RETARDS<\/strong><\/span> : Il n&#8217;y a plus de billet de retard. Les heures d\u2019ouverture et fermeture du portail doivent \u00eatre scrupuleusement respect\u00e9es le matin et l\u2019apr\u00e8s-midi. Au-del\u00e0 de 7h35 ou de 13h50 aucun \u00e9l\u00e8ve ne sera accept\u00e9 en cours. <strong>Aussi, aucun retard entre les cours ne sera tol\u00e9r\u00e9<\/strong> ! Si l&#8217;\u00e9l\u00e8ve est en retard (au-del\u00e0 de 10 minutes), c&#8217;est en salle de Permanence qu&#8217;il devra se rendre et pr\u00e9senter au prochain cours son billet d&#8217;absence (<span style=\"text-decoration: underline;\">sign\u00e9 par un Responsable l\u00e9gal)<\/span>\u00a0\u00e0 son professeur. En cas d&#8217;absence r\u00e9p\u00e9t\u00e9es au m\u00eame cours, une sanction pourra \u00eatre appliqu\u00e9e.<\/p>\n<p><img loading=\"lazy\" decoding=\"async\" class=\"size-full wp-image-2811 aligncenter\" src=\"\/clg-gerardcafe\/wp-content\/uploads\/sites\/78\/2014\/03\/cpe.jpg\" alt=\"cpe\" width=\"800\" height=\"100\" srcset=\"https:\/\/site.ac-martinique.fr\/clg-gerardcafe\/wp-content\/uploads\/sites\/78\/2014\/03\/cpe.jpg 800w, https:\/\/site.ac-martinique.fr\/clg-gerardcafe\/wp-content\/uploads\/sites\/78\/2014\/03\/cpe-300x38.jpg 300w, https:\/\/site.ac-martinique.fr\/clg-gerardcafe\/wp-content\/uploads\/sites\/78\/2014\/03\/cpe-768x96.jpg 768w, https:\/\/site.ac-martinique.fr\/clg-gerardcafe\/wp-content\/uploads\/sites\/78\/2014\/03\/cpe-510x64.jpg 510w, https:\/\/site.ac-martinique.fr\/clg-gerardcafe\/wp-content\/uploads\/sites\/78\/2014\/03\/cpe-150x19.jpg 150w\" sizes=\"auto, (max-width: 800px) 100vw, 800px\" \/><\/p>\n<p><strong>La\u00a0Conseill\u00e8re Principale d&#8217;Education<\/strong> de l&#8217;\u00e9tablissement (CPE) seconde le chef d&#8217;\u00e9tablissement dans l&#8217;organisation de la vie scolaire et assure le lien entre les familles et l&#8217;\u00e9quipe p\u00e9dagogique. Elle est donc une\u00a0figure incontournable du coll\u00e8ge.<\/p>\n<p><span style=\"text-decoration: underline;\"><strong>VIE SCOLAIRE<\/strong><\/span> : Au quotidien, elle veille \u00e0 l&#8217;organisation et au bon d\u00e9roulement de la vie collective des \u00e9l\u00e8ves hors du temps de classe, en g\u00e9rant\u00a0notamment leurs absences, en surveillant les entr\u00e9es et sorties de l&#8217;\u00e9tablissement, ou encore en faisant respecter le r\u00e8glement int\u00e9rieur et les consignes de s\u00e9curit\u00e9 (en particulier pendant les r\u00e9cr\u00e9ations, la pause-d\u00e9jeuner et les intercours). C&#8217;est aussi \u00e0 elle que les \u00e9l\u00e8ves s&#8217;adressent en cas de probl\u00e8me (exclusion, malaise, vol, bagarre, changement de section, conflit, &#8230;).<\/p>\n<p><span style=\"text-decoration: underline;\"><strong>ADMINISTRATION<\/strong><\/span> : La CPE travaille de concert avec les enseignants, le Chef d&#8217;\u00e9tablissement, le COP (Conseiller d&#8217;Orientation-Psychologue) et l&#8217;Assistante Sociale pour offrir aux \u00e9l\u00e8ves les meilleures conditions de r\u00e9ussite. Elle fait r\u00e9guli\u00e8rement le point avec ses coll\u00e8gues pour trouver des solutions adapt\u00e9es aux jeunes en difficult\u00e9.\u00a0V\u00e9ritable m\u00e9diateur entre les \u00e9l\u00e8ves, leur famille et l&#8217;administration, elle privil\u00e9gie le dialogue afin d&#8217;am\u00e9liorer la vie au sein de l&#8217;\u00e9tablissement.<\/p>\n<p><strong><span style=\"text-decoration: underline;\">CONTACT<\/span><\/strong> : Un parent peut solliciter un rendez-vous avec la CPE quand il le souhaite, via le carnet de correspondance de son enfant. La CPE peut \u00e9galement, \u00e0 tout moment, en cas de n\u00e9cessit\u00e9, convoquer un parent d&#8217;\u00e9l\u00e8ve afin de s&#8217;entretenir avec lui sur les difficult\u00e9s ou le comportement de son enfant.<\/p>\n<hr \/>\n<p><em>Pour joindre la Vie Scolaire, veuillez composer le num\u00e9ro de t\u00e9l\u00e9phone : <\/em><strong>0596 74 19 44<\/strong><\/p>\n<p><em>Pour solliciter la CPE, <strong>Mme PASCALIN<\/strong>, veuillez utiliser le carnet de correspondance de votre enfant.<\/em><\/p>\n<p><em>Vous pouvez la joindre<\/em><em> au <strong>0596 74 19 43<\/strong><\/em><\/p>\n","protected":false},"excerpt":{"rendered":"<p>La Vie Scolaire est le centre administratif le plus important pour le coll\u00e9gien. Elle fait <a class=\"continue-reading-link\" href=\"https:\/\/site.ac-martinique.fr\/clg-gerardcafe\/la-vie-scolaire\/\">lire plus <span class=\"meta-nav\">&rarr; <\/span><\/a><\/p>\n","protected":false},"author":210,"featured_media":0,"parent":0,"menu_order":0,"comment_status":"closed","ping_status":"closed","template":"","meta":{"footnotes":""},"class_list":["post-211","page","type-page","status-publish","hentry"],"_links":{"self":[{"href":"https:\/\/site.ac-martinique.fr\/clg-gerardcafe\/wp-json\/wp\/v2\/pages\/211","targetHints":{"allow":["GET"]}}],"collection":[{"href":"https:\/\/site.ac-martinique.fr\/clg-gerardcafe\/wp-json\/wp\/v2\/pages"}],"about":[{"href":"https:\/\/site.ac-martinique.fr\/clg-gerardcafe\/wp-json\/wp\/v2\/types\/page"}],"author":[{"embeddable":true,"href":"https:\/\/site.ac-martinique.fr\/clg-gerardcafe\/wp-json\/wp\/v2\/users\/210"}],"replies":[{"embeddable":true,"href":"https:\/\/site.ac-martinique.fr\/clg-gerardcafe\/wp-json\/wp\/v2\/comments?post=211"}],"version-history":[{"count":24,"href":"https:\/\/site.ac-martinique.fr\/clg-gerardcafe\/wp-json\/wp\/v2\/pages\/211\/revisions"}],"predecessor-version":[{"id":7652,"href":"https:\/\/site.ac-martinique.fr\/clg-gerardcafe\/wp-json\/wp\/v2\/pages\/211\/revisions\/7652"}],"wp:attachment":[{"href":"https:\/\/site.ac-martinique.fr\/clg-gerardcafe\/wp-json\/wp\/v2\/media?parent=211"}],"curies":[{"name":"wp","href":"https:\/\/api.w.org\/{rel}","templated":true}]}}