{"id":7943,"date":"2023-06-24T20:08:57","date_gmt":"2023-06-25T00:08:57","guid":{"rendered":"https:\/\/site.ac-martinique.fr\/clg-gerardcafe\/?page_id=7943"},"modified":"2023-06-24T20:10:27","modified_gmt":"2023-06-25T00:10:27","slug":"gerard-cafe","status":"publish","type":"page","link":"https:\/\/site.ac-martinique.fr\/clg-gerardcafe\/gerard-cafe\/","title":{"rendered":"G\u00e9rard CAF\u00c9"},"content":{"rendered":"<p><span style=\"color: #800000;\"><strong>G\u00e9rard CAF\u00c9<\/strong><\/span> na\u00eet au Marin le 18 Octobre 1896.<\/p>\n<p>Il fait ses classes primaires au Marin et est admis au concours de l\u2019\u00e9cole normale en 1929.<\/p>\n<p>Devenu instituteur il enseigne respectivement au Lorrain, au Fran\u00e7ois, au Vauclin et \u00e0 Sainte-Anne.<\/p>\n<p>En 1946, il est nomm\u00e9 directeur d\u2019\u00e9cole primaire et par la suite directeur des cours compl\u00e9mentaires, tout en enseignant les math\u00e9matiques et la musique.<\/p>\n<p>Il a marqu\u00e9 son passage par son autorit\u00e9 mais aussi par sa volont\u00e9 .<\/p>\n<p>Passionn\u00e9 de musique, il forma une fanfare.<\/p>\n<p><span style=\"color: #800000;\"><strong>G\u00e9rard CAF\u00c9<\/strong><\/span> meurt 31 Octobre 1948 \u00e0 l\u2019\u00e2ge de 52 ans.<\/p>\n","protected":false},"excerpt":{"rendered":"<p>G\u00e9rard CAF\u00c9 na\u00eet au Marin le 18 Octobre 1896. Il fait ses classes primaires au <a class=\"continue-reading-link\" href=\"https:\/\/site.ac-martinique.fr\/clg-gerardcafe\/gerard-cafe\/\">lire plus <span class=\"meta-nav\">&rarr; <\/span><\/a><\/p>\n","protected":false},"author":267,"featured_media":0,"parent":0,"menu_order":0,"comment_status":"closed","ping_status":"closed","template":"","meta":{"footnotes":""},"class_list":["post-7943","page","type-page","status-publish","hentry"],"_links":{"self":[{"href":"https:\/\/site.ac-martinique.fr\/clg-gerardcafe\/wp-json\/wp\/v2\/pages\/7943","targetHints":{"allow":["GET"]}}],"collection":[{"href":"https:\/\/site.ac-martinique.fr\/clg-gerardcafe\/wp-json\/wp\/v2\/pages"}],"about":[{"href":"https:\/\/site.ac-martinique.fr\/clg-gerardcafe\/wp-json\/wp\/v2\/types\/page"}],"author":[{"embeddable":true,"href":"https:\/\/site.ac-martinique.fr\/clg-gerardcafe\/wp-json\/wp\/v2\/users\/267"}],"replies":[{"embeddable":true,"href":"https:\/\/site.ac-martinique.fr\/clg-gerardcafe\/wp-json\/wp\/v2\/comments?post=7943"}],"version-history":[{"count":3,"href":"https:\/\/site.ac-martinique.fr\/clg-gerardcafe\/wp-json\/wp\/v2\/pages\/7943\/revisions"}],"predecessor-version":[{"id":7947,"href":"https:\/\/site.ac-martinique.fr\/clg-gerardcafe\/wp-json\/wp\/v2\/pages\/7943\/revisions\/7947"}],"wp:attachment":[{"href":"https:\/\/site.ac-martinique.fr\/clg-gerardcafe\/wp-json\/wp\/v2\/media?parent=7943"}],"curies":[{"name":"wp","href":"https:\/\/api.w.org\/{rel}","templated":true}]}}