{"id":63,"date":"2021-10-11T21:11:00","date_gmt":"2021-10-12T01:11:00","guid":{"rendered":"https:\/\/site.ac-martinique.fr\/clg-hubertnero\/?page_id=63"},"modified":"2022-09-11T20:21:37","modified_gmt":"2022-09-12T00:21:37","slug":"nous-contacter","status":"publish","type":"page","link":"https:\/\/site.ac-martinique.fr\/clg-hubertnero\/?page_id=63","title":{"rendered":"Nous contacter"},"content":{"rendered":"<h2>Coll\u00e8ge Hubert Nero<\/h2>\n<h2>Rue Jules Ferry &#8211; 97214 LE LORRAIN<\/h2>\n<h2>T\u00e9l\u00e9phone : <span style=\"color: #0000ff;\">05 96 53 42 80<\/span><\/h2>\n<h2>Mail : <span style=\"color: #0000ff;\">ce.9720445b@ac-martinique.fr<\/span><\/h2>\n","protected":false},"excerpt":{"rendered":"<p>Coll\u00e8ge Hubert Nero Rue Jules Ferry &#8211; 97214 LE LORRAIN T\u00e9l\u00e9phone : 05 96 53 42 80 Mail : ce.9720445b@ac-martinique.fr<\/p>\n","protected":false},"author":257,"featured_media":0,"parent":0,"menu_order":0,"comment_status":"closed","ping_status":"closed","template":"","meta":{"footnotes":""},"class_list":["post-63","page","type-page","status-publish","hentry"],"_links":{"self":[{"href":"https:\/\/site.ac-martinique.fr\/clg-hubertnero\/index.php?rest_route=\/wp\/v2\/pages\/63","targetHints":{"allow":["GET"]}}],"collection":[{"href":"https:\/\/site.ac-martinique.fr\/clg-hubertnero\/index.php?rest_route=\/wp\/v2\/pages"}],"about":[{"href":"https:\/\/site.ac-martinique.fr\/clg-hubertnero\/index.php?rest_route=\/wp\/v2\/types\/page"}],"author":[{"embeddable":true,"href":"https:\/\/site.ac-martinique.fr\/clg-hubertnero\/index.php?rest_route=\/wp\/v2\/users\/257"}],"replies":[{"embeddable":true,"href":"https:\/\/site.ac-martinique.fr\/clg-hubertnero\/index.php?rest_route=%2Fwp%2Fv2%2Fcomments&post=63"}],"version-history":[{"count":3,"href":"https:\/\/site.ac-martinique.fr\/clg-hubertnero\/index.php?rest_route=\/wp\/v2\/pages\/63\/revisions"}],"predecessor-version":[{"id":367,"href":"https:\/\/site.ac-martinique.fr\/clg-hubertnero\/index.php?rest_route=\/wp\/v2\/pages\/63\/revisions\/367"}],"wp:attachment":[{"href":"https:\/\/site.ac-martinique.fr\/clg-hubertnero\/index.php?rest_route=%2Fwp%2Fv2%2Fmedia&parent=63"}],"curies":[{"name":"wp","href":"https:\/\/api.w.org\/{rel}","templated":true}]}}