{"id":732,"date":"2024-09-02T05:14:50","date_gmt":"2024-09-02T09:14:50","guid":{"rendered":"https:\/\/site.ac-martinique.fr\/clg-hubertnero\/?page_id=732"},"modified":"2024-09-17T11:07:31","modified_gmt":"2024-09-17T15:07:31","slug":"parents","status":"publish","type":"page","link":"https:\/\/site.ac-martinique.fr\/clg-hubertnero\/?page_id=732","title":{"rendered":"Parents"},"content":{"rendered":"\n<h2 class=\"wp-block-heading\">LIENS UTILES POUR ACCOMPAGNER VOTRE ENFANT<\/h2>\n\n\n\n<div class=\"wp-block-buttons is-layout-flex wp-block-buttons-is-layout-flex\">\n<div class=\"wp-block-button\"><a class=\"wp-block-button__link wp-element-button\" href=\"https:\/\/app.pix.fr\/campagnes\/DDRXBL956\/presentation\">Enjeux du num\u00e9rique<\/a><\/div>\n\n\n\n<div class=\"wp-block-button\"><a class=\"wp-block-button__link wp-element-button\" href=\"https:\/\/app.pix.fr\/campagnes\/DDRXBL956\/presentation\">D\u00e9fi Pix<\/a><\/div>\n\n\n\n<div class=\"wp-block-button\"><a class=\"wp-block-button__link wp-element-button\" href=\"https:\/\/pix.fr\/actualites\/parentalite-numerique-decouvrir-nouveaux-defis-jeux-video\">Les jeux vid\u00e9os<\/a><\/div>\n\n\n\n<div class=\"wp-block-button\"><a class=\"wp-block-button__link wp-element-button\" href=\"https:\/\/app.pix.fr\/campagnes\/TXEQDE762\/presentation\">Responsabilit\u00e9 des parents<\/a><\/div>\n<\/div>\n\n\n\n<div class=\"wp-block-buttons is-layout-flex wp-block-buttons-is-layout-flex\">\n<div class=\"wp-block-button\"><a class=\"wp-block-button__link wp-element-button\" href=\"https:\/\/www.faminum.com\/\">Les   bonnes pratiques num\u00e9riques en famille<\/a><\/div>\n<\/div>\n\n\n\n<p><\/p>\n\n\n<h3>S\u00e9ries de vid\u00e9os youtube pour lutter contre le harc\u00e8lement et le cyberharc\u00e8lement<\/h3>\n\n\n<p><a href=\"https:\/\/www.youtube.com\/playlist?list=PL68tTOaZkFvERHubazl96bylt0O8OUMY_\">https:\/\/www.youtube.com\/playlist?list=PL68tTOaZkFvERHubazl96bylt0O8OUMY_<\/a><\/p>\n\n\n<h2><span style=\"color: #008000;\">Bandes dessin\u00e9es mettant en sc\u00e8ne les aventures num\u00e9riques de la famille Websters<\/span><\/h2>\n<p><a href=\"https:\/\/www.websters.swiss\/fr\/s3\">https:\/\/www.websters.swiss\/fr\/s3<\/a><\/p>\n<h3><span style=\"color: #008080;\">\u00ab\u00a0<span style=\"color: #ff6600;\"><strong>Mon enfant et les \u00e9crans\u00a0\u00bb : site prodiguant des conseils et permettant la r\u00e9flexion sur les usages des \u00e9crans num\u00e9riques<\/strong><\/span><\/span><\/h3>\n<p><a href=\"https:\/\/www.mon-enfant-et-les-ecrans.fr\/\">https:\/\/www.mon-enfant-et-les-ecrans.fr\/<\/a><\/p>\n<h3>Conseils en \u00e9ducation aux m\u00e9dias et \u00e0 l&rsquo;information. Cliquez <a href=\"https:\/\/www.clemi.fr\/familles\/publications\/le-guide-de-la-famille-tout-ecran\">ici.<\/a><\/h3>\n<h2>Guides pratiques \u00ab\u00a0La famille tout-\u00e9cran\u00a0\u00bb\u00e0 t\u00e9l\u00e9charger en cliquant <a href=\"https:\/\/www.clemi.fr\/familles\/publications\/le-guide-de-la-famille-tout-ecran\/presentation-du-guide- de-la-famille-tout-ecran\/le-guide-de-la-famille-tout-ecran\" data-wplink-url-error=\"true\">ici.<\/a><\/h2>\n<p>\u00a0<\/p>\n\n\n<div class=\"wp-block-group\"><div class=\"wp-block-group__inner-container is-layout-constrained wp-block-group-is-layout-constrained\">\n<hr class=\"wp-block-separator has-alpha-channel-opacity\"\/>\n<\/div><\/div>\n\n\n\n<div class=\"wp-block-group\"><div class=\"wp-block-group__inner-container is-layout-constrained wp-block-group-is-layout-constrained\">\n<hr class=\"wp-block-separator has-alpha-channel-opacity\"\/>\n<\/div><\/div>\n\n\n<p>\u00ab\u00a0Chers parents, le centre d&rsquo;information et d&rsquo;orientation Nord Atlantique propose toute l&rsquo;ann\u00e9e \u00e0 vos enfants des ateliers pratiques autour de l&rsquo;orientation. N&rsquo;h\u00e9sitez \u00e0 les inscrire et \u00e0 les accompagner car une orientation r\u00e9fl\u00e9chie progressivement est une orientation r\u00e9ussie.\u00a0\u00bb\u00a0<\/p>\n\n\n<div data-wp-interactive=\"core\/file\" class=\"wp-block-file\"><object data-wp-bind--hidden=\"!state.hasPdfPreview\" hidden class=\"wp-block-file__embed\" data=\"https:\/\/site.ac-martinique.fr\/clg-hubertnero\/wp-content\/uploads\/sites\/98\/2024\/09\/calendrier-ateliers-20242025.pdf\" type=\"application\/pdf\" style=\"width:100%;height:600px\" aria-label=\"Contenu embarqu\u00e9 calendrier ateliers 20242025.\"><\/object><a id=\"wp-block-file--media-a76e4f08-e88b-444e-b13f-4ef9617f3244\" href=\"https:\/\/site.ac-martinique.fr\/clg-hubertnero\/wp-content\/uploads\/sites\/98\/2024\/09\/calendrier-ateliers-20242025.pdf\">calendrier ateliers 20242025<\/a><a href=\"https:\/\/site.ac-martinique.fr\/clg-hubertnero\/wp-content\/uploads\/sites\/98\/2024\/09\/calendrier-ateliers-20242025.pdf\" class=\"wp-block-file__button wp-element-button\" download aria-describedby=\"wp-block-file--media-a76e4f08-e88b-444e-b13f-4ef9617f3244\">T\u00e9l\u00e9charger<\/a><\/div>\n\n\n\n<div class=\"wp-block-group\"><div class=\"wp-block-group__inner-container is-layout-constrained wp-block-group-is-layout-constrained\">\n<hr class=\"wp-block-separator has-alpha-channel-opacity\"\/>\n<\/div><\/div>\n","protected":false},"excerpt":{"rendered":"<p>LIENS UTILES POUR ACCOMPAGNER VOTRE ENFANT S\u00e9ries de vid\u00e9os youtube pour lutter contre le harc\u00e8lement et le cyberharc\u00e8lement https:\/\/www.youtube.com\/playlist?list=PL68tTOaZkFvERHubazl96bylt0O8OUMY_ Bandes dessin\u00e9es mettant en sc\u00e8ne les aventures num\u00e9riques de la famille Websters https:\/\/www.websters.swiss\/fr\/s3 \u00ab\u00a0Mon enfant et les \u00e9crans\u00a0\u00bb : site prodiguant &hellip; <a href=\"https:\/\/site.ac-martinique.fr\/clg-hubertnero\/?page_id=732\">Continuer la lecture <span class=\"meta-nav\">&rarr;<\/span><\/a><\/p>\n","protected":false},"author":257,"featured_media":0,"parent":0,"menu_order":0,"comment_status":"closed","ping_status":"closed","template":"","meta":{"footnotes":""},"class_list":["post-732","page","type-page","status-publish","hentry"],"_links":{"self":[{"href":"https:\/\/site.ac-martinique.fr\/clg-hubertnero\/index.php?rest_route=\/wp\/v2\/pages\/732","targetHints":{"allow":["GET"]}}],"collection":[{"href":"https:\/\/site.ac-martinique.fr\/clg-hubertnero\/index.php?rest_route=\/wp\/v2\/pages"}],"about":[{"href":"https:\/\/site.ac-martinique.fr\/clg-hubertnero\/index.php?rest_route=\/wp\/v2\/types\/page"}],"author":[{"embeddable":true,"href":"https:\/\/site.ac-martinique.fr\/clg-hubertnero\/index.php?rest_route=\/wp\/v2\/users\/257"}],"replies":[{"embeddable":true,"href":"https:\/\/site.ac-martinique.fr\/clg-hubertnero\/index.php?rest_route=%2Fwp%2Fv2%2Fcomments&post=732"}],"version-history":[{"count":13,"href":"https:\/\/site.ac-martinique.fr\/clg-hubertnero\/index.php?rest_route=\/wp\/v2\/pages\/732\/revisions"}],"predecessor-version":[{"id":777,"href":"https:\/\/site.ac-martinique.fr\/clg-hubertnero\/index.php?rest_route=\/wp\/v2\/pages\/732\/revisions\/777"}],"wp:attachment":[{"href":"https:\/\/site.ac-martinique.fr\/clg-hubertnero\/index.php?rest_route=%2Fwp%2Fv2%2Fmedia&parent=732"}],"curies":[{"name":"wp","href":"https:\/\/api.w.org\/{rel}","templated":true}]}}