{"id":897,"date":"2025-02-12T04:33:03","date_gmt":"2025-02-12T08:33:03","guid":{"rendered":"https:\/\/site.ac-martinique.fr\/clg-hubertnero\/?page_id=897"},"modified":"2025-02-12T04:33:03","modified_gmt":"2025-02-12T08:33:03","slug":"correction-du-rallye-maths-antilles","status":"publish","type":"page","link":"https:\/\/site.ac-martinique.fr\/clg-hubertnero\/?page_id=897","title":{"rendered":"Correction du rallye MATHS Antilles"},"content":{"rendered":"\n<div data-wp-interactive=\"core\/file\" class=\"wp-block-file\"><object data-wp-bind--hidden=\"!state.hasPdfPreview\" hidden class=\"wp-block-file__embed\" data=\"https:\/\/site.ac-martinique.fr\/clg-hubertnero\/wp-content\/uploads\/sites\/98\/2025\/02\/RALLYE_MATHS-Antilles_2025_Corrige-Explique.pdf\" type=\"application\/pdf\" style=\"width:100%;height:600px\" aria-label=\"Contenu embarqu\u00e9 RALLYE_MATHS Antilles_2025_Corrig\u00e9 Expliqu\u00e9.\"><\/object><a id=\"wp-block-file--media-7b767aa5-b084-45ac-9f1e-fe789b0d4fa2\" href=\"https:\/\/site.ac-martinique.fr\/clg-hubertnero\/wp-content\/uploads\/sites\/98\/2025\/02\/RALLYE_MATHS-Antilles_2025_Corrige-Explique.pdf\">RALLYE_MATHS Antilles_2025_Corrig\u00e9 Expliqu\u00e9<\/a><a href=\"https:\/\/site.ac-martinique.fr\/clg-hubertnero\/wp-content\/uploads\/sites\/98\/2025\/02\/RALLYE_MATHS-Antilles_2025_Corrige-Explique.pdf\" class=\"wp-block-file__button wp-element-button\" download aria-describedby=\"wp-block-file--media-7b767aa5-b084-45ac-9f1e-fe789b0d4fa2\">T\u00e9l\u00e9charger<\/a><\/div>\n","protected":false},"excerpt":{"rendered":"","protected":false},"author":257,"featured_media":0,"parent":0,"menu_order":0,"comment_status":"closed","ping_status":"closed","template":"","meta":{"footnotes":""},"class_list":["post-897","page","type-page","status-publish","hentry"],"_links":{"self":[{"href":"https:\/\/site.ac-martinique.fr\/clg-hubertnero\/index.php?rest_route=\/wp\/v2\/pages\/897","targetHints":{"allow":["GET"]}}],"collection":[{"href":"https:\/\/site.ac-martinique.fr\/clg-hubertnero\/index.php?rest_route=\/wp\/v2\/pages"}],"about":[{"href":"https:\/\/site.ac-martinique.fr\/clg-hubertnero\/index.php?rest_route=\/wp\/v2\/types\/page"}],"author":[{"embeddable":true,"href":"https:\/\/site.ac-martinique.fr\/clg-hubertnero\/index.php?rest_route=\/wp\/v2\/users\/257"}],"replies":[{"embeddable":true,"href":"https:\/\/site.ac-martinique.fr\/clg-hubertnero\/index.php?rest_route=%2Fwp%2Fv2%2Fcomments&post=897"}],"version-history":[{"count":1,"href":"https:\/\/site.ac-martinique.fr\/clg-hubertnero\/index.php?rest_route=\/wp\/v2\/pages\/897\/revisions"}],"predecessor-version":[{"id":899,"href":"https:\/\/site.ac-martinique.fr\/clg-hubertnero\/index.php?rest_route=\/wp\/v2\/pages\/897\/revisions\/899"}],"wp:attachment":[{"href":"https:\/\/site.ac-martinique.fr\/clg-hubertnero\/index.php?rest_route=%2Fwp%2Fv2%2Fmedia&parent=897"}],"curies":[{"name":"wp","href":"https:\/\/api.w.org\/{rel}","templated":true}]}}