{"id":1086,"date":"2023-10-12T13:25:33","date_gmt":"2023-10-12T17:25:33","guid":{"rendered":"https:\/\/site.ac-martinique.fr\/clg-julianicolas\/?page_id=1086"},"modified":"2023-11-11T22:56:57","modified_gmt":"2023-11-12T02:56:57","slug":"pole-medico-social","status":"publish","type":"page","link":"https:\/\/site.ac-martinique.fr\/clg-julianicolas\/?page_id=1086","title":{"rendered":"M\u00e9dico-social &#8211; Psy-EN"},"content":{"rendered":"\n<h2 class=\"wp-block-heading\">L&rsquo;ASSISTANTE SOCIALE <\/h2>\n\n\n\n<p>Une assistante sociale est pr\u00e9sente au sein de l&rsquo;\u00e9tablissement et re\u00e7oit les familles. <\/p>\n\n\n\n<p>Vous avez des difficult\u00e9s  \u00e0 payer les frais de scolarit\u00e9 et de vie scolaire de votre enfant&nbsp;? Une aide financi\u00e8re appel\u00e9e <strong>le fonds social <\/strong>peut vous \u00eatre attribu\u00e9e.<\/p>\n\n\n\n<p>Cette aide permet \u00e9galement de r\u00e9gler les frais de demi-pension, uniforme, transport scolaires, fournitures scolaires, soins m\u00e9dicaux&#8230; ou toute autre d\u00e9pense n\u00e9cessaire \u00e0 l&rsquo;\u00e9l\u00e8ve. <\/p>\n\n\n\n<p>Pour demander cette aide, il convient de se rapprocher de l&rsquo;\u00e9tablissement ou directement de l&rsquo;assistante sociale de l&rsquo;\u00e9tablissement afin de retirer un dossier de demande de fond social et transmettre les pi\u00e8ces demand\u00e9es. L&rsquo;assistante sociale vous recevra afin d&rsquo;\u00e9changer sur les demandes et la situation. <\/p>\n\n\n\n<p>L&rsquo;assistante social re\u00e7oit dans son bureau situ\u00e9 au 1er \u00e9tage de l&rsquo;\u00e9tablissement: <\/p>\n\n\n\n<p>&#8211;  sans rendez-vous le mardi et le vendredi matin de 08h \u00e0 12h.<\/p>\n\n\n\n<p>&#8211; avec rendez-vous le mardi apr\u00e8s-midi<\/p>\n\n\n\n<p>N&rsquo;h\u00e9sitez pas \u00e0 appeler pour plus de renseignements : 05 96 71 31 20<\/p>\n\n\n\n<p><strong>L\u2019INFIRMI\u00c8RE SCOLAIRE<\/strong><\/p>\n\n\n\n<p>L&rsquo;\u00e9tablissement b\u00e9n\u00e9ficie de la pr\u00e9sence d&rsquo;une infirmi\u00e8re scolaire. <\/p>\n\n\n\n<p>Pr\u00e9sente le mardi et le vendredi dans l&rsquo;\u00e9tablissement, elle accompagne les \u00e9l\u00e8ves au quotidien et assure un suivi sur les pathologies mais \u00e9galement les besoins particuliers. <\/p>\n\n\n\n<h2 class=\"wp-block-heading\">LA PSYCHOLOGUE \u00c9DUCATION NATIONALE<\/h2>\n\n\n\n<p><\/p>\n","protected":false},"excerpt":{"rendered":"<p>L&rsquo;ASSISTANTE SOCIALE Une assistante sociale est pr\u00e9sente au sein de l&rsquo;\u00e9tablissement et re\u00e7oit les familles. Vous avez des difficult\u00e9s \u00e0 payer les frais de scolarit\u00e9 et de vie scolaire de votre enfant&nbsp;? Une aide financi\u00e8re appel\u00e9e le fonds social peut &hellip; <a href=\"https:\/\/site.ac-martinique.fr\/clg-julianicolas\/?page_id=1086\">Continuer la lecture <span class=\"meta-nav\">&rarr;<\/span><\/a><\/p>\n","protected":false},"author":339,"featured_media":0,"parent":0,"menu_order":0,"comment_status":"closed","ping_status":"closed","template":"","meta":{"footnotes":""},"class_list":["post-1086","page","type-page","status-publish","hentry"],"_links":{"self":[{"href":"https:\/\/site.ac-martinique.fr\/clg-julianicolas\/index.php?rest_route=\/wp\/v2\/pages\/1086","targetHints":{"allow":["GET"]}}],"collection":[{"href":"https:\/\/site.ac-martinique.fr\/clg-julianicolas\/index.php?rest_route=\/wp\/v2\/pages"}],"about":[{"href":"https:\/\/site.ac-martinique.fr\/clg-julianicolas\/index.php?rest_route=\/wp\/v2\/types\/page"}],"author":[{"embeddable":true,"href":"https:\/\/site.ac-martinique.fr\/clg-julianicolas\/index.php?rest_route=\/wp\/v2\/users\/339"}],"replies":[{"embeddable":true,"href":"https:\/\/site.ac-martinique.fr\/clg-julianicolas\/index.php?rest_route=%2Fwp%2Fv2%2Fcomments&post=1086"}],"version-history":[{"count":7,"href":"https:\/\/site.ac-martinique.fr\/clg-julianicolas\/index.php?rest_route=\/wp\/v2\/pages\/1086\/revisions"}],"predecessor-version":[{"id":1240,"href":"https:\/\/site.ac-martinique.fr\/clg-julianicolas\/index.php?rest_route=\/wp\/v2\/pages\/1086\/revisions\/1240"}],"wp:attachment":[{"href":"https:\/\/site.ac-martinique.fr\/clg-julianicolas\/index.php?rest_route=%2Fwp%2Fv2%2Fmedia&parent=1086"}],"curies":[{"name":"wp","href":"https:\/\/api.w.org\/{rel}","templated":true}]}}

Médico-social &#8211; Psy-EN

<h2 class="wp-block-heading">L&rsquo;ASSISTANTE SOCIALE </h2>



<p>Une assistante sociale est présente au sein de l&rsquo;établissement et reçoit les familles. </p>



<p>Vous avez des difficultés  à payer les frais de scolarité et de vie scolaire de votre enfant&nbsp;? Une aide financière appelée <strong>le fonds social </strong>peut vous être attribuée.</p>



<p>Cette aide permet également de régler les frais de demi-pension, uniforme, transport scolaires, fournitures scolaires, soins médicaux&#8230; ou toute autre dépense nécessaire à l&rsquo;élève. </p>



<p>Pour demander cette aide, il convient de se rapprocher de l&rsquo;établissement ou directement de l&rsquo;assistante sociale de l&rsquo;établissement afin de retirer un dossier de demande de fond social et transmettre les pièces demandées. L&rsquo;assistante sociale vous recevra afin d&rsquo;échanger sur les demandes et la situation. </p>



<p>L&rsquo;assistante social reçoit dans son bureau situé au 1er étage de l&rsquo;établissement: </p>



<p>&#8211;  sans rendez-vous le mardi et le vendredi matin de 08h à 12h.</p>



<p>&#8211; avec rendez-vous le mardi après-midi</p>



<p>N&rsquo;hésitez pas à appeler pour plus de renseignements : 05 96 71 31 20</p>



<p><strong>L’INFIRMIÈRE SCOLAIRE</strong></p>



<p>L&rsquo;établissement bénéficie de la présence d&rsquo;une infirmière scolaire. </p>



<p>Présente le mardi et le vendredi dans l&rsquo;établissement, elle accompagne les élèves au quotidien et assure un suivi sur les pathologies mais également les besoins particuliers. </p>



<h2 class="wp-block-heading">LA PSYCHOLOGUE ÉDUCATION NATIONALE</h2>



<p></p>

<p>L&rsquo;ASSISTANTE SOCIALE Une assistante sociale est présente au sein de l&rsquo;établissement et reçoit les familles. Vous avez des difficultés à payer les frais de scolarité et de vie scolaire de votre enfant&nbsp;? Une aide financière appelée le fonds social peut &hellip; <a href="https://site.ac-martinique.fr/clg-julianicolas/?page_id=1086">Continuer la lecture <span class="meta-nav">&rarr;</span></a></p>
