{"id":391,"date":"2023-04-21T08:19:42","date_gmt":"2023-04-21T12:19:42","guid":{"rendered":"https:\/\/site.ac-martinique.fr\/clg-julianicolas\/?page_id=391"},"modified":"2023-06-29T15:25:07","modified_gmt":"2023-06-29T19:25:07","slug":"projet","status":"publish","type":"page","link":"https:\/\/site.ac-martinique.fr\/clg-julianicolas\/?page_id=391","title":{"rendered":"La course contre la faim"},"content":{"rendered":"\n<p id=\"Course-contre-la-faim\"><a rel=\"noreferrer noopener\" href=\"https:\/\/www.actioncontrelafaim.org\/a-la-une\/transmettez-lenvie-dagir\/\" target=\"_blank\">La Course contre la Faim<\/a> s&rsquo;est d\u00e9roul\u00e9e le vendredi 12 mai 2023.<\/p>\n\n\n\n<div class=\"alignnormal\"><div id=\"metaslider-id-646\" style=\"max-width: 500px;\" class=\"ml-slider-3-108-0 metaslider metaslider-coin metaslider-646 ml-slider has-dots-nav ms-theme-default\" role=\"region\" aria-label=\"Course contre la faim - 12 mai 2023\" data-height=\"300\" data-width=\"500\">\n    <div id=\"metaslider_container_646\">\n        <div id='metaslider_646' class='coin-slider'>\n<a href=\"javascript:void(0)\" target=\"_self\"><img loading=\"lazy\" decoding=\"async\" src=\"https:\/\/site.ac-martinique.fr\/clg-julianicolas\/wp-content\/uploads\/sites\/119\/2023\/05\/WhatsApp-Image-2023-05-12-at-12.09.07-500x300.jpeg\" height=\"300\" width=\"500\" alt=\"\" class=\"slider-646 slide-659 msDefaultImage\" title=\"WhatsApp Image 2023-05-12 at 12.09.07\" style=\"display: none;\" \/><\/a>\n<a href=\"javascript:void(0)\" target=\"_self\"><img loading=\"lazy\" decoding=\"async\" src=\"https:\/\/site.ac-martinique.fr\/clg-julianicolas\/wp-content\/uploads\/sites\/119\/2023\/05\/WhatsApp-Image-2023-05-12-at-12.10.14-500x300.jpeg\" height=\"300\" width=\"500\" alt=\"\" class=\"slider-646 slide-658 msDefaultImage\" title=\"WhatsApp Image 2023-05-12 at 12.10.14\" style=\"display: none;\" \/><\/a>\n<a href=\"javascript:void(0)\" target=\"_self\"><img loading=\"lazy\" decoding=\"async\" src=\"https:\/\/site.ac-martinique.fr\/clg-julianicolas\/wp-content\/uploads\/sites\/119\/2023\/05\/WhatsApp-Image-2023-05-12-at-12.09.45-500x300.jpeg\" height=\"300\" width=\"500\" alt=\"\" class=\"slider-646 slide-662 msDefaultImage\" title=\"WhatsApp Image 2023-05-12 at 12.09.45\" style=\"display: none;\" \/><\/a>\n<a href=\"javascript:void(0)\" target=\"_self\"><img loading=\"lazy\" decoding=\"async\" src=\"https:\/\/site.ac-martinique.fr\/clg-julianicolas\/wp-content\/uploads\/sites\/119\/2023\/05\/WhatsApp-Image-2023-05-12-at-12.09.54-500x300.jpeg\" height=\"300\" width=\"500\" alt=\"\" class=\"slider-646 slide-663 msDefaultImage\" title=\"WhatsApp Image 2023-05-12 at 12.09.54\" style=\"display: none;\" \/><\/a>\n<a href=\"javascript:void(0)\" target=\"_self\"><img loading=\"lazy\" decoding=\"async\" src=\"https:\/\/site.ac-martinique.fr\/clg-julianicolas\/wp-content\/uploads\/sites\/119\/2023\/05\/WhatsApp-Image-2023-05-12-at-12.08.38-500x300.jpeg\" height=\"300\" width=\"500\" alt=\"\" class=\"slider-646 slide-661 msDefaultImage\" title=\"WhatsApp Image 2023-05-12 at 12.08.38\" style=\"display: none;\" \/><\/a>\n<a href=\"javascript:void(0)\" target=\"_self\"><img loading=\"lazy\" decoding=\"async\" src=\"https:\/\/site.ac-martinique.fr\/clg-julianicolas\/wp-content\/uploads\/sites\/119\/2023\/05\/WhatsApp-Image-2023-05-12-at-12.08.44-500x300.jpeg\" height=\"300\" width=\"500\" alt=\"\" class=\"slider-646 slide-660 msDefaultImage\" title=\"WhatsApp Image 2023-05-12 at 12.08.44\" style=\"display: none;\" \/><\/a>\n<a href=\"javascript:void(0)\" target=\"_self\"><img loading=\"lazy\" decoding=\"async\" src=\"https:\/\/site.ac-martinique.fr\/clg-julianicolas\/wp-content\/uploads\/sites\/119\/2023\/05\/WhatsApp-Image-2023-05-12-at-12.10.03-500x300.jpeg\" height=\"300\" width=\"500\" alt=\"\" class=\"slider-646 slide-657 msDefaultImage\" title=\"Course contre la Faim 01 2023-05-12 at 12.10.03\" style=\"display: none;\" \/><\/a>\n        <\/div>\n        \n    <\/div>\n<\/div><\/div>\n\n\n\n<p>Chaque ann\u00e9e, plus de 260 000 \u00e9l\u00e8ves de 1 300 \u00e9tablissements participent \u00e0 ce projet partout en France et \u00e0 l\u2019\u00e9tranger, et s\u2019engagent \u00e0 nos c\u00f4t\u00e9s pour lutter contre la faim dans le monde.<\/p>\n\n\n\n<p><strong>L\u2019objectif : se d\u00e9penser et se d\u00e9passer pour venir en aide aux personnes qui souffrent de la faim.&nbsp;<\/strong><\/p>\n\n\n\n<p>Apr\u00e8s une s\u00e9ance de sensibilisation sur les causes de la faim, les \u00e9l\u00e8ves ont pour mission de trouver des parrainages, et d\u2019engager un grand nombre de personnes dans ce projet sportif, dynamique et solidaire. Le jour J, chaque \u00e9l\u00e8ve fait de son mieux. Pratiquer la course ou la marche \u00e0 pied, cela n\u2019a pas d\u2019importance. Le but est de courir un maximum de kilom\u00e8tres pour soutenir nos projets. \u00a0<\/p>\n\n\n\n<p>Cette ann\u00e9e, les fonds r\u00e9colt\u00e9s par les \u00e9l\u00e8ves financeront nos projets et nous aideront \u00e0 faire reculer la faim, notamment au <a rel=\"noreferrer noopener\" href=\"https:\/\/www.actioncontrelafaim.org\/missions\/cameroun\/\" target=\"_blank\">Cameroun<\/a>.<\/p>\n\n\n\n<p>Si vous souhaitez parrainer l&rsquo;\u00e9v\u00e8nement et soutenir ainsi le Coll\u00e8ge JULIA NICOLAS, n&rsquo;h\u00e9sitez pas \u00e0 vous rapprocher de l&rsquo;\u00e9tablissement. <\/p>\n\n\n<div class=\"wp-block-image\">\n<figure class=\"aligncenter size-full\"><img loading=\"lazy\" decoding=\"async\" width=\"573\" height=\"252\" src=\"https:\/\/site.ac-martinique.fr\/clg-julianicolas\/wp-content\/uploads\/sites\/119\/2023\/04\/logo-course-contre-la-faim.ing_.png\" alt=\"\" class=\"wp-image-428\" srcset=\"https:\/\/site.ac-martinique.fr\/clg-julianicolas\/wp-content\/uploads\/sites\/119\/2023\/04\/logo-course-contre-la-faim.ing_.png 573w, https:\/\/site.ac-martinique.fr\/clg-julianicolas\/wp-content\/uploads\/sites\/119\/2023\/04\/logo-course-contre-la-faim.ing_-300x132.png 300w, https:\/\/site.ac-martinique.fr\/clg-julianicolas\/wp-content\/uploads\/sites\/119\/2023\/04\/logo-course-contre-la-faim.ing_-500x220.png 500w\" sizes=\"auto, (max-width: 573px) 100vw, 573px\" \/><\/figure>\n<\/div>","protected":false},"excerpt":{"rendered":"<p>La Course contre la Faim s&rsquo;est d\u00e9roul\u00e9e le vendredi 12 mai 2023. Chaque ann\u00e9e, plus de 260 000 \u00e9l\u00e8ves de 1 300 \u00e9tablissements participent \u00e0 ce projet partout en France et \u00e0 l\u2019\u00e9tranger, et s\u2019engagent \u00e0 nos c\u00f4t\u00e9s pour lutter &hellip; <a href=\"https:\/\/site.ac-martinique.fr\/clg-julianicolas\/?page_id=391\">Continuer la lecture <span class=\"meta-nav\">&rarr;<\/span><\/a><\/p>\n","protected":false},"author":339,"featured_media":0,"parent":0,"menu_order":0,"comment_status":"closed","ping_status":"closed","template":"","meta":{"footnotes":""},"class_list":["post-391","page","type-page","status-publish","hentry"],"_links":{"self":[{"href":"https:\/\/site.ac-martinique.fr\/clg-julianicolas\/index.php?rest_route=\/wp\/v2\/pages\/391","targetHints":{"allow":["GET"]}}],"collection":[{"href":"https:\/\/site.ac-martinique.fr\/clg-julianicolas\/index.php?rest_route=\/wp\/v2\/pages"}],"about":[{"href":"https:\/\/site.ac-martinique.fr\/clg-julianicolas\/index.php?rest_route=\/wp\/v2\/types\/page"}],"author":[{"embeddable":true,"href":"https:\/\/site.ac-martinique.fr\/clg-julianicolas\/index.php?rest_route=\/wp\/v2\/users\/339"}],"replies":[{"embeddable":true,"href":"https:\/\/site.ac-martinique.fr\/clg-julianicolas\/index.php?rest_route=%2Fwp%2Fv2%2Fcomments&post=391"}],"version-history":[{"count":11,"href":"https:\/\/site.ac-martinique.fr\/clg-julianicolas\/index.php?rest_route=\/wp\/v2\/pages\/391\/revisions"}],"predecessor-version":[{"id":879,"href":"https:\/\/site.ac-martinique.fr\/clg-julianicolas\/index.php?rest_route=\/wp\/v2\/pages\/391\/revisions\/879"}],"wp:attachment":[{"href":"https:\/\/site.ac-martinique.fr\/clg-julianicolas\/index.php?rest_route=%2Fwp%2Fv2%2Fmedia&parent=391"}],"curies":[{"name":"wp","href":"https:\/\/api.w.org\/{rel}","templated":true}]}}

<p id="Course-contre-la-faim"><a rel="noreferrer noopener" href="https://www.actioncontrelafaim.org/a-la-une/transmettez-lenvie-dagir/" target="_blank">La Course contre la Faim</a> s&rsquo;est déroulée le vendredi 12 mai 2023.</p>



<div class="alignnormal"><div id="metaslider-id-646" style="max-width: 500px;" class="ml-slider-3-108-0 metaslider metaslider-coin metaslider-646 ml-slider has-dots-nav ms-theme-default" role="region" aria-label="Course contre la faim - 12 mai 2023" data-height="300" data-width="500">
    <div id="metaslider_container_646">
        <div id='metaslider_646' class='coin-slider'>
<a href="javascript:void(0)" target="_self"><img loading="lazy" decoding="async" src="https://site.ac-martinique.fr/clg-julianicolas/wp-content/uploads/sites/119/2023/05/WhatsApp-Image-2023-05-12-at-12.09.07-500x300.jpeg" height="300" width="500" alt="" class="slider-646 slide-659 msDefaultImage" title="WhatsApp Image 2023-05-12 at 12.09.07" style="display: none;" /></a>
<a href="javascript:void(0)" target="_self"><img loading="lazy" decoding="async" src="https://site.ac-martinique.fr/clg-julianicolas/wp-content/uploads/sites/119/2023/05/WhatsApp-Image-2023-05-12-at-12.10.14-500x300.jpeg" height="300" width="500" alt="" class="slider-646 slide-658 msDefaultImage" title="WhatsApp Image 2023-05-12 at 12.10.14" style="display: none;" /></a>
<a href="javascript:void(0)" target="_self"><img loading="lazy" decoding="async" src="https://site.ac-martinique.fr/clg-julianicolas/wp-content/uploads/sites/119/2023/05/WhatsApp-Image-2023-05-12-at-12.09.45-500x300.jpeg" height="300" width="500" alt="" class="slider-646 slide-662 msDefaultImage" title="WhatsApp Image 2023-05-12 at 12.09.45" style="display: none;" /></a>
<a href="javascript:void(0)" target="_self"><img loading="lazy" decoding="async" src="https://site.ac-martinique.fr/clg-julianicolas/wp-content/uploads/sites/119/2023/05/WhatsApp-Image-2023-05-12-at-12.09.54-500x300.jpeg" height="300" width="500" alt="" class="slider-646 slide-663 msDefaultImage" title="WhatsApp Image 2023-05-12 at 12.09.54" style="display: none;" /></a>
<a href="javascript:void(0)" target="_self"><img loading="lazy" decoding="async" src="https://site.ac-martinique.fr/clg-julianicolas/wp-content/uploads/sites/119/2023/05/WhatsApp-Image-2023-05-12-at-12.08.38-500x300.jpeg" height="300" width="500" alt="" class="slider-646 slide-661 msDefaultImage" title="WhatsApp Image 2023-05-12 at 12.08.38" style="display: none;" /></a>
<a href="javascript:void(0)" target="_self"><img loading="lazy" decoding="async" src="https://site.ac-martinique.fr/clg-julianicolas/wp-content/uploads/sites/119/2023/05/WhatsApp-Image-2023-05-12-at-12.08.44-500x300.jpeg" height="300" width="500" alt="" class="slider-646 slide-660 msDefaultImage" title="WhatsApp Image 2023-05-12 at 12.08.44" style="display: none;" /></a>
<a href="javascript:void(0)" target="_self"><img loading="lazy" decoding="async" src="https://site.ac-martinique.fr/clg-julianicolas/wp-content/uploads/sites/119/2023/05/WhatsApp-Image-2023-05-12-at-12.10.03-500x300.jpeg" height="300" width="500" alt="" class="slider-646 slide-657 msDefaultImage" title="Course contre la Faim 01 2023-05-12 at 12.10.03" style="display: none;" /></a>
        </div>
        
    </div>
</div></div>



<p>Chaque année, plus de 260 000 élèves de 1 300 établissements participent à ce projet partout en France et à l’étranger, et s’engagent à nos côtés pour lutter contre la faim dans le monde.</p>



<p><strong>L’objectif : se dépenser et se dépasser pour venir en aide aux personnes qui souffrent de la faim.&nbsp;</strong></p>



<p>Après une séance de sensibilisation sur les causes de la faim, les élèves ont pour mission de trouver des parrainages, et d’engager un grand nombre de personnes dans ce projet sportif, dynamique et solidaire. Le jour J, chaque élève fait de son mieux. Pratiquer la course ou la marche à pied, cela n’a pas d’importance. Le but est de courir un maximum de kilomètres pour soutenir nos projets.  </p>



<p>Cette année, les fonds récoltés par les élèves financeront nos projets et nous aideront à faire reculer la faim, notamment au <a rel="noreferrer noopener" href="https://www.actioncontrelafaim.org/missions/cameroun/" target="_blank">Cameroun</a>.</p>



<p>Si vous souhaitez parrainer l&rsquo;évènement et soutenir ainsi le Collège JULIA NICOLAS, n&rsquo;hésitez pas à vous rapprocher de l&rsquo;établissement. </p>


<div class="wp-block-image">
<figure class="aligncenter size-full"><img loading="lazy" decoding="async" width="573" height="252" src="https://site.ac-martinique.fr/clg-julianicolas/wp-content/uploads/sites/119/2023/04/logo-course-contre-la-faim.ing_.png" alt="" class="wp-image-428" srcset="https://site.ac-martinique.fr/clg-julianicolas/wp-content/uploads/sites/119/2023/04/logo-course-contre-la-faim.ing_.png 573w, https://site.ac-martinique.fr/clg-julianicolas/wp-content/uploads/sites/119/2023/04/logo-course-contre-la-faim.ing_-300x132.png 300w, https://site.ac-martinique.fr/clg-julianicolas/wp-content/uploads/sites/119/2023/04/logo-course-contre-la-faim.ing_-500x220.png 500w" sizes="auto, (max-width: 573px) 100vw, 573px" /></figure>
</div>

<p>La Course contre la Faim s&rsquo;est déroulée le vendredi 12 mai 2023. Chaque année, plus de 260 000 élèves de 1 300 établissements participent à ce projet partout en France et à l’étranger, et s’engagent à nos côtés pour lutter &hellip; <a href="https://site.ac-martinique.fr/clg-julianicolas/?page_id=391">Continuer la lecture <span class="meta-nav">&rarr;</span></a></p>
