{"id":411,"date":"2023-04-21T09:01:27","date_gmt":"2023-04-21T13:01:27","guid":{"rendered":"https:\/\/site.ac-martinique.fr\/clg-julianicolas\/?page_id=411"},"modified":"2025-01-31T16:35:10","modified_gmt":"2025-01-31T20:35:10","slug":"infos-pratiques","status":"publish","type":"page","link":"https:\/\/site.ac-martinique.fr\/clg-julianicolas\/?page_id=411","title":{"rendered":"Les horaires de l&rsquo;\u00e9tablissement"},"content":{"rendered":"\n<ul class=\"wp-block-list\">\n<li><strong>7h15<\/strong>&nbsp;: 1<sup>\u00e8re<\/sup> sonnerie et accueil des \u00e9l\u00e8ves<\/li>\n\n\n\n<li><strong>7h25<\/strong>&nbsp;: prise en charge des \u00e9l\u00e8ves par les enseignants dans la cour<\/li>\n\n\n\n<li><strong>7h30<\/strong>&nbsp;: fermeture des portes et d\u00e9but de la 1<sup>\u00e8re<\/sup> heure de cours<\/li>\n\n\n\n<li><strong>8h25&nbsp;<\/strong>: fin de la 1<sup>\u00e8re<\/sup> heure de cours<\/li>\n\n\n\n<li><strong>8h30&nbsp;<\/strong>: d\u00e9but de la 2<sup>\u00e8me<\/sup> heure de cours<\/li>\n\n\n\n<li><strong>9h25<\/strong>&nbsp;: fin de la 2<sup>\u00e8me<\/sup> heure de cours et d\u00e9but de la r\u00e9cr\u00e9ation<\/li>\n\n\n\n<li><strong>9h40<\/strong>&nbsp;: fin de la r\u00e9cr\u00e9ation, prise en charge des \u00e9l\u00e8ves dans la cour<\/li>\n\n\n\n<li><strong>9h45<\/strong>&nbsp;: d\u00e9but de la 3<sup>\u00e8me<\/sup> heure de cours<\/li>\n\n\n\n<li><strong>10h40<\/strong>&nbsp;: fin de la 3<sup>\u00e8me<\/sup> heure de cours<\/li>\n\n\n\n<li><strong>10h45&nbsp;<\/strong>: d\u00e9but de la 4<sup>\u00e8me<\/sup> heure de cours<\/li>\n\n\n\n<li><strong>11h40<\/strong>&nbsp;: fin de la 4<sup>\u00e8me<\/sup> heure de cours<\/li>\n\n\n\n<li><strong>11h45&nbsp;<\/strong>: d\u00e9but de la 5<sup>\u00e8me<\/sup> heure de cours<\/li>\n\n\n\n<li><strong>12h40&nbsp;<\/strong>: fin de la 5<sup>\u00e8me<\/sup> heure de cours<\/li>\n<\/ul>\n\n\n\n<p><strong>Art.3-2<\/strong> : <strong>PAUSE M\u00c9RIDIENNE&nbsp;<\/strong>: \u00e0 partir de 11h40 jusqu\u2019\u00e0 13h15. Seuls les \u00e9l\u00e8ves demi-pensionnaires inscrits le jour \u00e0 la demi-pension &nbsp;sont pris en charge, le lundi, mardi et jeudi.<\/p>\n\n\n\n<ul class=\"wp-block-list\">\n<li><strong>11h40&nbsp;: <\/strong>d\u00e9but de l&rsquo;accueil et de l&rsquo;entr\u00e9e \u00e0 la demi-pension.<\/li>\n\n\n\n<li><strong>12h40&nbsp;: <\/strong>fin de l&rsquo;entr\u00e9e \u00e0 la demi-pension.<\/li>\n\n\n\n<li><strong>12H05 \u00e0 13h05&nbsp;: <\/strong>temps d\u2019activit\u00e9s p\u00e9riscolaires<\/li>\n<\/ul>\n\n\n\n<p><strong>Art.3-3 :<\/strong> <strong>APR\u00c8S-MIDI&nbsp;: du lundi au vendredi de 13h15 \u00e0 16h30 (sauf mercredi)<\/strong><\/p>\n\n\n\n<ul class=\"wp-block-list\">\n<li><strong>13h15 : <\/strong>1\u00e8re sonnerie, accueil des \u00e9l\u00e8ves externes<\/li>\n\n\n\n<li><strong>13h25 :<\/strong> 2\u00e8me sonnerie, et prise en charge des \u00e9l\u00e8ves par les enseignants. Ils montent dans la salle de cours. Pas de sonnerie pour le d\u00e9but des cours.<\/li>\n\n\n\n<li><strong>13h30 : Fermeture des portes du coll\u00e8ge et d\u00e9but de la 1<sup>\u00e8re<\/sup> heure de cours.<\/strong> Tout \u00e9l\u00e8ve se pr\u00e9sentant apr\u00e8s la fermeture sera consid\u00e9r\u00e9 comme absent \u00e0 l&rsquo;heure qui vient de d\u00e9buter.<\/li>\n\n\n\n<li><strong>14h25 :<\/strong> fin de la 1<sup>\u00e8re<\/sup> &nbsp;heure de cours.<\/li>\n\n\n\n<li><strong>14h30&nbsp;:<\/strong> d\u00e9but de la 2<sup>\u00e8me<\/sup> heure de cours<\/li>\n\n\n\n<li><strong>15h25 :<\/strong> fin de la 2<sup>\u00e8me<\/sup> &nbsp;heure de cours.<\/li>\n\n\n\n<li><strong>15h30&nbsp;:<\/strong> d\u00e9but de la 3<sup>\u00e8me<\/sup> heure de cours<\/li>\n\n\n\n<li><strong>16h25 : <\/strong>fin de la 3<sup>\u00e8me<\/sup> heure de cours et sortie des \u00e9l\u00e8ves<\/li>\n<\/ul>\n","protected":false},"excerpt":{"rendered":"<p>Art.3-2 : PAUSE M\u00c9RIDIENNE&nbsp;: \u00e0 partir de 11h40 jusqu\u2019\u00e0 13h15. Seuls les \u00e9l\u00e8ves demi-pensionnaires inscrits le jour \u00e0 la demi-pension &nbsp;sont pris en charge, le lundi, mardi et jeudi. Art.3-3 : APR\u00c8S-MIDI&nbsp;: du lundi au vendredi de 13h15 \u00e0 16h30 &hellip; <a href=\"https:\/\/site.ac-martinique.fr\/clg-julianicolas\/?page_id=411\">Continuer la lecture <span class=\"meta-nav\">&rarr;<\/span><\/a><\/p>\n","protected":false},"author":339,"featured_media":0,"parent":0,"menu_order":0,"comment_status":"closed","ping_status":"closed","template":"","meta":{"footnotes":""},"class_list":["post-411","page","type-page","status-publish","hentry"],"_links":{"self":[{"href":"https:\/\/site.ac-martinique.fr\/clg-julianicolas\/index.php?rest_route=\/wp\/v2\/pages\/411","targetHints":{"allow":["GET"]}}],"collection":[{"href":"https:\/\/site.ac-martinique.fr\/clg-julianicolas\/index.php?rest_route=\/wp\/v2\/pages"}],"about":[{"href":"https:\/\/site.ac-martinique.fr\/clg-julianicolas\/index.php?rest_route=\/wp\/v2\/types\/page"}],"author":[{"embeddable":true,"href":"https:\/\/site.ac-martinique.fr\/clg-julianicolas\/index.php?rest_route=\/wp\/v2\/users\/339"}],"replies":[{"embeddable":true,"href":"https:\/\/site.ac-martinique.fr\/clg-julianicolas\/index.php?rest_route=%2Fwp%2Fv2%2Fcomments&post=411"}],"version-history":[{"count":14,"href":"https:\/\/site.ac-martinique.fr\/clg-julianicolas\/index.php?rest_route=\/wp\/v2\/pages\/411\/revisions"}],"predecessor-version":[{"id":2110,"href":"https:\/\/site.ac-martinique.fr\/clg-julianicolas\/index.php?rest_route=\/wp\/v2\/pages\/411\/revisions\/2110"}],"wp:attachment":[{"href":"https:\/\/site.ac-martinique.fr\/clg-julianicolas\/index.php?rest_route=%2Fwp%2Fv2%2Fmedia&parent=411"}],"curies":[{"name":"wp","href":"https:\/\/api.w.org\/{rel}","templated":true}]}}

Les horaires de l&rsquo;établissement

<ul class="wp-block-list">
<li><strong>7h15</strong>&nbsp;: 1<sup>ère</sup> sonnerie et accueil des élèves</li>



<li><strong>7h25</strong>&nbsp;: prise en charge des élèves par les enseignants dans la cour</li>



<li><strong>7h30</strong>&nbsp;: fermeture des portes et début de la 1<sup>ère</sup> heure de cours</li>



<li><strong>8h25&nbsp;</strong>: fin de la 1<sup>ère</sup> heure de cours</li>



<li><strong>8h30&nbsp;</strong>: début de la 2<sup>ème</sup> heure de cours</li>



<li><strong>9h25</strong>&nbsp;: fin de la 2<sup>ème</sup> heure de cours et début de la récréation</li>



<li><strong>9h40</strong>&nbsp;: fin de la récréation, prise en charge des élèves dans la cour</li>



<li><strong>9h45</strong>&nbsp;: début de la 3<sup>ème</sup> heure de cours</li>



<li><strong>10h40</strong>&nbsp;: fin de la 3<sup>ème</sup> heure de cours</li>



<li><strong>10h45&nbsp;</strong>: début de la 4<sup>ème</sup> heure de cours</li>



<li><strong>11h40</strong>&nbsp;: fin de la 4<sup>ème</sup> heure de cours</li>



<li><strong>11h45&nbsp;</strong>: début de la 5<sup>ème</sup> heure de cours</li>



<li><strong>12h40&nbsp;</strong>: fin de la 5<sup>ème</sup> heure de cours</li>
</ul>



<p><strong>Art.3-2</strong> : <strong>PAUSE MÉRIDIENNE&nbsp;</strong>: à partir de 11h40 jusqu’à 13h15. Seuls les élèves demi-pensionnaires inscrits le jour à la demi-pension &nbsp;sont pris en charge, le lundi, mardi et jeudi.</p>



<ul class="wp-block-list">
<li><strong>11h40&nbsp;: </strong>début de l&rsquo;accueil et de l&rsquo;entrée à la demi-pension.</li>



<li><strong>12h40&nbsp;: </strong>fin de l&rsquo;entrée à la demi-pension.</li>



<li><strong>12H05 à 13h05&nbsp;: </strong>temps d’activités périscolaires</li>
</ul>



<p><strong>Art.3-3 :</strong> <strong>APRÈS-MIDI&nbsp;: du lundi au vendredi de 13h15 à 16h30 (sauf mercredi)</strong></p>



<ul class="wp-block-list">
<li><strong>13h15 : </strong>1ère sonnerie, accueil des élèves externes</li>



<li><strong>13h25 :</strong> 2ème sonnerie, et prise en charge des élèves par les enseignants. Ils montent dans la salle de cours. Pas de sonnerie pour le début des cours.</li>



<li><strong>13h30 : Fermeture des portes du collège et début de la 1<sup>ère</sup> heure de cours.</strong> Tout élève se présentant après la fermeture sera considéré comme absent à l&rsquo;heure qui vient de débuter.</li>



<li><strong>14h25 :</strong> fin de la 1<sup>ère</sup> &nbsp;heure de cours.</li>



<li><strong>14h30&nbsp;:</strong> début de la 2<sup>ème</sup> heure de cours</li>



<li><strong>15h25 :</strong> fin de la 2<sup>ème</sup> &nbsp;heure de cours.</li>



<li><strong>15h30&nbsp;:</strong> début de la 3<sup>ème</sup> heure de cours</li>



<li><strong>16h25 : </strong>fin de la 3<sup>ème</sup> heure de cours et sortie des élèves</li>
</ul>

<p>Art.3-2 : PAUSE MÉRIDIENNE&nbsp;: à partir de 11h40 jusqu’à 13h15. Seuls les élèves demi-pensionnaires inscrits le jour à la demi-pension &nbsp;sont pris en charge, le lundi, mardi et jeudi. Art.3-3 : APRÈS-MIDI&nbsp;: du lundi au vendredi de 13h15 à 16h30 &hellip; <a href="https://site.ac-martinique.fr/clg-julianicolas/?page_id=411">Continuer la lecture <span class="meta-nav">&rarr;</span></a></p>
