{"id":581,"date":"2023-05-15T13:12:10","date_gmt":"2023-05-15T17:12:10","guid":{"rendered":"https:\/\/site.ac-martinique.fr\/clg-julianicolas\/?page_id=581"},"modified":"2025-11-28T11:35:11","modified_gmt":"2025-11-28T15:35:11","slug":"mathematiques","status":"publish","type":"page","link":"https:\/\/site.ac-martinique.fr\/clg-julianicolas\/?page_id=581","title":{"rendered":"MATH\u00c9MATIQUES"},"content":{"rendered":"\n<blockquote class=\"wp-block-quote is-layout-flow wp-block-quote-is-layout-flow\">\n<p><mark style=\"background-color:rgba(0, 0, 0, 0)\" class=\"has-inline-color has-blue-color\">Faire des math\u00e9matiques votre alli\u00e9 pour la vie&#8230;<\/mark><\/p>\n<\/blockquote>\n\n\n\n<hr class=\"wp-block-separator aligncenter has-alpha-channel-opacity is-style-wide\"\/>\n\n\n\n<div class=\"wp-block-media-text alignwide is-stacked-on-mobile\"><figure class=\"wp-block-media-text__media\"><a href=\"https:\/\/site.ac-martinique.fr\/clg-julianicolas\/?attachment_id=584\"><img loading=\"lazy\" decoding=\"async\" width=\"725\" height=\"1024\" src=\"https:\/\/site.ac-martinique.fr\/clg-julianicolas\/wp-content\/uploads\/sites\/119\/2023\/05\/affiche-725x1024.jpg\" alt=\"\" class=\"wp-image-584 size-full\" srcset=\"https:\/\/site.ac-martinique.fr\/clg-julianicolas\/wp-content\/uploads\/sites\/119\/2023\/05\/affiche-725x1024.jpg 725w, https:\/\/site.ac-martinique.fr\/clg-julianicolas\/wp-content\/uploads\/sites\/119\/2023\/05\/affiche-212x300.jpg 212w, https:\/\/site.ac-martinique.fr\/clg-julianicolas\/wp-content\/uploads\/sites\/119\/2023\/05\/affiche-768x1085.jpg 768w, https:\/\/site.ac-martinique.fr\/clg-julianicolas\/wp-content\/uploads\/sites\/119\/2023\/05\/affiche.jpg 816w\" sizes=\"auto, (max-width: 725px) 100vw, 725px\" \/><\/a><\/figure><div class=\"wp-block-media-text__content\">\n<p>Pour toutes ces raisons, vous devez faire des math\u00e9matiques votre alli\u00e9 pour la vie.<\/p>\n\n\n\n<p>Vous trouverez ainsi des outils pour s\u2019entrainer, pour r\u00e9ussir, pour r\u00e9viser mais aussi pour jouer, pour d\u00e9couvrir\u2026 surtout pour les curieux&nbsp;!<\/p>\n\n\n\n<p><a href=\"https:\/\/sorciersdesalem.math.cnrs.fr\/SaufA\/LesMathsCaSertARien.html\">https:\/\/sorciersdesalem.math.cnrs.fr\/SaufA\/LesMathsCaSertARien.html<\/a><\/p>\n<\/div><\/div>\n\n\n\n<p><\/p>\n\n\n\n<div class=\"wp-block-group\"><div class=\"wp-block-group__inner-container is-layout-constrained wp-block-group-is-layout-constrained\">\n<div class=\"wp-block-group\"><div class=\"wp-block-group__inner-container is-layout-constrained wp-block-group-is-layout-constrained\">\n<ul class=\"wp-block-list\">\n<li><strong>Automatismes&nbsp;:<\/strong><\/li>\n<\/ul>\n\n\n\n<div class=\"wp-block-group is-vertical is-layout-flex wp-container-core-group-is-layout-68afab4e wp-block-group-is-layout-flex\">\n<p>Une des comp\u00e9tences maths est \u00ab&nbsp;Calculer&nbsp;\u00bb, entra\u00eenez-vous&nbsp;!<\/p>\n\n\n\n<p><a href=\"https:\/\/mathsmentales.net\/\" target=\"_blank\" rel=\"noreferrer noopener\">Maths mentales&nbsp;<\/a><\/p>\n\n\n\n<p>Mais aussi dans les autres domaines&nbsp;: <a href=\"https:\/\/coopmaths.fr\/alea\/\" target=\"_blank\" rel=\"noreferrer noopener\">MathALEA par CoopMaths<\/a><\/p>\n<\/div>\n<\/div><\/div>\n<\/div><\/div>\n\n\n\n<ul class=\"wp-block-list\">\n<li><strong>Savoir-faire et Connaissances :<\/strong><\/li>\n<\/ul>\n\n\n\n<div class=\"wp-block-group is-vertical is-layout-flex wp-container-core-group-is-layout-8cf370e7 wp-block-group-is-layout-flex\">\n<p>Voici des guides de survie propos\u00e9s par <a href=\"https:\/\/www.maths974.fr\/\" target=\"_blank\" rel=\"noreferrer noopener\">https:\/\/www.maths974.fr\/<\/a> pour maitriser les connaissances et les savoirs-faires<\/p>\n\n\n\n<p>Les <a href=\"http:\/\/ekladata.com\/iSTqJaZ2T5LtadfBFrN7Y8KtTsA\/Cartes-mentales-3e.pdf\" target=\"_blank\" rel=\"noreferrer noopener\">Cartes mentales 3<\/a><a href=\"http:\/\/ekladata.com\/iSTqJaZ2T5LtadfBFrN7Y8KtTsA\/Cartes-mentales-3e.pdf\"><sup>\u00e8me<\/sup><\/a> sont un outil efficace pour r\u00e9viser<\/p>\n<\/div>\n\n\n\n<ul class=\"wp-block-list\">\n<li><strong>DNB :<\/strong><\/li>\n<\/ul>\n\n\n\n<div class=\"wp-block-group is-vertical is-layout-flex wp-container-core-group-is-layout-8cf370e7 wp-block-group-is-layout-flex\">\n<p>Les \u00e9l\u00e8ves de 3<sup>\u00e8me<\/sup> ont \u00e0 la fin de l\u2019ann\u00e9e \u00e0 passer leur 1<sup>er<\/sup> examen national. En Martinique, le sujet donn\u00e9 est national.<\/p>\n\n\n\n<p>Sur le site <a href=\"https:\/\/www.apmep.fr\/Annales-du-Brevet-des-colleges\" target=\"_blank\" rel=\"noreferrer noopener\">APMEP<\/a>, vous trouverez tous les sujets des ann\u00e9es pr\u00e9c\u00e9dentes et leur corrig\u00e9.<\/p>\n\n\n\n<figure class=\"wp-block-table\"><table class=\"has-fixed-layout\"><tbody><tr><td>Ann\u00e9es<\/td><td>Sujets<\/td><td>Corrig\u00e9s<\/td><\/tr><tr><td>2025<\/td><td><a href=\"https:\/\/ladigitale.dev\/digiflip\/#\/f\/67e44b6d2229e?p=6\" data-type=\"link\" data-id=\"https:\/\/ladigitale.dev\/digiflip\/#\/f\/67e44b6d2229e?p=6\">DNB blanc Mars 2025<\/a><br><a href=\"https:\/\/ladigitale.dev\/digiflip\/#\/f\/6839fcca4ff3b\">DNB blanc Mai 2025<\/a><br><br><a href=\"https:\/\/ladigitale.dev\/digiflip\/#\/f\/6839fedf1b037\">DNB pro blanc Mars 2025<\/a><br><a href=\"https:\/\/ladigitale.dev\/digiflip\/#\/f\/6839fdead716d\">DNB pro blanc Mai 2025<\/a><br><br><\/td><td><a href=\"https:\/\/ladigitale.dev\/digiflip\/#\/f\/67e44bbc2ac47?p=3\">DNB blanc Mars 2025 corrig\u00e9<\/a><br><a href=\"https:\/\/ladigitale.dev\/digiflip\/#\/f\/6839fd4f9d967\">DNB blanc Mai 2025 corrig\u00e9<\/a><\/td><\/tr><tr><td>2024<\/td><td><a href=\"https:\/\/ladigitale.dev\/digiflip\/#\/f\/67e44ce2cc674\" data-type=\"link\" data-id=\"https:\/\/ladigitale.dev\/digiflip\/#\/f\/67e44ce2cc674\">DNB blanc janvier 2024<\/a><br><br><a href=\"https:\/\/ladigitale.dev\/digiflip\/#\/f\/67e44d39845d6\" data-type=\"link\" data-id=\"https:\/\/ladigitale.dev\/digiflip\/#\/f\/67e44d39845d6\">DNB blanc mai 2024<\/a><\/td><td><a href=\"https:\/\/ladigitale.dev\/digiflip\/#\/f\/67e44da4585cd\" data-type=\"link\" data-id=\"https:\/\/ladigitale.dev\/digiflip\/#\/f\/67e44da4585cd\">DNB blanc janvier 2024 corrig\u00e9<\/a><br><a href=\"https:\/\/ladigitale.dev\/digiflip\/#\/f\/67e44ddb2aeb7\" data-type=\"link\" data-id=\"https:\/\/ladigitale.dev\/digiflip\/#\/f\/67e44ddb2aeb7\">DNB blanc mai 2024 corrig\u00e9<\/a><\/td><\/tr><\/tbody><\/table><\/figure>\n<\/div>\n\n\n\n<ul class=\"wp-block-list\">\n<li><strong>La course aux nombres :<\/strong><\/li>\n<\/ul>\n\n\n\n<div class=\"wp-block-group is-vertical is-layout-flex wp-container-core-group-is-layout-8cf370e7 wp-block-group-is-layout-flex\">\n<p>Il s&rsquo;agit d&rsquo;un concours d&rsquo;activit\u00e9s mentales portant sur des th\u00e8mes math\u00e9matiques vari\u00e9s. Cette action vise \u00e0 promouvoir des pratiques p\u00e9dagogiques et didactiques qui installent les fondamentaux et d\u00e9veloppent des automatismes.<\/p>\n\n\n\n<p>Tous les \u00e9l\u00e8ves du coll\u00e8ge Julia Nicolas participent \u00e0 ce concours.<\/p>\n\n\n\n<p>Voici un lien pour vous entrainer&nbsp;<a href=\"https:\/\/www.mathgm.fr\/index.php\/course-aux-nombres\/can-pdf\" target=\"_blank\" rel=\"noreferrer noopener\">: La course aux Nombres<\/a><\/p>\n<\/div>\n\n\n\n<ul class=\"wp-block-list\">\n<li><strong>Programmation :<\/strong><\/li>\n<\/ul>\n\n\n\n<div class=\"wp-block-group is-vertical is-layout-flex wp-container-core-group-is-layout-8cf370e7 wp-block-group-is-layout-flex\">\n<p>Voici des <a href=\"https:\/\/juliettehernando.com\/scratch.php\" target=\"_blank\" rel=\"noreferrer noopener\">genially<\/a> par niveaux de Juliette Hernando qui vont vous permettre de d\u00e9couvrir et de vous am\u00e9liorer en programmation sur SCRATCH.<\/p>\n\n\n\n<p>Si vous souhaitez poursuivre votre formation en codage, vous pouvez vous inscrire \u00e0 l\u2019atelier Codage et Robotique du coll\u00e8ge.<\/p>\n<\/div>\n\n\n\n<ul class=\"wp-block-list\">\n<li><strong>Activit\u00e9s ludiques du moment<\/strong><\/li>\n<\/ul>\n\n\n\n<p>****Calendrier de l&rsquo;avent Math\u00e9matiques****<\/p>\n\n\n\n<figure class=\"wp-block-image size-large\"><img loading=\"lazy\" decoding=\"async\" width=\"1024\" height=\"520\" src=\"https:\/\/site.ac-martinique.fr\/clg-julianicolas\/wp-content\/uploads\/sites\/119\/2025\/11\/image-1024x520.png\" alt=\"\" class=\"wp-image-2496\" srcset=\"https:\/\/site.ac-martinique.fr\/clg-julianicolas\/wp-content\/uploads\/sites\/119\/2025\/11\/image-1024x520.png 1024w, https:\/\/site.ac-martinique.fr\/clg-julianicolas\/wp-content\/uploads\/sites\/119\/2025\/11\/image-300x152.png 300w, https:\/\/site.ac-martinique.fr\/clg-julianicolas\/wp-content\/uploads\/sites\/119\/2025\/11\/image-768x390.png 768w, https:\/\/site.ac-martinique.fr\/clg-julianicolas\/wp-content\/uploads\/sites\/119\/2025\/11\/image-500x254.png 500w, https:\/\/site.ac-martinique.fr\/clg-julianicolas\/wp-content\/uploads\/sites\/119\/2025\/11\/image.png 1181w\" sizes=\"auto, (max-width: 1024px) 100vw, 1024px\" \/><\/figure>\n\n\n\n<p><a href=\"https:\/\/view.genially.com\/692746a0e1549602ec7033b9\/interactive-content-17\">https:\/\/view.genially.com\/692746a0e1549602ec7033b9\/interactive-content-17<\/a><\/p>\n\n\n\n<p>Pour participer \u00e0 ce calendier de l&rsquo;avent sp\u00e9cial Math\u00e9matiques, vous devez r\u00e9cuperer les bulletins r\u00e9ponses aupr\u00e8s de votre professeur de math\u00e9matiques.<\/p>\n\n\n\n<p>Le bulletin est \u00e0 remettre <strong>jusqu&rsquo;au vendredi 19 d\u00e9cembre 2025 (inclus).<\/strong><\/p>\n\n\n\n<p>JOYEUX NOEL !!!<\/p>\n","protected":false},"excerpt":{"rendered":"<p>Faire des math\u00e9matiques votre alli\u00e9 pour la vie&#8230; Pour toutes ces raisons, vous devez faire des math\u00e9matiques votre alli\u00e9 pour la vie. Vous trouverez ainsi des outils pour s\u2019entrainer, pour r\u00e9ussir, pour r\u00e9viser mais aussi pour jouer, pour d\u00e9couvrir\u2026 surtout &hellip; <a href=\"https:\/\/site.ac-martinique.fr\/clg-julianicolas\/?page_id=581\">Continuer la lecture <span class=\"meta-nav\">&rarr;<\/span><\/a><\/p>\n","protected":false},"author":423,"featured_media":0,"parent":0,"menu_order":0,"comment_status":"closed","ping_status":"closed","template":"","meta":{"footnotes":""},"class_list":["post-581","page","type-page","status-publish","hentry"],"_links":{"self":[{"href":"https:\/\/site.ac-martinique.fr\/clg-julianicolas\/index.php?rest_route=\/wp\/v2\/pages\/581","targetHints":{"allow":["GET"]}}],"collection":[{"href":"https:\/\/site.ac-martinique.fr\/clg-julianicolas\/index.php?rest_route=\/wp\/v2\/pages"}],"about":[{"href":"https:\/\/site.ac-martinique.fr\/clg-julianicolas\/index.php?rest_route=\/wp\/v2\/types\/page"}],"author":[{"embeddable":true,"href":"https:\/\/site.ac-martinique.fr\/clg-julianicolas\/index.php?rest_route=\/wp\/v2\/users\/423"}],"replies":[{"embeddable":true,"href":"https:\/\/site.ac-martinique.fr\/clg-julianicolas\/index.php?rest_route=%2Fwp%2Fv2%2Fcomments&post=581"}],"version-history":[{"count":19,"href":"https:\/\/site.ac-martinique.fr\/clg-julianicolas\/index.php?rest_route=\/wp\/v2\/pages\/581\/revisions"}],"predecessor-version":[{"id":2497,"href":"https:\/\/site.ac-martinique.fr\/clg-julianicolas\/index.php?rest_route=\/wp\/v2\/pages\/581\/revisions\/2497"}],"wp:attachment":[{"href":"https:\/\/site.ac-martinique.fr\/clg-julianicolas\/index.php?rest_route=%2Fwp%2Fv2%2Fmedia&parent=581"}],"curies":[{"name":"wp","href":"https:\/\/api.w.org\/{rel}","templated":true}]}}