{"id":962,"date":"2023-09-17T18:21:19","date_gmt":"2023-09-17T22:21:19","guid":{"rendered":"https:\/\/site.ac-martinique.fr\/clg-julianicolas\/?page_id=962"},"modified":"2023-09-17T18:26:02","modified_gmt":"2023-09-17T22:26:02","slug":"unss-union-nationale-du-sport-scolaire","status":"publish","type":"page","link":"https:\/\/site.ac-martinique.fr\/clg-julianicolas\/?page_id=962","title":{"rendered":"UNSS"},"content":{"rendered":"\n<p>Union Nationale du Sport Scolaire<\/p>\n\n\n<div class=\"wp-block-image\">\n<figure class=\"aligncenter size-full is-resized\"><img loading=\"lazy\" decoding=\"async\" src=\"https:\/\/site.ac-martinique.fr\/clg-julianicolas\/wp-content\/uploads\/sites\/119\/2023\/09\/WhatsApp-Image-2023-09-15-at-09.20.311.jpeg\" alt=\"\" class=\"wp-image-963\" style=\"width:297px;height:379px\" width=\"297\" height=\"379\" srcset=\"https:\/\/site.ac-martinique.fr\/clg-julianicolas\/wp-content\/uploads\/sites\/119\/2023\/09\/WhatsApp-Image-2023-09-15-at-09.20.311.jpeg 360w, https:\/\/site.ac-martinique.fr\/clg-julianicolas\/wp-content\/uploads\/sites\/119\/2023\/09\/WhatsApp-Image-2023-09-15-at-09.20.311-235x300.jpeg 235w\" sizes=\"auto, (max-width: 297px) 100vw, 297px\" \/><\/figure>\n<\/div>\n\n\n<p>Encadr\u00e9e et anim\u00e9e par les professeurs d&rsquo;EPS, l&rsquo;Association Sportive est ouverte \u00e0 tous les \u00e9l\u00e8ves du coll\u00e8ge quel que soit leur niveau et leur \u00e2ge. <br>La licence UNSS est r\u00e9gl\u00e9e une seule et unique fois (20 euros) pour toute l&rsquo;ann\u00e9e scolaire. La licence est obligatoire et tient lieu d&rsquo;assurance pour les comp\u00e9titions. Elle ouvre droit \u00e0 toutes les activit\u00e9s propos\u00e9es (le mercredi apr\u00e8s-midi, les \u00e9l\u00e8ves doivent se rendre eux-m\u00eames au lieu indiqu\u00e9).<\/p>\n","protected":false},"excerpt":{"rendered":"<p>Union Nationale du Sport Scolaire Encadr\u00e9e et anim\u00e9e par les professeurs d&rsquo;EPS, l&rsquo;Association Sportive est ouverte \u00e0 tous les \u00e9l\u00e8ves du coll\u00e8ge quel que soit leur niveau et leur \u00e2ge. La licence UNSS est r\u00e9gl\u00e9e une seule et unique fois &hellip; <a href=\"https:\/\/site.ac-martinique.fr\/clg-julianicolas\/?page_id=962\">Continuer la lecture <span class=\"meta-nav\">&rarr;<\/span><\/a><\/p>\n","protected":false},"author":423,"featured_media":0,"parent":0,"menu_order":0,"comment_status":"closed","ping_status":"closed","template":"","meta":{"footnotes":""},"class_list":["post-962","page","type-page","status-publish","hentry"],"_links":{"self":[{"href":"https:\/\/site.ac-martinique.fr\/clg-julianicolas\/index.php?rest_route=\/wp\/v2\/pages\/962","targetHints":{"allow":["GET"]}}],"collection":[{"href":"https:\/\/site.ac-martinique.fr\/clg-julianicolas\/index.php?rest_route=\/wp\/v2\/pages"}],"about":[{"href":"https:\/\/site.ac-martinique.fr\/clg-julianicolas\/index.php?rest_route=\/wp\/v2\/types\/page"}],"author":[{"embeddable":true,"href":"https:\/\/site.ac-martinique.fr\/clg-julianicolas\/index.php?rest_route=\/wp\/v2\/users\/423"}],"replies":[{"embeddable":true,"href":"https:\/\/site.ac-martinique.fr\/clg-julianicolas\/index.php?rest_route=%2Fwp%2Fv2%2Fcomments&post=962"}],"version-history":[{"count":2,"href":"https:\/\/site.ac-martinique.fr\/clg-julianicolas\/index.php?rest_route=\/wp\/v2\/pages\/962\/revisions"}],"predecessor-version":[{"id":968,"href":"https:\/\/site.ac-martinique.fr\/clg-julianicolas\/index.php?rest_route=\/wp\/v2\/pages\/962\/revisions\/968"}],"wp:attachment":[{"href":"https:\/\/site.ac-martinique.fr\/clg-julianicolas\/index.php?rest_route=%2Fwp%2Fv2%2Fmedia&parent=962"}],"curies":[{"name":"wp","href":"https:\/\/api.w.org\/{rel}","templated":true}]}}