{"id":2252,"date":"2021-04-21T08:13:44","date_gmt":"2021-04-21T12:13:44","guid":{"rendered":"https:\/\/site.ac-martinique.fr\/clg-louisdelgres\/?page_id=2252"},"modified":"2021-04-21T10:08:50","modified_gmt":"2021-04-21T14:08:50","slug":"covid-19","status":"publish","type":"page","link":"https:\/\/site.ac-martinique.fr\/clg-louisdelgres\/?page_id=2252","title":{"rendered":"#COVID-19"},"content":{"rendered":"\n<figure class=\"wp-block-image size-large is-resized\"><a href=\"#\"><img loading=\"lazy\" decoding=\"async\" src=\"https:\/\/site.ac-martinique.fr\/clg-louisdelgres\/wp-content\/uploads\/sites\/60\/2021\/04\/Information-coronavirus-1024x437.png\" alt=\"\" class=\"wp-image-2254\" width=\"840\" height=\"358\" srcset=\"https:\/\/site.ac-martinique.fr\/clg-louisdelgres\/wp-content\/uploads\/sites\/60\/2021\/04\/Information-coronavirus-1024x437.png 1024w, https:\/\/site.ac-martinique.fr\/clg-louisdelgres\/wp-content\/uploads\/sites\/60\/2021\/04\/Information-coronavirus-300x128.png 300w, https:\/\/site.ac-martinique.fr\/clg-louisdelgres\/wp-content\/uploads\/sites\/60\/2021\/04\/Information-coronavirus-768x328.png 768w, https:\/\/site.ac-martinique.fr\/clg-louisdelgres\/wp-content\/uploads\/sites\/60\/2021\/04\/Information-coronavirus-1536x656.png 1536w, https:\/\/site.ac-martinique.fr\/clg-louisdelgres\/wp-content\/uploads\/sites\/60\/2021\/04\/Information-coronavirus-820x350.png 820w, https:\/\/site.ac-martinique.fr\/clg-louisdelgres\/wp-content\/uploads\/sites\/60\/2021\/04\/Information-coronavirus-150x64.png 150w, https:\/\/site.ac-martinique.fr\/clg-louisdelgres\/wp-content\/uploads\/sites\/60\/2021\/04\/Information-coronavirus-878x375.png 878w, https:\/\/site.ac-martinique.fr\/clg-louisdelgres\/wp-content\/uploads\/sites\/60\/2021\/04\/Information-coronavirus.png 1920w\" sizes=\"auto, (max-width: 840px) 100vw, 840px\" \/><\/a><\/figure>\n\n\n\n<p><\/p>\n\n\n\n<p><\/p>\n\n\n\n<p class=\"has-text-align-center\" style=\"font-size:35px\"><u><strong>Vivre ensemble en prenant soin de soi et des autres<\/strong><\/u><\/p>\n\n\n\n<p style=\"font-size:19px\"><strong>Pour votre protection et celle des autres, il est essentiel de respecter les gestes barri\u00e8res<\/strong><\/p>\n\n\n\n<ul class=\"wp-block-list\"><li>Quels sont-ils?<ul><li>La distance physique<\/li><\/ul><ul><li>Le lavage des mains<\/li><\/ul><ul><li>Le port du masque<\/li><\/ul><\/li><\/ul>\n\n\n\n<p style=\"font-size:19px\"><strong>Quelles sont les pr\u00e9cautions \u00e0 prendre avant de conduire son enfant \u00e0 l\u2019\u00e9cole ?<\/strong><\/p>\n\n\n\n<p class=\"has-vivid-red-color has-text-color has-medium-font-size\"><strong>Les parents d\u2019\u00e9l\u00e8ves jouent un r\u00f4le essentiel<\/strong>. Il leur est demand\u00e9 de prendre les pr\u00e9cautions suivantes avant de conduire leurs enfants \u00e0 l\u2019\u00e9cole :<\/p>\n\n\n\n<ul class=\"wp-block-list\"><li>Surveiller l\u2019apparition de sympt\u00f4mes chez leurs enfants ;<\/li><li>En cas de sympt\u00f4mes \u00e9vocateurs<strong><sup>2<\/sup><\/strong>du Covid-19 ou de fi\u00e8vre (38\u00b0C ou plus), l\u2019enfant ne doit pas se rendre \u00e0 l\u2019\u00e9cole et les parents prennent avis aupr\u00e8s du m\u00e9decin traitant qui d\u00e9cide des mesures \u00e0 prendre ;<\/li><li>Ne pas conduire \u00e0 l\u2019\u00e9cole les \u00e9l\u00e8ves ayant \u00e9t\u00e9 test\u00e9s positivement au SARS-Cov2, ou dont un membre du foyer a \u00e9t\u00e9 test\u00e9 positivement, ou encore identifi\u00e9s comme contact \u00e0 risque avant le d\u00e9lai pr\u00e9vu par les autorit\u00e9s sanitaires ;<\/li><li>Informer le directeur d\u2019\u00e9cole ou le chef d\u2019\u00e9tablissement s\u2019ils ne conduisent pas leur(s) enfant(s) \u00e0 l\u2019\u00e9cole en pr\u00e9cisant la raison ;<\/li><li>Avoir une hygi\u00e8ne stricte des mains comprenant le lavage au d\u00e9part et au retour \u00e0 la maison.<\/li><\/ul>\n\n\n\n<p style=\"font-size:19px\"><strong>Il est essentiel que les parents informent imm\u00e9diatement l\u2019\u00e9cole ou l\u2019\u00e9tablissement scolaire si l\u2019\u00e9l\u00e8ve ou un autre membre du foyer est atteint de la Covid-19,<\/strong> en pr\u00e9cisant le cas \u00e9ch\u00e9ant si un variant a \u00e9t\u00e9 d\u00e9tect\u00e9, ou si l\u2019\u00e9l\u00e8ve a \u00e9t\u00e9 identifi\u00e9 contact \u00e0 risque. <\/p>\n\n\n\n<p style=\"font-size:19px\">Un d\u00e9faut d\u2019information rapide ne permettrait pas de rep\u00e9rer et interrompre les cha\u00eenes de transmission dans l\u2019espace scolaire.Dans l\u2019hypoth\u00e8se o\u00f9 un variant sud-africain ou br\u00e9silien serait d\u00e9tect\u00e9 dans le foyer de l\u2019\u00e9l\u00e8ve, il est \u00e9galement essentiel que les parents informent imm\u00e9diatement l\u2019\u00e9cole ou l\u2019\u00e9tablissement.<\/p>\n\n\n\n<p style=\"font-size:19px\"><strong><sup>2<\/sup><\/strong>Survenue brutale d\u2019un ou plusieurs des signes cliniques suivants : infection respiratoire aig\u00fce avec fi\u00e8vre ou sensation de fi\u00e8vre, fatigue inexpliqu\u00e9e, douleur musculaire inexpliqu\u00e9e, maux de t\u00eate inhabituels, diminution ou perte du go\u00fbt ou de l\u2019odorat, diarrh\u00e9e, alt\u00e9ration de l\u2019\u00e9tat g\u00e9n\u00e9ral.<\/p>\n\n\n\n<p style=\"font-size:19px\"> Une rhinite seule n\u2019est pas consid\u00e9r\u00e9e comme un sympt\u00f4me \u00e9vocateur de Covid-19.<\/p>\n\n\n\n<figure class=\"wp-block-gallery aligncenter columns-1 is-cropped is-style-tw-img-rounded wp-block-gallery-1 is-layout-flex wp-block-gallery-is-layout-flex\"><ul class=\"blocks-gallery-grid\"><li class=\"blocks-gallery-item\"><figure><a href=\"https:\/\/site.ac-martinique.fr\/clg-louisdelgres\/wp-content\/uploads\/sites\/60\/2021\/04\/chefs-d-tablissement-que-faire-si-un-coll-gien-ou-un-lyc-en-est-susceptible-d-avoir-la-covid-19-74333.jpg\"><img loading=\"lazy\" decoding=\"async\" width=\"612\" height=\"859\" src=\"https:\/\/site.ac-martinique.fr\/clg-louisdelgres\/wp-content\/uploads\/sites\/60\/2021\/04\/chefs-d-tablissement-que-faire-si-un-coll-gien-ou-un-lyc-en-est-susceptible-d-avoir-la-covid-19-74333.jpg\" alt=\"\" data-id=\"2253\" data-full-url=\"https:\/\/site.ac-martinique.fr\/clg-louisdelgres\/wp-content\/uploads\/sites\/60\/2021\/04\/chefs-d-tablissement-que-faire-si-un-coll-gien-ou-un-lyc-en-est-susceptible-d-avoir-la-covid-19-74333.jpg\" data-link=\"https:\/\/site.ac-martinique.fr\/clg-louisdelgres\/?attachment_id=2253\" class=\"wp-image-2253\" srcset=\"https:\/\/site.ac-martinique.fr\/clg-louisdelgres\/wp-content\/uploads\/sites\/60\/2021\/04\/chefs-d-tablissement-que-faire-si-un-coll-gien-ou-un-lyc-en-est-susceptible-d-avoir-la-covid-19-74333.jpg 612w, https:\/\/site.ac-martinique.fr\/clg-louisdelgres\/wp-content\/uploads\/sites\/60\/2021\/04\/chefs-d-tablissement-que-faire-si-un-coll-gien-ou-un-lyc-en-est-susceptible-d-avoir-la-covid-19-74333-214x300.jpg 214w, https:\/\/site.ac-martinique.fr\/clg-louisdelgres\/wp-content\/uploads\/sites\/60\/2021\/04\/chefs-d-tablissement-que-faire-si-un-coll-gien-ou-un-lyc-en-est-susceptible-d-avoir-la-covid-19-74333-249x350.jpg 249w, https:\/\/site.ac-martinique.fr\/clg-louisdelgres\/wp-content\/uploads\/sites\/60\/2021\/04\/chefs-d-tablissement-que-faire-si-un-coll-gien-ou-un-lyc-en-est-susceptible-d-avoir-la-covid-19-74333-107x150.jpg 107w, https:\/\/site.ac-martinique.fr\/clg-louisdelgres\/wp-content\/uploads\/sites\/60\/2021\/04\/chefs-d-tablissement-que-faire-si-un-coll-gien-ou-un-lyc-en-est-susceptible-d-avoir-la-covid-19-74333-267x375.jpg 267w\" sizes=\"auto, (max-width: 612px) 100vw, 612px\" \/><\/a><\/figure><\/li><\/ul><\/figure>\n\n\n\n<div class=\"wp-block-image\"><figure class=\"aligncenter size-large\"><a href=\"#\"><img loading=\"lazy\" decoding=\"async\" width=\"522\" height=\"671\" src=\"https:\/\/site.ac-martinique.fr\/clg-louisdelgres\/wp-content\/uploads\/sites\/60\/2021\/04\/flyer-covid.png\" alt=\"\" class=\"wp-image-2247\" srcset=\"https:\/\/site.ac-martinique.fr\/clg-louisdelgres\/wp-content\/uploads\/sites\/60\/2021\/04\/flyer-covid.png 522w, https:\/\/site.ac-martinique.fr\/clg-louisdelgres\/wp-content\/uploads\/sites\/60\/2021\/04\/flyer-covid-233x300.png 233w, https:\/\/site.ac-martinique.fr\/clg-louisdelgres\/wp-content\/uploads\/sites\/60\/2021\/04\/flyer-covid-272x350.png 272w, https:\/\/site.ac-martinique.fr\/clg-louisdelgres\/wp-content\/uploads\/sites\/60\/2021\/04\/flyer-covid-117x150.png 117w, https:\/\/site.ac-martinique.fr\/clg-louisdelgres\/wp-content\/uploads\/sites\/60\/2021\/04\/flyer-covid-292x375.png 292w\" sizes=\"auto, (max-width: 522px) 100vw, 522px\" \/><\/a><\/figure><\/div>\n","protected":false},"excerpt":{"rendered":"<p>Vivre ensemble en prenant soin de soi et des autres Pour votre protection et celle des autres, il est essentiel de respecter les gestes barri\u00e8res Quels sont-ils? La distance physique Le lavage des mains Le port du masque Quelles sont les pr\u00e9cautions \u00e0 prendre avant de conduire son enfant \u00e0&#8230; <a class=\"continue-reading-link\" href=\"https:\/\/site.ac-martinique.fr\/clg-louisdelgres\/?page_id=2252\">lire<\/a><\/p>\n","protected":false},"author":148,"featured_media":0,"parent":0,"menu_order":0,"comment_status":"closed","ping_status":"closed","template":"","meta":{"footnotes":""},"class_list":["post-2252","page","type-page","status-publish","hentry"],"_links":{"self":[{"href":"https:\/\/site.ac-martinique.fr\/clg-louisdelgres\/index.php?rest_route=\/wp\/v2\/pages\/2252","targetHints":{"allow":["GET"]}}],"collection":[{"href":"https:\/\/site.ac-martinique.fr\/clg-louisdelgres\/index.php?rest_route=\/wp\/v2\/pages"}],"about":[{"href":"https:\/\/site.ac-martinique.fr\/clg-louisdelgres\/index.php?rest_route=\/wp\/v2\/types\/page"}],"author":[{"embeddable":true,"href":"https:\/\/site.ac-martinique.fr\/clg-louisdelgres\/index.php?rest_route=\/wp\/v2\/users\/148"}],"replies":[{"embeddable":true,"href":"https:\/\/site.ac-martinique.fr\/clg-louisdelgres\/index.php?rest_route=%2Fwp%2Fv2%2Fcomments&post=2252"}],"version-history":[{"count":18,"href":"https:\/\/site.ac-martinique.fr\/clg-louisdelgres\/index.php?rest_route=\/wp\/v2\/pages\/2252\/revisions"}],"predecessor-version":[{"id":2276,"href":"https:\/\/site.ac-martinique.fr\/clg-louisdelgres\/index.php?rest_route=\/wp\/v2\/pages\/2252\/revisions\/2276"}],"wp:attachment":[{"href":"https:\/\/site.ac-martinique.fr\/clg-louisdelgres\/index.php?rest_route=%2Fwp%2Fv2%2Fmedia&parent=2252"}],"curies":[{"name":"wp","href":"https:\/\/api.w.org\/{rel}","templated":true}]}}