{"id":44,"date":"2014-07-01T13:00:29","date_gmt":"2014-07-01T12:00:29","guid":{"rendered":"\/clg-louisdelgres\/?page_id=44"},"modified":"2021-03-25T16:51:33","modified_gmt":"2021-03-25T20:51:33","slug":"44-2","status":"publish","type":"page","link":"https:\/\/site.ac-martinique.fr\/clg-louisdelgres\/?page_id=44","title":{"rendered":"Le mot du Principal"},"content":{"rendered":"<h1 style=\"text-align: center;\"><b><i>LE COLLEGE LOUIS DELGRES ST PIERRE<\/i><\/b><\/h1>\n<h2 style=\"text-align: center;\"><i><span style=\"font-weight: 400; color: #ff0000;\">\u00ab\u00a0Un coll\u00e8ge d\u2019histoire dans une ville d\u2019Arts et d\u2019Histoire\u00a0\u00bb<\/span><\/i><\/h2>\n<p><span style=\"font-weight: 400;\">Le coll\u00e8ge Louis DELGRES de St Pierre accueille ses \u00e9l\u00e8ves dans une structure b\u00e2tie en 1957. L\u2019\u00e9tablissement est implant\u00e9 sur un site historique, qui f\u00fbt l\u2019h\u00f4tel de l\u2019intendance jusqu\u2019en 1817, puis la r\u00e9sidence du gouverneur pour ses s\u00e9jours sur la commune de SAINT-PIERRE. C\u2019est du haut des marches de l\u2019escalier d\u2019honneur \u00e9difi\u00e9 dans l\u2019\u00e9tablissement, que le gouverneur ROSTAULAN a promulgu\u00e9 et prononc\u00e9 le 23 mai 1848, un arr\u00eat\u00e9 signifiant l\u2019abolition imm\u00e9diate et d\u00e9finitive de l\u2019esclavage en Martinique.<\/span><\/p>\n<p style=\"text-align: left;\"><span style=\"font-weight: 400;\"> Le coll\u00e8ge est inscrit au r\u00e9seau \u00e9ducation prioritaire de l\u2019acad\u00e9mie comme REP+ depuis septembre 2015 et se maintient dans l\u2019\u00e9ducation prioritaire depuis 2000. Le coll\u00e8ge a b\u00e9n\u00e9fici\u00e9 en d\u00e9pit de ses 60 ans d\u2019existence, d\u2019un entretien r\u00e9gulier par les diff\u00e9rentes collectivit\u00e9s de tutelle qui lui permet d\u2019offrir aux \u00e9l\u00e8ves et aux personnels des conditions de vie et de travail acceptables et encore descentes. La totalit\u00e9 des salles donnent c\u00f4t\u00e9 mer, sur un jardin arbor\u00e9 qui lui conf\u00e8re un cadre champ\u00eatre appr\u00e9ci\u00e9 de tous les usagers. La taille de l\u2019\u00e9tablissement, le faible effectif des \u00e9l\u00e8ves (227 en 2019) et des personnels (<\/span><i><span style=\"font-weight: 400;\">moins de 300 personnes)<\/span><\/i><span style=\"font-weight: 400;\"> donne le sentiment d\u2019\u00e9voluer dans un \u00e9tablissement \u00e0 l\u2019\u00e9chelle humaine. Il dispose dans son offre de formation d\u2019un dispositif ULIS et d\u2019un dispositif EGPA.<\/span><\/p>\n<p style=\"text-align: center;\"><b><i>La structure p\u00e9dagogique du coll\u00e8ge<\/i><\/b><\/p>\n<p style=\"text-align: left;\"><span style=\"font-weight: 400;\">Pour le coll\u00e8ge et le dispositif ULIS, les \u00e9l\u00e8ves ULIS \u00e9tant inclus dans les divisions de l\u2019enseignement g\u00e9n\u00e9ral, elle se d\u00e9finit en 2019 comme suit\u00a0:<\/span><\/p>\n<p><span style=\"font-weight: 400;\">02 divisions en 6<\/span><span style=\"font-weight: 400;\">i\u00e8me,<\/span><span style=\"font-weight: 400;\"> \u00a0\u00a0<\/span><\/p>\n<p><span style=\"font-weight: 400;\">03 divisions de 5<\/span><span style=\"font-weight: 400;\">i\u00e8me<\/span><\/p>\n<p><span style=\"font-weight: 400;\">03 divisions de 4<\/span><span style=\"font-weight: 400;\">i\u00e8me <\/span><\/p>\n<p><span style=\"font-weight: 400;\">02 divisions de 3<\/span><span style=\"font-weight: 400;\">i\u00e8me<\/span><\/p>\n<p><span style=\"font-weight: 400;\">Soit 10 divisions pour le g\u00e9n\u00e9ral<\/span><\/p>\n<p><span style=\"font-weight: 400;\">Pour le dispositif EGPA, 02 divisions\u00a0:<\/span><\/p>\n<p><span style=\"font-weight: 400;\">01 divisons compos\u00e9e de 2 sous-divisions 6<\/span><span style=\"font-weight: 400;\">i\u00e8me<\/span><span style=\"font-weight: 400;\">-5<\/span><span style=\"font-weight: 400;\">i\u00e8me<\/span><span style=\"font-weight: 400;\"> \u00a0<\/span><\/p>\n<p><span style=\"font-weight: 400;\">01 division \u00a0compos\u00e9e de 2 sous-divisions 4<\/span><span style=\"font-weight: 400;\">i\u00e8me<\/span><span style=\"font-weight: 400;\">-3<\/span><span style=\"font-weight: 400;\">i\u00e8me<\/span><span style=\"font-weight: 400;\"> \u00a0<\/span><\/p>\n<p style=\"text-align: center;\"><b><i>Les moyens attrib\u00e9s pour le pilotage de l\u2019\u00e9tablissement.<\/i><\/b><\/p>\n<p><span style=\"font-weight: 400;\">Le coll\u00e8ge a \u00e9t\u00e9 dot\u00e9 pour l\u2019ann\u00e9e en cours d\u2019une dotation horaire globale de fonctionnement de 448 H, avec un H\/E (le nombre d\u2019heure par \u00e9l\u00e8ve) de 2,03.<\/span><\/p>\n<p><span style=\"font-weight: 400;\">Ces moyens permettront pour l\u2019ann\u00e9e scolaire en cours, de mener une politique p\u00e9dagogique ambitieuse et efficiente. Ils ont eu pour effet de proposer dans l\u2019offre p\u00e9dagogique et \u00e9ducative au b\u00e9n\u00e9fice des \u00e9l\u00e8ves et des familles, 14 projets port\u00e9s par les \u00e9quipes p\u00e9dagogiques dans le cadre des EPI et de l\u2019AP de m\u00eame que des diff\u00e9rents parcours dans la conformit\u00e9 des applications issues de la r\u00e9forme du coll\u00e8ge. <\/span><\/p>\n<p style=\"text-align: center;\"><em><strong>La Performance et r\u00e9sultats des \u00e9l\u00e8ves.<\/strong><\/em><\/p>\n<p><span style=\"font-weight: 400;\">Le taux de r\u00e9ussite au DNB pour la session de juin 2018 est de 90,9% au-dessus de la moyenne acad\u00e9mique qui se situe \u00e0 87,2% et le taux d\u2019acc\u00e8s des \u00e9l\u00e8ves en 2<\/span><span style=\"font-weight: 400;\">nd<\/span><span style=\"font-weight: 400;\"> G\u00e9n\u00e9ral et Technologique est de 62%.<\/span><\/p>\n<p><span style=\"font-weight: 400;\">Ce taux est le r\u00e9sultat d\u2019une politique d\u2019orientation convaincante qui a \u00e9t\u00e9 impuls\u00e9 pour susciter un acc\u00e8s plus important en 2<\/span><span style=\"font-weight: 400;\">nd<\/span><span style=\"font-weight: 400;\"> GT aupr\u00e8s des \u00e9l\u00e8ves et des familles. <\/span><\/p>\n<p style=\"text-align: center;\"><b><i>Les ressources humaines<\/i><\/b><b>.<\/b><\/p>\n<p><span style=\"font-weight: 400;\">A la rentr\u00e9e de septembre 2018, le coll\u00e8ge dispose pour son fonctionnement des ressources humaines suivantes\u00a0:<\/span><\/p>\n<ul>\n<li style=\"font-weight: 400;\"><span style=\"font-weight: 400;\">03 personnels de Direction\u00a0: 1 chef d\u2019\u00e9tablissement, une chef d\u2019\u00e9tablissement adjointe, une directrice EGPA, adjointe au chef d\u2019\u00e9tablissement.<\/span><\/li>\n<li style=\"font-weight: 400;\"><span style=\"font-weight: 400;\">23 professeurs<\/span><\/li>\n<li style=\"font-weight: 400;\"><span style=\"font-weight: 400;\">1 coordonatrice pour le dispositif ULIS, professeure sp\u00e9cialis\u00e9e du 1<\/span><span style=\"font-weight: 400;\">er<\/span><span style=\"font-weight: 400;\"> degr\u00e9<\/span><\/li>\n<li style=\"font-weight: 400;\"><span style=\"font-weight: 400;\">1 professeure Documentaliste<\/span><\/li>\n<li style=\"font-weight: 400;\"><span style=\"font-weight: 400;\">1 CPE<\/span><\/li>\n<li style=\"font-weight: 400;\"><span style=\"font-weight: 400;\">6 Assistants d\u2019\u00e9ducation en Vie scolaire, dont 1 AED AESH-CO pour l\u2019ULIS<\/span><\/li>\n<li style=\"font-weight: 400;\"><span style=\"font-weight: 400;\">3 contrats PEC en Vie scolaire<\/span><\/li>\n<li style=\"font-weight: 400;\"><span style=\"font-weight: 400;\">1 infirmi\u00e8re<\/span><\/li>\n<li style=\"font-weight: 400;\"><span style=\"font-weight: 400;\">1 m\u00e9decin scolaire sur le r\u00e9seau REP+ de ST PIERRE<\/span><\/li>\n<li style=\"font-weight: 400;\"><span style=\"font-weight: 400;\">1 Psychologue EN<\/span><\/li>\n<li style=\"font-weight: 400;\"><span style=\"font-weight: 400;\">1 secr\u00e9taire m\u00e9dicale sur le r\u00e9seau REP+ de ST PIERRE<\/span><\/li>\n<li style=\"font-weight: 400;\"><span style=\"font-weight: 400;\">1 Assistante sociale<\/span><\/li>\n<li style=\"font-weight: 400;\"><span style=\"font-weight: 400;\">1 adjointe gestionnaire<\/span><\/li>\n<li style=\"font-weight: 400;\"><span style=\"font-weight: 400;\">2 ADJANES (Gestion et Direction)<\/span><\/li>\n<li style=\"font-weight: 400;\"><span style=\"font-weight: 400;\">6 ATTE, agents de la collectivit\u00e9<\/span><\/li>\n<\/ul>\n<p>&nbsp;<\/p>\n<p><span style=\"font-weight: 400;\">Actuellement l\u2019\u00e9tablissement subit des travaux dans le cadre d\u2019un programme de r\u00e9novation mise en place en concertation et en accord avec la Collectivit\u00e9 Territoriale de la Martinique\u00a0:<\/span><\/p>\n<ul>\n<li style=\"font-weight: 400;\"><span style=\"font-weight: 400;\">Etude pour mur anti-bruit et protection acoustique du hall<\/span><\/li>\n<li style=\"font-weight: 400;\"><span style=\"font-weight: 400;\">R\u00e9novation compl\u00e8te de l\u2019\u00e9tablissement en travaux de peinture<\/span><\/li>\n<li style=\"font-weight: 400;\"><span style=\"font-weight: 400;\">Travaux d\u2019am\u00e9nagement d\u2019un sas s\u00e9curis\u00e9 de l\u2019entr\u00e9e du coll\u00e8ge<\/span><\/li>\n<li style=\"font-weight: 400;\"><span style=\"font-weight: 400;\">Climatisation de salles classes <\/span><\/li>\n<li style=\"font-weight: 400;\"><span style=\"font-weight: 400;\">Travaux de c\u00e2blage et d\u2019acc\u00e8s au haut d\u00e9bit <\/span><\/li>\n<li style=\"font-weight: 400;\"><span style=\"font-weight: 400;\">Climatisation et r\u00e9novation des salles de sciences<\/span><\/li>\n<li style=\"font-weight: 400;\"><span style=\"font-weight: 400;\">Mise en place d\u2019un service de restauration au coll\u00e8ge \u00e0 compter de la rentr\u00e9e de septembre 2019<\/span><\/li>\n<\/ul>\n<p><i><span style=\"font-weight: 400;\">F\u00e9lix PETIT<\/span><\/i><\/p>\n<p><span style=\"font-weight: 400;\">Principal du coll\u00e8ge Louis DELGRES<\/span><\/p>\n<p><span style=\"font-weight: 400;\">SAINT-PIERRE<\/span><\/p>\n","protected":false},"excerpt":{"rendered":"<p>LE COLLEGE LOUIS DELGRES ST PIERRE \u00ab\u00a0Un coll\u00e8ge d\u2019histoire dans une ville d\u2019Arts et d\u2019Histoire\u00a0\u00bb Le coll\u00e8ge Louis DELGRES de St Pierre accueille ses \u00e9l\u00e8ves dans une structure b\u00e2tie en 1957. L\u2019\u00e9tablissement est implant\u00e9 sur un site historique, qui f\u00fbt l\u2019h\u00f4tel de l\u2019intendance jusqu\u2019en 1817, puis la r\u00e9sidence du gouverneur&#8230; <a class=\"continue-reading-link\" href=\"https:\/\/site.ac-martinique.fr\/clg-louisdelgres\/?page_id=44\">lire<\/a><\/p>\n","protected":false},"author":149,"featured_media":0,"parent":0,"menu_order":0,"comment_status":"closed","ping_status":"open","template":"","meta":{"footnotes":""},"class_list":["post-44","page","type-page","status-publish","hentry"],"_links":{"self":[{"href":"https:\/\/site.ac-martinique.fr\/clg-louisdelgres\/index.php?rest_route=\/wp\/v2\/pages\/44","targetHints":{"allow":["GET"]}}],"collection":[{"href":"https:\/\/site.ac-martinique.fr\/clg-louisdelgres\/index.php?rest_route=\/wp\/v2\/pages"}],"about":[{"href":"https:\/\/site.ac-martinique.fr\/clg-louisdelgres\/index.php?rest_route=\/wp\/v2\/types\/page"}],"author":[{"embeddable":true,"href":"https:\/\/site.ac-martinique.fr\/clg-louisdelgres\/index.php?rest_route=\/wp\/v2\/users\/149"}],"replies":[{"embeddable":true,"href":"https:\/\/site.ac-martinique.fr\/clg-louisdelgres\/index.php?rest_route=%2Fwp%2Fv2%2Fcomments&post=44"}],"version-history":[{"count":17,"href":"https:\/\/site.ac-martinique.fr\/clg-louisdelgres\/index.php?rest_route=\/wp\/v2\/pages\/44\/revisions"}],"predecessor-version":[{"id":1446,"href":"https:\/\/site.ac-martinique.fr\/clg-louisdelgres\/index.php?rest_route=\/wp\/v2\/pages\/44\/revisions\/1446"}],"wp:attachment":[{"href":"https:\/\/site.ac-martinique.fr\/clg-louisdelgres\/index.php?rest_route=%2Fwp%2Fv2%2Fmedia&parent=44"}],"curies":[{"name":"wp","href":"https:\/\/api.w.org\/{rel}","templated":true}]}}