{"id":4849,"date":"2026-01-24T10:17:27","date_gmt":"2026-01-24T14:17:27","guid":{"rendered":"https:\/\/site.ac-martinique.fr\/clg-mornedesesses\/?page_id=4849"},"modified":"2026-01-24T10:22:10","modified_gmt":"2026-01-24T14:22:10","slug":"erasmus-days","status":"publish","type":"page","link":"https:\/\/site.ac-martinique.fr\/clg-mornedesesses\/?page_id=4849","title":{"rendered":"Erasmus days"},"content":{"rendered":"\n<figure class=\"wp-block-image size-large\"><img loading=\"lazy\" decoding=\"async\" width=\"1024\" height=\"768\" src=\"https:\/\/site.ac-martinique.fr\/clg-mornedesesses\/wp-content\/uploads\/sites\/61\/2026\/01\/WhatsApp-Image-2026-01-24-at-10.18.48-1024x768.jpeg\" alt=\"\" class=\"wp-image-4851\" srcset=\"https:\/\/site.ac-martinique.fr\/clg-mornedesesses\/wp-content\/uploads\/sites\/61\/2026\/01\/WhatsApp-Image-2026-01-24-at-10.18.48-1024x768.jpeg 1024w, https:\/\/site.ac-martinique.fr\/clg-mornedesesses\/wp-content\/uploads\/sites\/61\/2026\/01\/WhatsApp-Image-2026-01-24-at-10.18.48-300x225.jpeg 300w, https:\/\/site.ac-martinique.fr\/clg-mornedesesses\/wp-content\/uploads\/sites\/61\/2026\/01\/WhatsApp-Image-2026-01-24-at-10.18.48-768x576.jpeg 768w, https:\/\/site.ac-martinique.fr\/clg-mornedesesses\/wp-content\/uploads\/sites\/61\/2026\/01\/WhatsApp-Image-2026-01-24-at-10.18.48.jpeg 1280w\" sizes=\"auto, (max-width: 1024px) 100vw, 1024px\" \/><\/figure>\n\n\n\n<p>La journ\u00e9e acad\u00e9mique des Erasmus Days, le 16 octobre 2025 \u00e0 l\u2019IMS. Nos 5 \u00e9l\u00e8ves de 4\u00e8me B ont su pr\u00e9senter nos projets brillamment.<\/p>\n\n\n\n<figure class=\"wp-block-image size-large\"><img loading=\"lazy\" decoding=\"async\" width=\"1024\" height=\"848\" src=\"https:\/\/site.ac-martinique.fr\/clg-mornedesesses\/wp-content\/uploads\/sites\/61\/2026\/01\/WhatsApp-Image-2026-01-24-at-10.18.48-1-1024x848.jpeg\" alt=\"\" class=\"wp-image-4854\" srcset=\"https:\/\/site.ac-martinique.fr\/clg-mornedesesses\/wp-content\/uploads\/sites\/61\/2026\/01\/WhatsApp-Image-2026-01-24-at-10.18.48-1-1024x848.jpeg 1024w, https:\/\/site.ac-martinique.fr\/clg-mornedesesses\/wp-content\/uploads\/sites\/61\/2026\/01\/WhatsApp-Image-2026-01-24-at-10.18.48-1-300x248.jpeg 300w, https:\/\/site.ac-martinique.fr\/clg-mornedesesses\/wp-content\/uploads\/sites\/61\/2026\/01\/WhatsApp-Image-2026-01-24-at-10.18.48-1-768x636.jpeg 768w, https:\/\/site.ac-martinique.fr\/clg-mornedesesses\/wp-content\/uploads\/sites\/61\/2026\/01\/WhatsApp-Image-2026-01-24-at-10.18.48-1.jpeg 1080w\" sizes=\"auto, (max-width: 1024px) 100vw, 1024px\" \/><\/figure>\n\n\n\n<p>Erasmus days<br>Merci Mme Mourain d\u2019avoir c\u00e9l\u00e9br\u00e9 l\u2019Europe en musique.<\/p>\n\n\n\n<figure class=\"wp-block-image size-large\"><img loading=\"lazy\" decoding=\"async\" width=\"1024\" height=\"768\" src=\"https:\/\/site.ac-martinique.fr\/clg-mornedesesses\/wp-content\/uploads\/sites\/61\/2026\/01\/WhatsApp-Image-2026-01-24-at-10.18.48-2-1024x768.jpeg\" alt=\"\" class=\"wp-image-4855\" srcset=\"https:\/\/site.ac-martinique.fr\/clg-mornedesesses\/wp-content\/uploads\/sites\/61\/2026\/01\/WhatsApp-Image-2026-01-24-at-10.18.48-2-1024x768.jpeg 1024w, https:\/\/site.ac-martinique.fr\/clg-mornedesesses\/wp-content\/uploads\/sites\/61\/2026\/01\/WhatsApp-Image-2026-01-24-at-10.18.48-2-300x225.jpeg 300w, https:\/\/site.ac-martinique.fr\/clg-mornedesesses\/wp-content\/uploads\/sites\/61\/2026\/01\/WhatsApp-Image-2026-01-24-at-10.18.48-2-768x576.jpeg 768w, https:\/\/site.ac-martinique.fr\/clg-mornedesesses\/wp-content\/uploads\/sites\/61\/2026\/01\/WhatsApp-Image-2026-01-24-at-10.18.48-2-1536x1152.jpeg 1536w, https:\/\/site.ac-martinique.fr\/clg-mornedesesses\/wp-content\/uploads\/sites\/61\/2026\/01\/WhatsApp-Image-2026-01-24-at-10.18.48-2.jpeg 1600w\" sizes=\"auto, (max-width: 1024px) 100vw, 1024px\" \/><\/figure>\n\n\n\n<p>Nous recevons \u00e9galement ce jour le label EUROSCOL pour l\u2019engagement de notre \u00e9tablissement dans l\u2019ouverture internationale.<\/p>\n","protected":false},"excerpt":{"rendered":"<p>La journ\u00e9e acad\u00e9mique des Erasmus Days, le 16 octobre 2025 \u00e0 l\u2019IMS. Nos 5 \u00e9l\u00e8ves de 4\u00e8me B ont su pr\u00e9senter nos projets brillamment. Erasmus daysMerci Mme Mourain d\u2019avoir c\u00e9l\u00e9br\u00e9 l\u2019Europe en musique. Nous recevons \u00e9galement ce jour le label &hellip; <a href=\"https:\/\/site.ac-martinique.fr\/clg-mornedesesses\/?page_id=4849\">Continuer la lecture <span class=\"meta-nav\">&rarr;<\/span><\/a><\/p>\n","protected":false},"author":150,"featured_media":0,"parent":4829,"menu_order":0,"comment_status":"closed","ping_status":"closed","template":"","meta":{"footnotes":""},"class_list":["post-4849","page","type-page","status-publish","hentry"],"_links":{"self":[{"href":"https:\/\/site.ac-martinique.fr\/clg-mornedesesses\/index.php?rest_route=\/wp\/v2\/pages\/4849","targetHints":{"allow":["GET"]}}],"collection":[{"href":"https:\/\/site.ac-martinique.fr\/clg-mornedesesses\/index.php?rest_route=\/wp\/v2\/pages"}],"about":[{"href":"https:\/\/site.ac-martinique.fr\/clg-mornedesesses\/index.php?rest_route=\/wp\/v2\/types\/page"}],"author":[{"embeddable":true,"href":"https:\/\/site.ac-martinique.fr\/clg-mornedesesses\/index.php?rest_route=\/wp\/v2\/users\/150"}],"replies":[{"embeddable":true,"href":"https:\/\/site.ac-martinique.fr\/clg-mornedesesses\/index.php?rest_route=%2Fwp%2Fv2%2Fcomments&post=4849"}],"version-history":[{"count":3,"href":"https:\/\/site.ac-martinique.fr\/clg-mornedesesses\/index.php?rest_route=\/wp\/v2\/pages\/4849\/revisions"}],"predecessor-version":[{"id":4856,"href":"https:\/\/site.ac-martinique.fr\/clg-mornedesesses\/index.php?rest_route=\/wp\/v2\/pages\/4849\/revisions\/4856"}],"up":[{"embeddable":true,"href":"https:\/\/site.ac-martinique.fr\/clg-mornedesesses\/index.php?rest_route=\/wp\/v2\/pages\/4829"}],"wp:attachment":[{"href":"https:\/\/site.ac-martinique.fr\/clg-mornedesesses\/index.php?rest_route=%2Fwp%2Fv2%2Fmedia&parent=4849"}],"curies":[{"name":"wp","href":"https:\/\/api.w.org\/{rel}","templated":true}]}}

<figure class="wp-block-image size-large"><img loading="lazy" decoding="async" width="1024" height="768" src="https://site.ac-martinique.fr/clg-mornedesesses/wp-content/uploads/sites/61/2026/01/WhatsApp-Image-2026-01-24-at-10.18.48-1024x768.jpeg" alt="" class="wp-image-4851" srcset="https://site.ac-martinique.fr/clg-mornedesesses/wp-content/uploads/sites/61/2026/01/WhatsApp-Image-2026-01-24-at-10.18.48-1024x768.jpeg 1024w, https://site.ac-martinique.fr/clg-mornedesesses/wp-content/uploads/sites/61/2026/01/WhatsApp-Image-2026-01-24-at-10.18.48-300x225.jpeg 300w, https://site.ac-martinique.fr/clg-mornedesesses/wp-content/uploads/sites/61/2026/01/WhatsApp-Image-2026-01-24-at-10.18.48-768x576.jpeg 768w, https://site.ac-martinique.fr/clg-mornedesesses/wp-content/uploads/sites/61/2026/01/WhatsApp-Image-2026-01-24-at-10.18.48.jpeg 1280w" sizes="auto, (max-width: 1024px) 100vw, 1024px" /></figure>



<p>La journée académique des Erasmus Days, le 16 octobre 2025 à l’IMS. Nos 5 élèves de 4ème B ont su présenter nos projets brillamment.</p>



<figure class="wp-block-image size-large"><img loading="lazy" decoding="async" width="1024" height="848" src="https://site.ac-martinique.fr/clg-mornedesesses/wp-content/uploads/sites/61/2026/01/WhatsApp-Image-2026-01-24-at-10.18.48-1-1024x848.jpeg" alt="" class="wp-image-4854" srcset="https://site.ac-martinique.fr/clg-mornedesesses/wp-content/uploads/sites/61/2026/01/WhatsApp-Image-2026-01-24-at-10.18.48-1-1024x848.jpeg 1024w, https://site.ac-martinique.fr/clg-mornedesesses/wp-content/uploads/sites/61/2026/01/WhatsApp-Image-2026-01-24-at-10.18.48-1-300x248.jpeg 300w, https://site.ac-martinique.fr/clg-mornedesesses/wp-content/uploads/sites/61/2026/01/WhatsApp-Image-2026-01-24-at-10.18.48-1-768x636.jpeg 768w, https://site.ac-martinique.fr/clg-mornedesesses/wp-content/uploads/sites/61/2026/01/WhatsApp-Image-2026-01-24-at-10.18.48-1.jpeg 1080w" sizes="auto, (max-width: 1024px) 100vw, 1024px" /></figure>



<p>Erasmus days<br>Merci Mme Mourain d’avoir célébré l’Europe en musique.</p>



<figure class="wp-block-image size-large"><img loading="lazy" decoding="async" width="1024" height="768" src="https://site.ac-martinique.fr/clg-mornedesesses/wp-content/uploads/sites/61/2026/01/WhatsApp-Image-2026-01-24-at-10.18.48-2-1024x768.jpeg" alt="" class="wp-image-4855" srcset="https://site.ac-martinique.fr/clg-mornedesesses/wp-content/uploads/sites/61/2026/01/WhatsApp-Image-2026-01-24-at-10.18.48-2-1024x768.jpeg 1024w, https://site.ac-martinique.fr/clg-mornedesesses/wp-content/uploads/sites/61/2026/01/WhatsApp-Image-2026-01-24-at-10.18.48-2-300x225.jpeg 300w, https://site.ac-martinique.fr/clg-mornedesesses/wp-content/uploads/sites/61/2026/01/WhatsApp-Image-2026-01-24-at-10.18.48-2-768x576.jpeg 768w, https://site.ac-martinique.fr/clg-mornedesesses/wp-content/uploads/sites/61/2026/01/WhatsApp-Image-2026-01-24-at-10.18.48-2-1536x1152.jpeg 1536w, https://site.ac-martinique.fr/clg-mornedesesses/wp-content/uploads/sites/61/2026/01/WhatsApp-Image-2026-01-24-at-10.18.48-2.jpeg 1600w" sizes="auto, (max-width: 1024px) 100vw, 1024px" /></figure>



<p>Nous recevons également ce jour le label EUROSCOL pour l’engagement de notre établissement dans l’ouverture internationale.</p>

<p>La journée académique des Erasmus Days, le 16 octobre 2025 à l’IMS. Nos 5 élèves de 4ème B ont su présenter nos projets brillamment. Erasmus daysMerci Mme Mourain d’avoir célébré l’Europe en musique. Nous recevons également ce jour le label &hellip; <a href="https://site.ac-martinique.fr/clg-mornedesesses/?page_id=4849">Continuer la lecture <span class="meta-nav">&rarr;</span></a></p>
