{"id":2962,"date":"2025-09-09T20:16:09","date_gmt":"2025-09-09T18:16:09","guid":{"rendered":"https:\/\/site.ac-martinique.fr\/clg-paulsymphor\/?page_id=2962"},"modified":"2025-09-09T20:19:43","modified_gmt":"2025-09-09T18:19:43","slug":"octobre-rose","status":"publish","type":"page","link":"https:\/\/site.ac-martinique.fr\/clg-paulsymphor\/parcours-citoyen\/octobre-rose\/","title":{"rendered":"OCTOBRE ROSE"},"content":{"rendered":"\n<div class=\"wp-block-group\"><div class=\"wp-block-group__inner-container is-layout-flow wp-block-group-is-layout-flow\"><ul class=\"wp-block-latest-posts__list has-dates tw-mt-8 is-style-tw-posts-border tw-img-ratio-3-2 tw-heading-size-medium tw-stretched-link tw-hide-more-link wp-block-latest-posts\"><li><a class=\"wp-block-latest-posts__post-title\" href=\"https:\/\/site.ac-martinique.fr\/clg-paulsymphor\/2023\/11\/06\/jounen-oktob-woz\/\">Jounen Oktob Woz<\/a><time datetime=\"2023-11-06T14:42:09+01:00\" class=\"wp-block-latest-posts__post-date\">6 novembre 2023<\/time><div class=\"wp-block-latest-posts__post-excerpt\">Le vendredi 20 Octobre 2023 A travers cette demi-journ\u00e9e, nous avons voulu sensibiliser les \u00e9l\u00e8ves et la communaut\u00e9 \u00e9ducative au\u2026 <a class=\"wp-block-latest-posts__read-more\" href=\"https:\/\/site.ac-martinique.fr\/clg-paulsymphor\/2023\/11\/06\/jounen-oktob-woz\/\" rel=\"noopener noreferrer\">Lire la suite<span class=\"screen-reader-text\">\u00a0: Jounen Oktob Woz<\/span><\/a><\/div><\/li>\n<li><a class=\"wp-block-latest-posts__post-title\" href=\"https:\/\/site.ac-martinique.fr\/clg-paulsymphor\/2022\/10\/19\/manifestation-doctobre-rose\/\">Manifestation d\u2019Octobre Rose<\/a><time datetime=\"2022-10-19T18:57:01+02:00\" class=\"wp-block-latest-posts__post-date\">19 octobre 2022<\/time><div class=\"wp-block-latest-posts__post-excerpt\">Les objectifs de cette manifestation \u00e9taient de sensibiliser les \u00e9l\u00e8ves ainsi que la communaut\u00e9 scolaire au d\u00e9pistage du cancer du\u2026 <a class=\"wp-block-latest-posts__read-more\" href=\"https:\/\/site.ac-martinique.fr\/clg-paulsymphor\/2022\/10\/19\/manifestation-doctobre-rose\/\" rel=\"noopener noreferrer\">Lire la suite<span class=\"screen-reader-text\">\u00a0: Manifestation d\u2019Octobre Rose<\/span><\/a><\/div><\/li>\n<li><a class=\"wp-block-latest-posts__post-title\" href=\"https:\/\/site.ac-martinique.fr\/clg-paulsymphor\/2022\/10\/07\/octobre-rose-un-ruban-qui-nous-unit-tous\/\">Octobre Rose \u00ab\u00a0UN RUBAN QUI NOUS UNIT TOUS\u00a0\u00bb<\/a><time datetime=\"2022-10-07T14:40:12+02:00\" class=\"wp-block-latest-posts__post-date\">7 octobre 2022<\/time><div class=\"wp-block-latest-posts__post-excerpt\"><\/div><\/li>\n<li><a class=\"wp-block-latest-posts__post-title\" href=\"https:\/\/site.ac-martinique.fr\/clg-paulsymphor\/2024\/10\/30\/octobre-rose-2024\/\">Octobre Rose 2024<\/a><time datetime=\"2024-10-30T15:23:32+01:00\" class=\"wp-block-latest-posts__post-date\">30 octobre 2024<\/time><div class=\"wp-block-latest-posts__post-excerpt\">Les \u00e9l\u00e8ves de la classe de 4e2 ont souhait\u00e9 effectuer une action dans le cadre d&rsquo;Octobre Rose avec l&rsquo;aide de\u2026 <a class=\"wp-block-latest-posts__read-more\" href=\"https:\/\/site.ac-martinique.fr\/clg-paulsymphor\/2024\/10\/30\/octobre-rose-2024\/\" rel=\"noopener noreferrer\">Lire la suite<span class=\"screen-reader-text\">\u00a0: Octobre Rose 2024<\/span><\/a><\/div><\/li>\n<\/ul><\/div><\/div>\n","protected":false},"excerpt":{"rendered":"","protected":false},"author":207,"featured_media":0,"parent":2958,"menu_order":0,"comment_status":"closed","ping_status":"closed","template":"","meta":{"footnotes":""},"class_list":["post-2962","page","type-page","status-publish","hentry"],"_links":{"self":[{"href":"https:\/\/site.ac-martinique.fr\/clg-paulsymphor\/wp-json\/wp\/v2\/pages\/2962","targetHints":{"allow":["GET"]}}],"collection":[{"href":"https:\/\/site.ac-martinique.fr\/clg-paulsymphor\/wp-json\/wp\/v2\/pages"}],"about":[{"href":"https:\/\/site.ac-martinique.fr\/clg-paulsymphor\/wp-json\/wp\/v2\/types\/page"}],"author":[{"embeddable":true,"href":"https:\/\/site.ac-martinique.fr\/clg-paulsymphor\/wp-json\/wp\/v2\/users\/207"}],"replies":[{"embeddable":true,"href":"https:\/\/site.ac-martinique.fr\/clg-paulsymphor\/wp-json\/wp\/v2\/comments?post=2962"}],"version-history":[{"count":6,"href":"https:\/\/site.ac-martinique.fr\/clg-paulsymphor\/wp-json\/wp\/v2\/pages\/2962\/revisions"}],"predecessor-version":[{"id":2968,"href":"https:\/\/site.ac-martinique.fr\/clg-paulsymphor\/wp-json\/wp\/v2\/pages\/2962\/revisions\/2968"}],"up":[{"embeddable":true,"href":"https:\/\/site.ac-martinique.fr\/clg-paulsymphor\/wp-json\/wp\/v2\/pages\/2958"}],"wp:attachment":[{"href":"https:\/\/site.ac-martinique.fr\/clg-paulsymphor\/wp-json\/wp\/v2\/media?parent=2962"}],"curies":[{"name":"wp","href":"https:\/\/api.w.org\/{rel}","templated":true}]}}