{"id":381,"date":"2024-05-23T11:28:13","date_gmt":"2024-05-23T15:28:13","guid":{"rendered":"http:\/\/college-francois-auguste-perrinon.local\/?page_id=381"},"modified":"2025-08-19T08:45:24","modified_gmt":"2025-08-19T12:45:24","slug":"maitrise-des-t-i-c-e","status":"publish","type":"page","link":"https:\/\/site.ac-martinique.fr\/clg-perrinon\/c-d-i\/maitrise-des-t-i-c-e\/","title":{"rendered":"Ma\u00eetrise des T.I.C.E"},"content":{"rendered":"<div class=\"wp-block-image\">\n<figure class=\"aligncenter size-full is-resized\"><a href=\"https:\/\/9720010d.esidoc.fr\/\" target=\"_blank\" rel=\" noreferrer noopener\"><img loading=\"lazy\" decoding=\"async\" width=\"302\" height=\"167\" src=\"https:\/\/site.ac-martinique.fr\/clg-perrinon2\/wp-content\/uploads\/sites\/146\/2025\/08\/esidoc-2.png\" alt=\"\" class=\"wp-image-632\" style=\"width:182px;height:auto\" srcset=\"https:\/\/site.ac-martinique.fr\/clg-perrinon\/wp-content\/uploads\/sites\/146\/2025\/08\/esidoc-2.png 302w, https:\/\/site.ac-martinique.fr\/clg-perrinon\/wp-content\/uploads\/sites\/146\/2025\/08\/esidoc-2-300x166.png 300w\" sizes=\"auto, (max-width: 302px) 100vw, 302px\" \/><\/a><\/figure>\n<\/div>\n\n\n<h3 class=\"wp-block-heading has-text-align-center\">Formation des \u00e9l\u00e8ves \u00e0 la ma\u00eetrise des techniques d\u2019utilisation de l\u2019information et de la communication<\/h3>\n\n\n\n<p><strong><u>Ob<\/u><\/strong><strong>j<u>ectifs :<\/u><\/strong><\/p>\n\n\n\n<ul class=\"wp-block-list\">\n<li>Apprendre aux \u00e9l\u00e8ves \u00e0 devenir progressivement autonomes dans la recherche et l\u2019exploitation des informations.<\/li>\n<\/ul>\n\n\n\n<p><strong><u>Outils utilis\u00e9s :<\/u><\/strong><\/p>\n\n\n\n<ul class=\"wp-block-list\">\n<li>Logiciel B.C.D.I.<\/li>\n\n\n\n<li>Logiciel F.R.E.D.I (Formation \u00e0 la Recherche de Documentation et d\u2019Information).<\/li>\n\n\n\n<li>Fonds documentaire du C.D.I Internet.<\/li>\n<\/ul>\n\n\n\n<p><strong><u>Or<\/u><\/strong><strong>g<u>anisation :<\/u><\/strong><\/p>\n\n\n\n<ul class=\"wp-block-list\">\n<li>Les \u00e9l\u00e8ves de 6<sup>\u00e8me<\/sup> et de 6<sup>\u00e8me<\/sup> S.E.G.P.A b\u00e9n\u00e9ficient d\u2019une formation \u00e0 la recherche documentaire, dispens\u00e9e par la documentaliste, \u00e0 raison d\u2019une heure par semaine, en demi classe.<\/li>\n<\/ul>\n\n\n\n<p><strong><u>Activit\u00e9s :<\/u><\/strong><\/p>\n\n\n\n<ul class=\"wp-block-list\">\n<li>Le C.D.I : Mode d\u2019emploi (se rep\u00e9rer au C.D.I et conna\u00eetre les diff\u00e9rentes ressources) &#8211; Le livre de fiction (d\u00e9couverte du lexique sp\u00e9cifique du livre, des collections de litt\u00e9rature jeunesse).<\/li>\n\n\n\n<li>Le mode de classement des livres documentaires, les outils (lexique, index, table des mati\u00e8res) &#8211; L\u2019utilisation du logiciel B.C.D.I &#8211; Chercher, rep\u00e9rer les informations pertinentes avec Internet.<\/li>\n<\/ul>\n\n\n\n<p>Toutes les classes de 4<sup>\u00e8me<\/sup> disposent de 2 s\u00e9ances d\u2019orientation (projet personnel de l\u2019\u00e9l\u00e8ve).<\/p>\n\n\n\n<p>La section U.P.I a deux s\u00e9ances par semaine au C.D.I.<\/p>\n","protected":false},"excerpt":{"rendered":"<p>Formation des \u00e9l\u00e8ves \u00e0 la ma\u00eetrise des techniques d\u2019utilisation de l\u2019information et de la communication Objectifs : Outils utilis\u00e9s : Organisation : Activit\u00e9s : Toutes les classes de 4\u00e8me disposent de 2 s\u00e9ances d\u2019orientation (projet personnel de l\u2019\u00e9l\u00e8ve). La section U.P.I a deux s\u00e9ances par semaine au C.D.I.<\/p>\n","protected":false},"author":72,"featured_media":0,"parent":29,"menu_order":2,"comment_status":"closed","ping_status":"closed","template":"","meta":{"footnotes":""},"class_list":["post-381","page","type-page","status-publish","hentry"],"_links":{"self":[{"href":"https:\/\/site.ac-martinique.fr\/clg-perrinon\/wp-json\/wp\/v2\/pages\/381","targetHints":{"allow":["GET"]}}],"collection":[{"href":"https:\/\/site.ac-martinique.fr\/clg-perrinon\/wp-json\/wp\/v2\/pages"}],"about":[{"href":"https:\/\/site.ac-martinique.fr\/clg-perrinon\/wp-json\/wp\/v2\/types\/page"}],"author":[{"embeddable":true,"href":"https:\/\/site.ac-martinique.fr\/clg-perrinon\/wp-json\/wp\/v2\/users\/72"}],"replies":[{"embeddable":true,"href":"https:\/\/site.ac-martinique.fr\/clg-perrinon\/wp-json\/wp\/v2\/comments?post=381"}],"version-history":[{"count":3,"href":"https:\/\/site.ac-martinique.fr\/clg-perrinon\/wp-json\/wp\/v2\/pages\/381\/revisions"}],"predecessor-version":[{"id":636,"href":"https:\/\/site.ac-martinique.fr\/clg-perrinon\/wp-json\/wp\/v2\/pages\/381\/revisions\/636"}],"up":[{"embeddable":true,"href":"https:\/\/site.ac-martinique.fr\/clg-perrinon\/wp-json\/wp\/v2\/pages\/29"}],"wp:attachment":[{"href":"https:\/\/site.ac-martinique.fr\/clg-perrinon\/wp-json\/wp\/v2\/media?parent=381"}],"curies":[{"name":"wp","href":"https:\/\/api.w.org\/{rel}","templated":true}]}}